000
CXUS53 KBIS 010830
CF6BIS
PRELIMINARY LOCAL CLIMATOLOGICAL DATA (WS FORM: F-6)
STATION: BISMARCK ND
MONTH: JUNE
YEAR: 2023
LATITUDE: 46 46 N
LONGITUDE: 100 45 W
TEMPERATURE IN F: :PCPN: SNOW: WIND :SUNSHINE: SKY :PK WND
================================================================================
1 2 3 4 5 6A 6B 7 8 9 10 11 12 13 14 15 16 17 18
12Z AVG MX 2MIN
DY MAX MIN AVG DEP HDD CDD WTR SNW DPTH SPD SPD DIR MIN PSBL S-S WX SPD DR
================================================================================
1 89 54 72 11 0 7 T 0.0 0 7.5 25 160 M M 1 13 34 160
2 88 62 75 13 0 10 0.02 0.0 0 8.1 21 170 M M 2 29 160
3 89 61 75 13 0 10 0.00 0.0 0 8.9 22 170 M M 1 35 160
4 92 64 78 16 0 13 T 0.0 0 6.2 24 70 M M 2 13 34 70
5 89 61 75 12 0 10 T 0.0 0 4.1 14 140 M M 1 1 19 170
6 93 61 77 14 0 12 0.00 0.0 0 5.0 15 170 M M 0 24 180
7 95 63 79 16 0 14 0.00 0.0 0 4.4 12 150 M M 0 8 16 160
8 93 62 78 14 0 13 0.01 0.0 0 7.6 31 350 M M 2 138 41 350
9 85 63 74 10 0 9 0.68 0.0 0 6.9 17 150 M M 4 13 26 280
10 73 54 64 0 1 0 0.00 0.0 0 13.3 22 60 M M 3 32 50
11 75 47 61 -3 4 0 0.00 0.0 0 4.5 12 90 M M 0 19 100
12 83 47 65 0 0 0 0.00 0.0 0 4.7 15 280 M M 0 20 320
13 86 52 69 4 0 4 0.00 0.0 0 6.3 15 50 M M 1 23 30
14 88 52 70 5 0 5 0.00 0.0 0 8.0 18 160 M M 0 8 26 160
15 84 57 71 6 0 6 0.12 0.0 0 10.3 22 350 M M 3 138 31 350
16 68 56 62 -4 3 0 0.53 0.0 0 8.5 23 300 M M 10 13 33 290
17 79 52 66 0 0 1 0.00 0.0 0 3.6 14 260 M M 2 18 18 260
18 87 53 70 4 0 5 0.00 0.0 0 8.3 21 150 M M 0 31 110
19 89 66 78 12 0 13 T 0.0 0 6.5 18 120 M M 1 31 130
20 96 66 81 14 0 16 0.52 0.0 0 11.3 30 200 M M 2 3 45 180
21 77 63 70 3 0 5 0.04 0.0 0 9.3 17 40 M M 5 3 23 30
22 69 59 64 -3 1 0 0.39 0.0 0 8.4 30 300 M M 9 13 47 290
23 66 59 63 -4 2 0 0.45 0.0 0 10.5 21 80 M M 9 1 28 80
24 62 58 60 -8 5 0 1.72 0.0 0 15.1 31 360 M M 10 1 48 340
25 80 58 69 1 0 4 T 0.0 0 10.8 20 330 M M 1 28 320
26 83 53 68 0 0 3 0.00 0.0 0 4.9 15 180 M M 1 19 180
27 84 63 74 6 0 9 0.00 0.0 0 8.6 21 150 M M 3 26 150
28 87 59 73 5 0 8 T 0.0 0 5.9 18 290 M M 3 12 26 310
29 84 60 72 3 0 7 0.00 0.0 0 6.2 16 320 M M 0 26 320
30 86 59 73 4 0 8 0.08 0.0 0 4.3 18 220 M M 2 3 25 220
================================================================================
SM 2499 1744 16 192 4.56 0.0 228.0 M 78
================================================================================
AV 83.3 58.1 7.6 FASTST M M 3 MAX(MPH)
MISC ----> # 31 350 48 340
================================================================================
NOTES:
# LAST OF SEVERAL OCCURRENCES
COLUMN 17 PEAK WIND IN M.P.H.
PRELIMINARY LOCAL CLIMATOLOGICAL DATA (WS FORM: F-6) , PAGE 2
STATION: BISMARCK ND
MONTH: JUNE
YEAR: 2023
LATITUDE: 46 46 N
LONGITUDE: 100 45 W
[TEMPERATURE DATA] [PRECIPITATION DATA] SYMBOLS USED IN COLUMN 16
AVERAGE MONTHLY: 70.7 TOTAL FOR MONTH: 4.56 1 = FOG OR MIST
DPTR FM NORMAL: 5.3 DPTR FM NORMAL: 1.20 2 = FOG REDUCING VISIBILITY
HIGHEST: 96 ON 20 GRTST 24HR 1.72 ON 24-24 TO 1/4 MILE OR LESS
LOWEST: 47 ON 12,11 3 = THUNDER
SNOW, ICE PELLETS, HAIL 4 = ICE PELLETS
TOTAL MONTH: 0.0 INCH 5 = HAIL
GRTST 24HR 0.0 6 = FREEZING RAIN OR DRIZZLE
GRTST DEPTH: 0 7 = DUSTSTORM OR SANDSTORM:
VSBY 1/2 MILE OR LESS
8 = SMOKE OR HAZE
[NO. OF DAYS WITH] [WEATHER - DAYS WITH] 9 = BLOWING SNOW
X = TORNADO
MAX 32 OR BELOW: 0 0.01 INCH OR MORE: 11
MAX 90 OR ABOVE: 5 0.10 INCH OR MORE: 7
MIN 32 OR BELOW: 0 0.50 INCH OR MORE: 4
MIN 0 OR BELOW: 0 1.00 INCH OR MORE: 1
[HDD (BASE 65) ]
TOTAL THIS MO. 16 CLEAR (SCALE 0-3) 23
DPTR FM NORMAL -61 PTCLDY (SCALE 4-7) 3
TOTAL FM JUL 1 9111 CLOUDY (SCALE 8-10) 4
DPTR FM NORMAL 641
[CDD (BASE 65) ]
TOTAL THIS MO. 192
DPTR FM NORMAL 104 [PRESSURE DATA]
TOTAL FM JAN 1 245 HIGHEST SLP 30.17 ON 11
DPTR FM NORMAL 140 LOWEST SLP 29.53 ON 18
[REMARKS]
#FINAL-06-23#