000
CXUS53 KGRR 011010
CF6BIV
PRELIMINARY LOCAL CLIMATOLOGICAL DATA (WS FORM: F-6)
STATION: HOLLAND
MONTH: JANUARY
YEAR: 2022
LATITUDE: 42 49 N
LONGITUDE: 86 10 W
TEMPERATURE IN F: :PCPN: SNOW: WIND :SUNSHINE: SKY :PK WND
================================================================================
1 2 3 4 5 6A 6B 7 8 9 10 11 12 13 14 15 16 17 18
12Z AVG MX 2MIN
DY MAX MIN AVG DEP HDD CDD WTR SNW DPTH SPD SPD DIR MIN PSBL S-S WX SPD DR
================================================================================
1 36 21 29 1 36 0 0.22 M M 9.0 15 40 M M 10 1 27 50
2 25 16 21 -7 44 0 0.03 M M 5.8 14 30 M M 10 1 23 30
3 28 18 23 -4 42 0 0.00 M M 9.0 21 220 M M 5 28 230
4 35 20 28 1 37 0 0.00 M M 10.7 17 160 M M 0 26 170
5 38 18 28 1 37 0 0.07 M M 22.0 32 250 M M 10 12 45 240
6 26 12 19 -8 46 0 0.38 M M 9.6 23 250 M M 10 128 31 260
7 21 11 16 -11 49 0 0.29 M M 4.9 15 170 M M 10 12 19 170
8 33 7 20 -7 45 0 T M M 11.0 21 190 M M 5 18 28 190
9 36 18 27 1 38 0 0.03 M M 15.8 26 290 M M 9 1 43 310
10 18 10 14 -12 51 0 0.01 M M 11.4 20 300 M M 10 18 32 310
11 37 10 24 -2 41 0 T M M 15.1 37 240 M M 5 18 50 220
12 40 31 36 10 29 0 T M M 8.0 35 240 M M 5 45 250
13 37 31 34 8 31 0 0.00 M M 2.8 9 360 M M 10 1 15 30
14 34 15 25 -1 40 0 0.00 M M 12.2 21 80 M M 10 32 100
15 20 8 14 -12 51 0 0.00 M M 8.9 18 80 M M 2 26 80
16 27 1 14 -12 51 0 T M M 2.1 8 110 M M 1 10 140
17 31 18 25 0 40 0 T M M 7.8 17 300 M M 10 29 320
18 42 28 35 10 30 0 0.00 M M 13.7 36 220 M M 8 51 220
19 40 18 29 4 36 0 0.01 M M 13.3 31 230 M M 9 1 41 230
20 20 16 18 -7 47 0 T M M 6.0 12 20 M M 10 1 17 360
21 22 13 18 -7 47 0 0.00 M M 6.2 12 160 M M 6 15 180
22 30 14 22 -3 43 0 T M M 15.5 29 230 M M 8 168 38 250
23 26 11 19 -6 46 0 0.17 M M 6.0 14 40 M M 8 1 24 40
24 26 15 21 -4 44 0 0.06 M M 9.0 16 190 M M 10 12 22 200
25 21 13 17 -8 48 0 0.08 M M 7.0 15 290 M M 10 18 23 260
26 18 6 12 -13 53 0 0.03 M M M M M M M M 1 M M
27 31 5 18 -7 47 0 0.01 M M 13.3 26 240 M M 9 168 35 230
28 21 5 13 -12 52 0 0.00 M M 5.8 12 60 M M 4 16 40
29 21 8 15 -10 50 0 T M M 8.5 15 190 M M 10 18 18 200
30 26 13 20 -5 45 0 0.00 M M 3.3 10 140 M M 10 13 150
31 30 24 27 2 38 0 0.00 M M 7.3 17 150 M M 7 8 22 140
================================================================================
SM 896 454 1334 0 1.39 M 281.0 M 231
================================================================================
AV 28.9 14.6 9.4 FASTST M M 8 MAX(MPH)
MISC ----> 37 240 51 220
================================================================================
NOTES:
# LAST OF SEVERAL OCCURRENCES
COLUMN 17 PEAK WIND IN M.P.H.
PRELIMINARY LOCAL CLIMATOLOGICAL DATA (WS FORM: F-6) , PAGE 2
STATION: HOLLAND
MONTH: JANUARY
YEAR: 2022
LATITUDE: 42 49 N
LONGITUDE: 86 10 W
[TEMPERATURE DATA] [PRECIPITATION DATA] SYMBOLS USED IN COLUMN 16
AVERAGE MONTHLY: 21.8 TOTAL FOR MONTH: 1.39 1 = FOG OR MIST
DPTR FM NORMAL: -4.1 DPTR FM NORMAL: -0.48 2 = FOG REDUCING VISIBILITY
HIGHEST: 42 ON 18 GRTST 24HR 0.38 ON 6- 6 TO 1/4 MILE OR LESS
LOWEST: 1 ON 16 3 = THUNDER
SNOW, ICE PELLETS, HAIL 4 = ICE PELLETS
TOTAL MONTH: M 5 = HAIL
GRTST 24HR M ON M 6 = FREEZING RAIN OR DRIZZLE
GRTST DEPTH: M ON M 7 = DUSTSTORM OR SANDSTORM:
VSBY 1/2 MILE OR LESS
8 = SMOKE OR HAZE
[NO. OF DAYS WITH] [WEATHER - DAYS WITH] 9 = BLOWING SNOW
X = TORNADO
MAX 32 OR BELOW: 20 0.01 INCH OR MORE: 13
MAX 90 OR ABOVE: 0 0.10 INCH OR MORE: 4
MIN 32 OR BELOW: 31 0.50 INCH OR MORE: 0
MIN 0 OR BELOW: 0 1.00 INCH OR MORE: 0
[HDD (BASE 65) ]
TOTAL THIS MO. 1334 CLEAR (SCALE 0-3) 3
DPTR FM NORMAL 120 PTCLDY (SCALE 4-7) 10
TOTAL FM JUL 1 3221 CLOUDY (SCALE 8-10) 18
DPTR FM NORMAL -327
[CDD (BASE 65) ]
TOTAL THIS MO. 0
DPTR FM NORMAL 0 [PRESSURE DATA]
TOTAL FM JAN 1 0 HIGHEST SLP 30.62 ON 21
DPTR FM NORMAL 0 LOWEST SLP 29.44 ON 5
[REMARKS]
#FINAL-01-22#