000
CXUS56 KBOI 011002
CF6BKE
PRELIMINARY LOCAL CLIMATOLOGICAL DATA (WS FORM: F-6)
STATION: BAKER OR
MONTH: MARCH
YEAR: 2021
LATITUDE: 44 50 N
LONGITUDE: 117 49 W
TEMPERATURE IN F: :PCPN: SNOW: WIND :SUNSHINE: SKY :PK WND
================================================================================
1 2 3 4 5 6A 6B 7 8 9 10 11 12 13 14 15 16 17 18
12Z AVG MX 2MIN
DY MAX MIN AVG DEP HDD CDD WTR SNW DPTH SPD SPD DIR MIN PSBL S-S WX SPD DR
================================================================================
1 47 21 34 0 31 0 0.00 M M 10.6 24 110 M M 0 31 110
2 52 23 38 4 27 0 0.00 M M 5.5 20 110 M M 0 24 100
3 55 22 39 5 26 0 0.00 M M 4.7 15 120 M M 0 20 110
4 59 23 41 7 24 0 0.00 M M 5.6 18 150 M M 0 26 130
5 60 37 49 14 16 0 0.00 M M 14.2 24 110 M M 0 33 120
6 46 27 37 2 28 0 0.00 M M 9.2 22 350 M M 5 31 340
7 52 30 41 6 24 0 0.00 M M 8.1 23 340 M M 6 27 340
8 39 32 36 0 29 0 0.13 M M 4.9 10 310 M M 10 18 14 330
9 48 20 34 -2 31 0 0.00 M M 4.7 17 170 M M 4 128 21 170
10 50 20 35 -1 30 0 0.00 M M 3.7 13 120 M M 1 22 110
11 54 24 39 2 26 0 T M M 7.8 22 340 M M 0 27 340
12 55 18 37 0 28 0 0.00 M M 5.0 16 330 M M 0 23 320
13 62 22 42 5 23 0 0.00 M M 5.1 18 330 M M 0 25 340
14 63 22 43 6 22 0 0.00 M M 7.6 25 230 M M 1 34 240
15 47 32 40 2 25 0 0.00 M M 15.0 29 340 M M 9 39 340
16 53 26 40 2 25 0 0.00 M M 6.3 20 330 M M 4 8 25 320
17 61 21 41 3 24 0 0.00 M M 6.4 18 140 M M 2 18 25 140
18 64 37 51 13 14 0 T M M 12.7 28 180 M M 2 42 190
19 55 26 41 2 24 0 T M M 5.7 21 240 M M 5 26 330
20 54 25 40 1 25 0 0.00 M M 7.6 31 320 M M 4 39 320
21 50 21 36 -3 29 0 0.00 M M 4.8 12 340 M M 3 14 340
22 52 32 42 3 23 0 0.01 M M 9.8 36 350 M M 8 47 330
23 49 26 38 -2 27 0 0.00 M M 14.1 31 320 M M 2 42 330
24 49 20 35 -5 30 0 T M M 6.4 20 70 M M 8 25 70
25 51 31 41 1 24 0 T M M 11.7 29 340 M M 7 18 37 330
26 53 26 40 0 25 0 0.00 M M 6.9 17 340 M M 3 24 340
27 66 20 43 3 22 0 0.00 M M 4.5 15 80 M M 0 18 22 50
28 75 28 52 12 13 0 T M M 13.0 45 340 M M 1 58 340
29 48 29 39 -1 26 0 T M M 15.0 28 290 M M 5 38 290
30 50 20 35 -6 30 0 0.00 M M 5.2 17 330 M M 2 22 330
31 62 17 40 -1 25 0 T M M 8.8 23 110 M M 0 28 120
================================================================================
SM 1681 778 776 0 0.14 M 250.6 M 92
================================================================================
AV 54.2 25.1 8.1 FASTST M M 3 MAX(MPH)
MISC ----> 45 340 58 340
================================================================================
NOTES:
# LAST OF SEVERAL OCCURRENCES
COLUMN 17 PEAK WIND IN M.P.H.
PRELIMINARY LOCAL CLIMATOLOGICAL DATA (WS FORM: F-6) , PAGE 2
STATION: BAKER OR
MONTH: MARCH
YEAR: 2021
LATITUDE: 44 50 N
LONGITUDE: 117 49 W
[TEMPERATURE DATA] [PRECIPITATION DATA] SYMBOLS USED IN COLUMN 16
AVERAGE MONTHLY: 39.7 TOTAL FOR MONTH: 0.14 1 = FOG OR MIST
DPTR FM NORMAL: 2.1 DPTR FM NORMAL: -0.68 2 = FOG REDUCING VISIBILITY
HIGHEST: 75 ON 28 GRTST 24HR 0.13 ON 8- 8 TO 1/4 MILE OR LESS
LOWEST: 17 ON 31 3 = THUNDER
SNOW, ICE PELLETS, HAIL 4 = ICE PELLETS
TOTAL MONTH: M 5 = HAIL
GRTST 24HR M ON M 6 = FREEZING RAIN OR DRIZZLE
GRTST DEPTH: M ON M 7 = DUSTSTORM OR SANDSTORM:
VSBY 1/2 MILE OR LESS
8 = SMOKE OR HAZE
[NO. OF DAYS WITH] [WEATHER - DAYS WITH] 9 = BLOWING SNOW
X = TORNADO
MAX 32 OR BELOW: 0 0.01 INCH OR MORE: 2
MAX 90 OR ABOVE: 0 0.10 INCH OR MORE: 1
MIN 32 OR BELOW: 29 0.50 INCH OR MORE: 0
MIN 0 OR BELOW: 0 1.00 INCH OR MORE: 0
[HDD (BASE 65) ]
TOTAL THIS MO. 776 CLEAR (SCALE 0-3) 19
DPTR FM NORMAL -72 PTCLDY (SCALE 4-7) 9
TOTAL FM JUL 1 5284 CLOUDY (SCALE 8-10) 3
DPTR FM NORMAL -1085
[CDD (BASE 65) ]
TOTAL THIS MO. 0
DPTR FM NORMAL 0 [PRESSURE DATA]
TOTAL FM JAN 1 0 HIGHEST SLP 30.52 ON 31
DPTR FM NORMAL 0 LOWEST SLP 29.66 ON 25
[REMARKS]
#FINAL-03-21#