000
CXUS51 KRNK 010735
CF6BLF
PRELIMINARY LOCAL CLIMATOLOGICAL DATA (WS FORM: F-6)
STATION: BLUEFIELD WV
MONTH: DECEMBER
YEAR: 2020
LATITUDE: 37 17 N
LONGITUDE: 81 12 W
TEMPERATURE IN F: :PCPN: SNOW: WIND :SUNSHINE: SKY :PK WND
================================================================================
1 2 3 4 5 6A 6B 7 8 9 10 11 12 13 14 15 16 17 18
12Z AVG MX 2MIN
DY MAX MIN AVG DEP HDD CDD WTR SNW DPTH SPD SPD DIR MIN PSBL S-S WX SPD DR
================================================================================
1 26 21 24 -17 41 0 0.01 1.8 2 14.9 23 290 M M 10 1 35 270
2 33 21 27 -14 38 0 0.00 0.0 1 11.3 24 280 M M 5 32 290
3 51 24 38 -3 27 0 0.00 0.0 T 4.3 13 290 M M 2 19 300
4 47 37 42 2 23 0 0.56 0.0 0 4.2 14 310 M M 9 1 22 320
5 37 31 34 -6 31 0 0.04 0.0 0 10.7 20 300 M M 10 1 32 320
6 43 28 36 -4 29 0 0.00 0.0 0 5.2 14 300 M M 4 20 300
7 34 23 29 -10 36 0 0.04 0.8 T 5.6 16 310 M M 10 1 22 330
8 25 19 22 -17 43 0 T T T 8.4 15 300 M M 8 21 310
9 45 21 33 -6 32 0 0.00 0.0 0 10.7 20 260 M M 2 26 290
10 58 34 46 8 19 0 0.00 0.0 0 5.7 12 150 M M 0 17 160
11 61 42 52 14 13 0 0.00 0.0 0 5.2 17 160 M M 0 25 160
12 60 47 54 16 11 0 0.02 0.0 0 6.8 18 230 M M 6 1 27 150
13 52 39 46 8 19 0 0.00 0.0 0 6.5 18 260 M M 6 22 270
14 40 28 34 -3 31 0 1.02 T T 6.2 15 300 M M 10 1 22 300
15 40 22 31 -6 34 0 0.00 0.0 0 6.1 20 140 M M 3 28 150
16 32 24 28 -9 37 0 0.36 0.7 T 6.9 22 150 M M 8 126 34 120
17 32 25 29 -8 36 0 0.05 0.4 T 7.4 13 300 M M 9 1 20 300
18 26 20 23 -13 42 0 0.01 0.2 T 5.2 14 300 M M 9 21 290
19 39 19 29 -7 36 0 0.00 0.0 0 1.5 9 160 M M 2 15 150
20 41 31 36 0 29 0 0.00 0.0 0 4.4 14 240 M M 10 18 240
21 45 32 39 3 26 0 0.01 T T 11.8 26 270 M M 7 42 250
22 39 28 34 -2 31 0 T T 0 10.8 31 290 M M 5 49 290
23 48 29 39 3 26 0 0.00 0.0 0 8.2 23 160 M M 1 36 150
24 51 21 36 1 29 0 0.78 1.0 1 13.0 26 290 M M 10 12 43 160
25 21 7 14 -21 51 0 0.14 5.5 6 12.1 20 280 M M 10 1 30 290
26 27 6 17 -18 48 0 0.00 0.0 M 12.2 21 270 M M 4 27 290
27 46 23 35 0 30 0 0.00 0.0 M 6.1 18 150 M M 0 30 120
28 43 35 39 4 26 0 T 0.0 T 10.6 22 240 M M 9 30 240
29 39 26 33 -2 32 0 0.00 0.0 0 6.8 17 300 M M 5 24 320
30 53 31 42 7 23 0 0.00 0.0 0 9.8 22 230 M M 2 30 230
31 53 41 47 13 18 0 0.01 0.0 0 7.3 23 230 M M 8 1 34 230
================================================================================
SM 1287 835 947 0 3.05 10.4 245.9 M 184
================================================================================
AV 41.5 26.9 7.9 FASTST M M 6 MAX(MPH)
MISC ----> 31 290 49 290
================================================================================
NOTES:
# LAST OF SEVERAL OCCURRENCES
COLUMN 17 PEAK WIND IN M.P.H.
PRELIMINARY LOCAL CLIMATOLOGICAL DATA (WS FORM: F-6) , PAGE 2
STATION: BLUEFIELD WV
MONTH: DECEMBER
YEAR: 2020
LATITUDE: 37 17 N
LONGITUDE: 81 12 W
[TEMPERATURE DATA] [PRECIPITATION DATA] SYMBOLS USED IN COLUMN 16
AVERAGE MONTHLY: 34.2 TOTAL FOR MONTH: 3.05 1 = FOG OR MIST
DPTR FM NORMAL: -3.0 DPTR FM NORMAL: 0.14 2 = FOG REDUCING VISIBILITY
HIGHEST: 61 ON 11 GRTST 24HR 1.02 ON 14-14 TO 1/4 MILE OR LESS
LOWEST: 6 ON 26 3 = THUNDER
SNOW, ICE PELLETS, HAIL 4 = ICE PELLETS
TOTAL MONTH: 10.6 INCHES 5 = HAIL
GRTST 24HR 5.5 ON 25-25 6 = FREEZING RAIN OR DRIZZLE
GRTST DEPTH: 6 ON 25 7 = DUSTSTORM OR SANDSTORM:
VSBY 1/2 MILE OR LESS
8 = SMOKE OR HAZE
[NO. OF DAYS WITH] [WEATHER - DAYS WITH] 9 = BLOWING SNOW
X = TORNADO
MAX 32 OR BELOW: 7 0.01 INCH OR MORE: 13
MAX 90 OR ABOVE: 0 0.10 INCH OR MORE: 5
MIN 32 OR BELOW: 24 0.50 INCH OR MORE: 3
MIN 0 OR BELOW: 0 1.00 INCH OR MORE: 1
[HDD (BASE 65) ]
TOTAL THIS MO. 947 CLEAR (SCALE 0-3) 8
DPTR FM NORMAL 85 PTCLDY (SCALE 4-7) 11
TOTAL FM JUL 1 1883 CLOUDY (SCALE 8-10) 12
DPTR FM NORMAL 120
[CDD (BASE 65) ]
TOTAL THIS MO. 0
DPTR FM NORMAL 0 [PRESSURE DATA]
TOTAL FM JAN 1 573 HIGHEST SLP 30.52 ON 29
DPTR FM NORMAL -280 LOWEST SLP 29.42 ON 24
[REMARKS]
#FINAL-12-20#