000
CXUS51 KRNK 010708 CCA
CF6BLF
PRELIMINARY LOCAL CLIMATOLOGICAL DATA (WS FORM: F-6)...CORRECTED
STATION: BLUEFIELD WV
MONTH: JULY
YEAR: 2020
LATITUDE: 37 17 N
LONGITUDE: 81 12 W
TEMPERATURE IN F: :PCPN: SNOW: WIND :SUNSHINE: SKY :PK WND
================================================================================
1 2 3 4 5 6A 6B 7 8 9 10 11 12 13 14 15 16 17 18
12Z AVG MX 2MIN
DY MAX MIN AVG DEP HDD CDD WTR SNW DPTH SPD SPD DIR MIN PSBL S-S WX SPD DR
================================================================================
1 80 62 71 -1 0 6 0.00 0.0 0 2.8 10 290 M M 5 12 13 10
2 80 60 70 -3 0 5 0.00 0.0 0 3.2 12 20 M M 2 15 20
3 82 59 71 -2 0 6 0.00 0.0 0 2.5 9 360 M M 1 13 10
4 84 62 73 0 0 8 0.00 0.0 0 3.0 10 20 M M 1 13 10
5 83 62 73 0 0 8 0.00 0.0 0 2.9 13 180 M M 1 3 20 190
6 82 63 73 0 0 8 0.00 0.0 0 3.9 10 160 M M 0 16 160
7 82 64 73 0 0 8 T 0.0 0 2.5 9 140 M M 1 16 150
8 81 65 73 0 0 8 0.00 0.0 0 2.7 10 60 M M 2 15 60
9 82 63 73 0 0 8 T 0.0 0 2.8 9 70 M M 1 13 120
10 82 63 73 0 0 8 T 0.0 0 5.1 15 270 M M 3 3 22 340
11 76 64 70 -3 0 5 0.00 0.0 0 8.9 17 290 M M 6 28 280
12 76 61 69 -4 0 4 T 0.0 0 5.9 15 270 M M 2 3 24 250
13 78 57 68 -5 0 3 T 0.0 0 4.7 12 300 M M 3 3 20 300
14 80 61 71 -2 0 6 0.00 0.0 0 2.3 8 330 M M 1 12 300
15 83 60 72 -1 0 7 T 0.0 0 3.7 13 180 M M 3 22 170
16 83 69 76 3 0 11 T 0.0 0 5.7 12 170 M M 5 20 190
17 84 67 76 3 0 11 T 0.0 0 4.8 14 310 M M 2 24 330
18 86 67 77 4 0 12 0.00 0.0 0 3.8 12 260 M M 1 1 16 230
19 85 68 77 4 0 12 0.03 0.0 0 6.1 12 260 M M 2 3 17 280
20 85 66 76 3 0 11 0.00 0.0 0 6.1 14 270 M M 2 19 260
21 87 67 77 4 0 12 0.01 0.0 0 5.0 12 240 M M 1 3 22 180
22 83 65 74 1 0 9 0.22 0.0 0 6.0 20 230 M M 4 13 24 240
23 78 64 71 -2 0 6 0.79 0.0 0 3.7 21 300 M M 7 13 29 290
24 81 64 73 0 0 8 0.00 0.0 0 5.7 13 310 M M 5 18 290
25 82 63 73 0 0 8 0.00 0.0 0 5.0 10 320 M M 2 13 290
26 83 64 74 1 0 9 0.09 0.0 0 5.5 13 270 M M 3 1 18 270
27 81 65 73 0 0 8 T 0.0 0 6.5 18 270 M M 4 24 250
28 78 65 72 -1 0 7 0.54 0.0 0 6.1 17 300 M M 6 13 26 270
29 82 64 73 0 0 8 0.00 0.0 0 3.8 9 260 M M 4 1 14 290
30 78 66 72 -1 0 7 1.88 0.0 0 2.6 13 180 M M 5 13 23 200
31 79 66 73 0 0 8 0.48 0.0 0 8.5 17 270 M M 8 1 24 290
================================================================================
SM 2526 1976 0 245 4.04 0.0 141.8 M 93
================================================================================
AV 81.5 63.7 4.6 FASTST M M 3 MAX(MPH)
MISC ----> 21 300 29 290
================================================================================
NOTES:
# LAST OF SEVERAL OCCURRENCES
COLUMN 17 PEAK WIND IN M.P.H.
PRELIMINARY LOCAL CLIMATOLOGICAL DATA (WS FORM: F-6) , PAGE 2
STATION: BLUEFIELD WV
MONTH: JULY
YEAR: 2020
LATITUDE: 37 17 N
LONGITUDE: 81 12 W
[TEMPERATURE DATA] [PRECIPITATION DATA] SYMBOLS USED IN COLUMN 16
AVERAGE MONTHLY: 72.6 TOTAL FOR MONTH: 4.04 1 = FOG OR MIST
DPTR FM NORMAL: -0.4 DPTR FM NORMAL: -0.13 2 = FOG REDUCING VISIBILITY
HIGHEST: 87 ON 21 GRTST 24HR 2.18 ON 30-31 TO 1/4 MILE OR LESS
LOWEST: 57 ON 13 3 = THUNDER
SNOW, ICE PELLETS, HAIL 4 = ICE PELLETS
TOTAL MONTH: 0.0 INCH 5 = HAIL
GRTST 24HR 0.0 6 = FREEZING RAIN OR DRIZZLE
GRTST DEPTH: 0 7 = DUSTSTORM OR SANDSTORM:
VSBY 1/2 MILE OR LESS
8 = SMOKE OR HAZE
[NO. OF DAYS WITH] [WEATHER - DAYS WITH] 9 = BLOWING SNOW
X = TORNADO
MAX 32 OR BELOW: 0 0.01 INCH OR MORE: 8
MAX 90 OR ABOVE: 0 0.10 INCH OR MORE: 5
MIN 32 OR BELOW: 0 0.50 INCH OR MORE: 3
MIN 0 OR BELOW: 0 1.00 INCH OR MORE: 1
[HDD (BASE 65) ]
TOTAL THIS MO. 0 CLEAR (SCALE 0-3) 20
DPTR FM NORMAL -2 PTCLDY (SCALE 4-7) 10
TOTAL FM JUL 1 0 CLOUDY (SCALE 8-10) 1
DPTR FM NORMAL 0
[CDD (BASE 65) ]
TOTAL THIS MO. 245
DPTR FM NORMAL -3 [PRESSURE DATA]
TOTAL FM JAN 1 371 HIGHEST SLP M ON M
DPTR FM NORMAL -134 LOWEST SLP 29.78 ON 31
[REMARKS]
#FINAL-07-20#