000
CXUS53 KIND 010600
CF6BMG
PRELIMINARY LOCAL CLIMATOLOGICAL DATA (WS FORM: F-6)
STATION: BLOOMINGTON IN
MONTH: MARCH
YEAR: 2020
LATITUDE: 39 7 N
LONGITUDE: 86 37 W
TEMPERATURE IN F: :PCPN: SNOW: WIND :SUNSHINE: SKY :PK WND
================================================================================
1 2 3 4 5 6A 6B 7 8 9 10 11 12 13 14 15 16 17 18
12Z AVG MX 2MIN
DY MAX MIN AVG DEP HDD CDD WTR SNW DPTH SPD SPD DIR MIN PSBL S-S WX SPD DR
================================================================================
1 64 24 44 7 21 0 0.01 M M 11.5 26 210 M M 3 42 200
2 57 49 53 15 12 0 0.32 M M 8.3 22 210 M M 10 1 32 200
3 56 35 46 8 19 0 0.32 M M 9.3 24 230 M M 4 13 39 230
4 59 32 46 8 19 0 0.00 M M 6.9 21 280 M M 2 32 270
5 59 27 43 4 22 0 0.00 M M 7.5 20 280 M M 1 31 310
6 44 25 35 -4 30 0 T M M 10.6 23 290 M M 8 40 280
7 51 20 36 -3 29 0 0.00 M M 3.4 12 140 M M 0 16 150
8 66 31 49 9 16 0 0.00 M M 9.9 22 210 M M 0 31 200
9 64 54 59 19 6 0 0.16 M M 14.8 24 190 M M 4 1 36 190
10 59 43 51 10 14 0 0.78 M M 8.1 24 210 M M 10 1 37 200
11 48 42 45 4 20 0 0.00 M M 4.1 13 220 M M 10 18 15 220
12 61 36 49 8 16 0 0.17 M M 6.9 20 290 M M 6 12 33 260
13 57 35 46 4 19 0 0.00 M M 6.9 17 300 M M 2 29 290
14 43 35 39 -3 26 0 0.29 M M 7.6 16 60 M M 9 18 22 50
15 48 33 41 -1 24 0 0.00 M M 8.6 15 50 M M 9 24 40
16 49 39 44 1 21 0 T M M 4.1 13 120 M M 10 17 120
17 57 40 49 6 16 0 0.00 M M 4.6 13 350 M M 6 18 19 350
18 59 38 49 5 16 0 0.56 M M 7.5 17 230 M M 7 1 26 210
19 68 52 60 16 5 0 2.36 M M 8.7 24 220 M M 10 123 39 230
20 69 35 52 8 13 0 0.58 M M 13.3 26 200 M M 9 138 46 180
21 39 31 35 -10 30 0 0.00 M M 8.1 16 10 M M 9 21 10
22 41 30 36 -9 29 0 0.02 M M 7.0 16 80 M M 6 23 100
23 52 36 44 -2 21 0 0.00 M M 5.7 12 340 M M 6 18 18 340
24 52 36 44 -2 21 0 0.06 M M 7.6 15 120 M M 4 1 21 90
25 63 38 51 5 14 0 0.00 M M 4.9 13 150 M M 4 12 19 140
26 66 46 56 9 9 0 0.02 M M 6.7 20 180 M M 3 3 29 180
27 77 55 66 19 0 1 0.27 M M 5.6 13 140 M M 8 13 17 140
28 75 59 67 19 0 2 0.71 M M 10.9 28 220 M M 5 13 44 220
29 67 53 60 12 5 0 0.00 M M 15.5 30 230 M M 5 47 220
30 61 44 53 5 12 0 0.00 M M 10.5 20 270 M M 0 29 280
31 49 42 46 -3 19 0 T M M 8.6 17 10 M M 5 23 10
================================================================================
SM 1780 1195 524 3 6.63 M 253.7 M 175
================================================================================
AV 57.4 38.5 8.2 FASTST M M 6 MAX(MPH)
MISC ----> 30 230 47 220
================================================================================
NOTES:
# LAST OF SEVERAL OCCURRENCES
COLUMN 17 PEAK WIND IN M.P.H.
PRELIMINARY LOCAL CLIMATOLOGICAL DATA (WS FORM: F-6) , PAGE 2
STATION: BLOOMINGTON IN
MONTH: MARCH
YEAR: 2020
LATITUDE: 39 7 N
LONGITUDE: 86 37 W
[TEMPERATURE DATA] [PRECIPITATION DATA] SYMBOLS USED IN COLUMN 16
AVERAGE MONTHLY: 48.0 TOTAL FOR MONTH: 6.63 1 = FOG OR MIST
DPTR FM NORMAL: 5.1 DPTR FM NORMAL: 2.75 2 = FOG REDUCING VISIBILITY
HIGHEST: 77 ON 27 GRTST 24HR 2.94 ON 19-20 TO 1/4 MILE OR LESS
LOWEST: 20 ON 7 3 = THUNDER
SNOW, ICE PELLETS, HAIL 4 = ICE PELLETS
TOTAL MONTH: M 5 = HAIL
GRTST 24HR M ON M 6 = FREEZING RAIN OR DRIZZLE
GRTST DEPTH: M ON M 7 = DUSTSTORM OR SANDSTORM:
VSBY 1/2 MILE OR LESS
8 = SMOKE OR HAZE
[NO. OF DAYS WITH] [WEATHER - DAYS WITH] 9 = BLOWING SNOW
X = TORNADO
MAX 32 OR BELOW: 0 0.01 INCH OR MORE: 15
MAX 90 OR ABOVE: 0 0.10 INCH OR MORE: 11
MIN 32 OR BELOW: 8 0.50 INCH OR MORE: 5
MIN 0 OR BELOW: 0 1.00 INCH OR MORE: 1
[HDD (BASE 65) ]
TOTAL THIS MO. 524 CLEAR (SCALE 0-3) 8
DPTR FM NORMAL -164 PTCLDY (SCALE 4-7) 13
TOTAL FM JUL 1 4157 CLOUDY (SCALE 8-10) 10
DPTR FM NORMAL -599
[CDD (BASE 65) ]
TOTAL THIS MO. 3
DPTR FM NORMAL 0 [PRESSURE DATA]
TOTAL FM JAN 1 3 HIGHEST SLP M ON M
DPTR FM NORMAL 0 LOWEST SLP 29.54 ON 3
[REMARKS]
#FINAL-03-20#