000
CXUS53 KILX 010900
CF6BMI
PRELIMINARY LOCAL CLIMATOLOGICAL DATA (WS FORM: F-6)
STATION: BLOOMINGTON IL AIRPORT
MONTH: JULY
YEAR: 2023
LATITUDE: 40 28 N
LONGITUDE: 88 56 W
TEMPERATURE IN F: :PCPN: SNOW: WIND :SUNSHINE: SKY :PK WND
================================================================================
1 2 3 4 5 6A 6B 7 8 9 10 11 12 13 14 15 16 17 18
12Z AVG MX 2MIN
DY MAX MIN AVG DEP HDD CDD WTR SNW DPTH SPD SPD DIR MIN PSBL S-S WX SPD DR
================================================================================
1 83 69 76 M 0 11 0.36 M M 6.5 20 190 M M 5 13 30 190
2 78 68 73 M 0 8 T M M 8.1 15 240 M M 8 1 M M
3 88 64 76 M 0 11 0.00 M M 5.4 13 290 M M 2 1 17 290
4 89 68 79 M 0 14 0.00 M M 6.5 10 230 M M 1 18 200
5 90 70 80 M 0 15 0.28 M M 8.2 17 170 M M 3 3 31 250
6 83 64 74 M 0 9 0.00 M M 10.1 16 300 M M 4 1 21 300
7 79 60 70 M 0 5 T M M 6.9 13 240 M M 2 M M
8 76 61 69 M 0 4 1.09 M M 7.9 28 330 M M 7 13 35 330
9 82 61 72 M 0 7 0.00 M M 7.2 12 290 M M 2 17 310
10 82 59 71 M 0 6 0.00 M M 7.4 12 230 M M 0 18 240
11 87 63 75 M 0 10 0.00 M M 9.1 14 240 M M 1 18 240
12 85 66 76 M 0 11 0.00 M M 11.4 21 340 M M 3 30 190
13 77 61 69 M 0 4 0.00 M M 6.2 12 10 M M 7 12 M M
14 89 65 77 M 0 12 0.19 M M 8.7 25 360 M M 1 13 32 100
15 83 64 74 M 0 9 0.12 M M 8.9 17 180 M M 6 3 24 340
16 82 64 73 M 0 8 0.00 M M 9.3 15 250 M M 2 18 M M
17 80 64 72 M 0 7 0.10 M M 6.0 10 360 M M 3 18 M M
18 77 61 69 M 0 4 T M M 5.1 9 30 M M 2 M M
19 83 56 70 M 0 5 0.00 M M 5.8 12 180 M M 1 1 M M
20 88 67 78 M 0 13 0.00 M M 10.9 21 320 M M 4 12 31 300
21 79 62 71 M 0 6 0.00 M M 7.1 10 360 M M 2 M M
22 82 60 71 M 0 6 T M M 4.0 9 250 M M 3 M M
23 85 65 75 M 0 10 T M M 6.4 16 260 M M 3 21 260
24 87 66 77 M 0 12 0.00 M M 5.4 10 30 M M 1 18 16 20
25 88 65 77 M 0 12 0.00 M M 8.3 15 140 M M 1 8 M M
26 91 72 82 M 0 17 T M M 11.9 23 220 M M 1 31 220
27 94 69 82 M 0 17 0.00 M M 5.6 10 140 M M 1 M M
28 94 71 83 M 0 18 0.26 M M 12.9 40 340 M M 1 3 53 350
29 84 68 76 M 0 11 0.14 M M 8.0 13 180 M M 3 3 21 340
30 83 66 75 M 0 10 M M M 7.8 15 360 M M 0 20 340
31 83 63 73 M 0 8 0.00 M M 4.7 8 110 M M 2 M M
================================================================================
SM 2611 2002 0 300 2.54 M 237.7 M 82
================================================================================
AV 84.2 64.6 7.7 FASTST M M 3 MAX(MPH)
MISC ----> 40 340 53 350
================================================================================
NOTES:
# LAST OF SEVERAL OCCURRENCES
COLUMN 17 PEAK WIND IN M.P.H.
PRELIMINARY LOCAL CLIMATOLOGICAL DATA (WS FORM: F-6) , PAGE 2
STATION: BLOOMINGTON IL AIRPORT
MONTH: JULY
YEAR: 2023
LATITUDE: 40 28 N
LONGITUDE: 88 56 W
[TEMPERATURE DATA] [PRECIPITATION DATA] SYMBOLS USED IN COLUMN 16
AVERAGE MONTHLY: 74.4 TOTAL FOR MONTH: 2.54 1 = FOG OR MIST
DPTR FM NORMAL: 0.0 DPTR FM NORMAL: M 2 = FOG REDUCING VISIBILITY
HIGHEST: 94 ON 28,27 GRTST 24HR 1.09 ON 8- 8 TO 1/4 MILE OR LESS
LOWEST: 56 ON 19 3 = THUNDER
SNOW, ICE PELLETS, HAIL 4 = ICE PELLETS
TOTAL MONTH: M 5 = HAIL
GRTST 24HR M ON M 6 = FREEZING RAIN OR DRIZZLE
GRTST DEPTH: M ON M 7 = DUSTSTORM OR SANDSTORM:
VSBY 1/2 MILE OR LESS
8 = SMOKE OR HAZE
[NO. OF DAYS WITH] [WEATHER - DAYS WITH] 9 = BLOWING SNOW
X = TORNADO
MAX 32 OR BELOW: 0 0.01 INCH OR MORE: 8
MAX 90 OR ABOVE: 4 0.10 INCH OR MORE: 8
MIN 32 OR BELOW: 0 0.50 INCH OR MORE: 1
MIN 0 OR BELOW: 0 1.00 INCH OR MORE: 1
[HDD (BASE 65) ]
TOTAL THIS MO. 0 CLEAR (SCALE 0-3) 24
DPTR FM NORMAL M PTCLDY (SCALE 4-7) 7
TOTAL FM JUL 1 0 CLOUDY (SCALE 8-10) 0
DPTR FM NORMAL M
[CDD (BASE 65) ]
TOTAL THIS MO. 300
DPTR FM NORMAL M [PRESSURE DATA]
TOTAL FM JAN 1 581 HIGHEST SLP M ON M
DPTR FM NORMAL M LOWEST SLP M ON M
[REMARKS]
#FINAL-07-23#