000
CXUS56 KBOI 011002
CF6BNO
PRELIMINARY LOCAL CLIMATOLOGICAL DATA (WS FORM: F-6)
STATION: BURNS OR
MONTH: MARCH
YEAR: 2020
LATITUDE: 43 34 N
LONGITUDE: 118 57 W
TEMPERATURE IN F: :PCPN: SNOW: WIND :SUNSHINE: SKY :PK WND
================================================================================
1 2 3 4 5 6A 6B 7 8 9 10 11 12 13 14 15 16 17 18
12Z AVG MX 2MIN
DY MAX MIN AVG DEP HDD CDD WTR SNW DPTH SPD SPD DIR MIN PSBL S-S WX SPD DR
================================================================================
1 44 20 32 -1 33 0 0.00 M M 9.7 22 330 M M 2 27 330
2 52 23 38 5 27 0 T M M 9.7 29 330 M M 5 36 320
3 59 26 43 9 22 0 0.00 M M 7.8 15 300 M M 2 23 260
4 58 22 40 6 25 0 0.00 M M 5.3 16 290 M M 0 21 250
5 68 22 45 11 20 0 0.00 M M 5.5 18 210 M M 0 23 210
6 60 32 46 11 19 0 0.00 M M 6.6 18 200 M M 0 24 180
7 46 26 36 1 29 0 0.00 M M 8.1 20 290 M M 5 25 290
8 44 27 36 1 29 0 0.02 M M 4.1 15 250 M M 10 1 19 240
9 45 30 38 2 27 0 T M M 3.6 10 270 M M 10 15 270
10 55 19 37 1 28 0 0.00 M M 3.6 10 210 M M 1 13 210
11 60 20 40 4 25 0 0.00 M M 7.7 24 300 M M 0 30 280
12 55 20 38 1 27 0 0.00 M M 6.4 14 310 M M 0 19 330
13 56 14 35 -2 30 0 0.02 M M 5.4 23 280 M M 2 1 29 290
14 40 30 35 -2 30 0 0.20 M M 7.8 16 160 M M 10 1 20 170
15 41 11 26 -12 39 0 0.08 M M 7.0 24 80 M M 9 18 29 80
16 52 28 40 2 25 0 0.22 M M 9.9 22 80 M M 7 1 30 70
17 52 30 41 3 24 0 0.19 M M 6.3 21 200 M M 7 1 27 200
18 48 25 37 -1 28 0 0.00 M M 4.2 10 60 M M 4 12 50
19 55 23 39 1 26 0 0.00 M M 4.5 12 150 M M 2 15 150
20 58 26 42 3 23 0 0.00 M M 4.0 21 350 M M 3 25 350
21 59 25 42 3 23 0 0.00 M M 5.7 14 280 M M 0 16 280
22 60 21 41 2 24 0 0.00 M M 4.5 15 260 M M 0 19 230
23 58 25 42 3 23 0 0.00 M M 9.4 29 270 M M 5 37 270
24 41 27 34 -5 31 0 0.06 M M 6.2 20 300 M M 9 18 24 230
25 42 20 31 -9 34 0 T M M 8.7 26 280 M M 5 1 30 280
26 46 17 32 -8 33 0 0.00 M M 4.8 16 270 M M 3 22 270
27 48 20 34 -6 31 0 0.00 M M 7.3 15 330 M M 7 20 290
28 50 23 37 -3 28 0 0.00 M M 4.3 12 180 M M 8 15 220
29 54 33 44 4 21 0 0.02 M M 7.6 24 290 M M 7 29 300
30 55 37 46 6 19 0 0.12 M M 13.8 33 220 M M 10 45 220
31 45 27 36 -4 29 0 0.20 M M 11.5 26 300 M M 8 1 35 290
================================================================================
SM 1606 749 832 0 1.13 M 211.0 M 141
================================================================================
AV 51.8 24.2 6.8 FASTST M M 5 MAX(MPH)
MISC ----> 33 220 45 220
================================================================================
NOTES:
# LAST OF SEVERAL OCCURRENCES
COLUMN 17 PEAK WIND IN M.P.H.
PRELIMINARY LOCAL CLIMATOLOGICAL DATA (WS FORM: F-6) , PAGE 2
STATION: BURNS OR
MONTH: MARCH
YEAR: 2020
LATITUDE: 43 34 N
LONGITUDE: 118 57 W
[TEMPERATURE DATA] [PRECIPITATION DATA] SYMBOLS USED IN COLUMN 16
AVERAGE MONTHLY: 38.0 TOTAL FOR MONTH: 1.13 1 = FOG OR MIST
DPTR FM NORMAL: 0.7 DPTR FM NORMAL: 0.04 2 = FOG REDUCING VISIBILITY
HIGHEST: 68 ON 5 GRTST 24HR 0.40 ON 16-17 TO 1/4 MILE OR LESS
LOWEST: 11 ON 15 3 = THUNDER
SNOW, ICE PELLETS, HAIL 4 = ICE PELLETS
TOTAL MONTH: M 5 = HAIL
GRTST 24HR M ON M 6 = FREEZING RAIN OR DRIZZLE
GRTST DEPTH: M ON M 7 = DUSTSTORM OR SANDSTORM:
VSBY 1/2 MILE OR LESS
8 = SMOKE OR HAZE
[NO. OF DAYS WITH] [WEATHER - DAYS WITH] 9 = BLOWING SNOW
X = TORNADO
MAX 32 OR BELOW: 0 0.01 INCH OR MORE: 10
MAX 90 OR ABOVE: 0 0.10 INCH OR MORE: 5
MIN 32 OR BELOW: 29 0.50 INCH OR MORE: 0
MIN 0 OR BELOW: 0 1.00 INCH OR MORE: 0
[HDD (BASE 65) ]
TOTAL THIS MO. 832 CLEAR (SCALE 0-3) 13
DPTR FM NORMAL -25 PTCLDY (SCALE 4-7) 10
TOTAL FM JUL 1 5957 CLOUDY (SCALE 8-10) 8
DPTR FM NORMAL -430
[CDD (BASE 65) ]
TOTAL THIS MO. 0
DPTR FM NORMAL 0 [PRESSURE DATA]
TOTAL FM JAN 1 0 HIGHEST SLP 30.33 ON 10
DPTR FM NORMAL 0 LOWEST SLP 29.42 ON 13
[REMARKS]
#FINAL-03-20#