000
CXUS56 KBOI 011735
CLMBNO
CLIMATE REPORT
NATIONAL WEATHER SERVICE BOISE ID
1035 AM MST FRI DEC 01 2023
...................................
...THE BURNS OR CLIMATE SUMMARY FOR THE MONTH OF NOVEMBER 2023...
CLIMATE NORMAL PERIOD 1991 TO 2020
CLIMATE RECORD PERIOD 1938 TO 2023
WEATHER OBSERVED NORMAL DEPART
VALUE DATE(S) VALUE FROM
NORMAL
................................................
TEMPERATURE (F)
HIGHEST 62 11/16
LOWEST 3 11/28
AVG. MAXIMUM 49.5 47.3 2.2
AVG. MINIMUM 22.9 22.1 0.8
MEAN 36.2 34.7 1.5
DAYS MAX >= 90 0
DAYS MAX <= 32 0
DAYS MIN <= 32 25
DAYS MIN <= 0 0
PRECIPITATION (INCHES)
RECORD
MAXIMUM 3.45 1942
TOTALS 1.04 1.02 0.02
DAYS >= .01 8
DAYS >= .10 5
DAYS >= .50 0
DAYS >= 1.00 0
GREATEST
24 HR. TOTAL 0.32 11/18 TO 11/18
DEGREE DAYS
HEATING TOTAL 856 909 -53
SINCE 7/1 1691 1837 -146
COOLING TOTAL 0 0 0
SINCE 1/1 352 302 50
................................................
WIND (MPH)
AVERAGE WIND SPEED 4.7
HIGHEST WIND SPEED/DIRECTION 29/350 DATE 11/23
HIGHEST GUST SPEED/DIRECTION 37/290 DATE 11/19
37/360 11/23
AVERAGE RH (PERCENT) 67
- INDICATES NEGATIVE NUMBERS.
R INDICATES RECORD WAS SET OR TIED.
MM INDICATES DATA IS MISSING.
T INDICATES TRACE AMOUNT.
$$