000
CXUS54 KLZK 011230
CF6BPK
PRELIMINARY LOCAL CLIMATOLOGICAL DATA (WS FORM: F-6)
STATION: MOUNTAIN HOME AIRPORT
MONTH: DECEMBER
YEAR: 2020
LATITUDE: 36 22 N
LONGITUDE: 92 28 W
TEMPERATURE IN F: :PCPN: SNOW: WIND :SUNSHINE: SKY :PK WND
================================================================================
1 2 3 4 5 6A 6B 7 8 9 10 11 12 13 14 15 16 17 18
12Z AVG MX 2MIN
DY MAX MIN AVG DEP HDD CDD WTR SNW DPTH SPD SPD DIR MIN PSBL S-S WX SPD DR
================================================================================
1 52 21 37 -6 28 0 T M M 3.7 9 130 M M 0 12 120
2 54 29 42 0 23 0 0.01 M M 6.6 14 130 M M 3 20 130
3 43 35 39 -3 26 0 0.18 M M 1.9 15 160 M M 9 1 23 160
4 50 37 44 3 21 0 0.00 M M 4.5 8 320 M M 4 M M
5 61 32 47 6 18 0 0.00 M M 2.2 8 330 M M 0 14 290
6 51 34 43 2 22 0 0.00 M M 3.6 8 250 M M 0 14 350
7 51 30 41 1 24 0 0.00 M M 2.6 9 310 M M 0 1 13 360
8 59 30 45 5 20 0 T M M 1.6 8 300 M M 1 12 13 300
9 74 39 57 17 8 0 0.00 M M 2.0 7 250 M M 0 10 240
10 75 36 56 16 9 0 0.00 M M 4.3 14 220 M M 0 20 220
11 58 45 52 13 13 0 0.60 0.0 0 5.9 13 310 M M 6 1 20 340
12 45 37 41 2 24 0 0.00 0.0 0 5.6 13 310 M M 10 23 320
13 38 32 35 -4 30 0 0.30 M M 2.9 8 350 M M 10 1 12 360
14 39 26 33 -6 32 0 0.00 0.0 0 3.4 12 360 M M 3 19 20
15 30 24 27 -11 38 0 0.00 M M 4.8 15 110 M M 6 19 110
16 33 24 29 -9 36 0 0.00 M M 3.2 10 350 M M 7 17 10
17 45 25 35 -3 30 0 0.00 M M 3.1 10 200 M M 5 18 230
18 56 26 41 3 24 0 0.00 M M 7.4 21 230 M M 1 1 28 210
19 51 36 44 6 21 0 T M M 3.5 12 220 M M 6 1 14 220
20 55 26 41 3 24 0 0.00 M M 2.7 8 160 M M 1 12 10 220
21 62 37 50 13 15 0 0.00 M M 3.7 12 320 M M 0 19 320
22 62 34 48 11 17 0 0.00 M M 6.9 17 210 M M 0 27 200
23 62 29 46 9 19 0 0.07 M M 11.7 21 210 M M 6 1 34 340
24 34 22 28 -9 37 0 0.00 M M 9.3 17 340 M M 2 32 360
25 37 15 26 -11 39 0 0.00 M M 5.1 12 300 M M 0 22 360
26 68 26 47 10 18 0 0.00 M M 4.4 12 210 M M 0 16 220
27 61 40 51 14 14 0 0.00 M M 8.7 23 230 M M 2 33 250
28 47 30 39 2 26 0 0.00 M M 3.1 10 360 M M 0 16 20
29 39 31 35 -2 30 0 T M M 9.6 17 140 M M 8 1 23 140
30 52 33 43 6 22 0 0.89 M M 4.6 14 220 M M 9 1 23 230
31 37 28 33 -3 32 0 0.33 M M 5.9 13 90 M M 4 16 22 90
================================================================================
SM 1581 949 740 0 2.38 0.0 148.5 M 103
================================================================================
AV 51.0 30.6 4.8 FASTST M M 3 MAX(MPH)
MISC ----> 23 230 34 340
================================================================================
NOTES:
# LAST OF SEVERAL OCCURRENCES
COLUMN 17 PEAK WIND IN M.P.H.
PRELIMINARY LOCAL CLIMATOLOGICAL DATA (WS FORM: F-6) , PAGE 2
STATION: MOUNTAIN HOME AIRPORT
MONTH: DECEMBER
YEAR: 2020
LATITUDE: 36 22 N
LONGITUDE: 92 28 W
[TEMPERATURE DATA] [PRECIPITATION DATA] SYMBOLS USED IN COLUMN 16
AVERAGE MONTHLY: 40.8 TOTAL FOR MONTH: 2.38 1 = FOG OR MIST
DPTR FM NORMAL: 2.1 DPTR FM NORMAL: -0.54 2 = FOG REDUCING VISIBILITY
HIGHEST: 75 ON 10 GRTST 24HR 0.89 ON 30-30 TO 1/4 MILE OR LESS
LOWEST: 15 ON 25 3 = THUNDER
SNOW, ICE PELLETS, HAIL 4 = ICE PELLETS
TOTAL MONTH: 0.0 INCH 5 = HAIL
GRTST 24HR 0.0 6 = FREEZING RAIN OR DRIZZLE
GRTST DEPTH: 0 7 = DUSTSTORM OR SANDSTORM:
VSBY 1/2 MILE OR LESS
8 = SMOKE OR HAZE
[NO. OF DAYS WITH] [WEATHER - DAYS WITH] 9 = BLOWING SNOW
X = TORNADO
MAX 32 OR BELOW: 1 0.01 INCH OR MORE: 7
MAX 90 OR ABOVE: 0 0.10 INCH OR MORE: 5
MIN 32 OR BELOW: 19 0.50 INCH OR MORE: 2
MIN 0 OR BELOW: 0 1.00 INCH OR MORE: 0
[HDD (BASE 65) ]
TOTAL THIS MO. 740 CLEAR (SCALE 0-3) 16
DPTR FM NORMAL -78 PTCLDY (SCALE 4-7) 10
TOTAL FM JUL 1 1397 CLOUDY (SCALE 8-10) 5
DPTR FM NORMAL -135
[CDD (BASE 65) ]
TOTAL THIS MO. 0
DPTR FM NORMAL -1 [PRESSURE DATA]
TOTAL FM JAN 1 1535 HIGHEST SLP 30.44 ON 28
DPTR FM NORMAL -26 LOWEST SLP 29.63 ON 23
[REMARKS]
#FINAL-12-20#