000
CXUS54 KLZK 011130
CF6BPK
PRELIMINARY LOCAL CLIMATOLOGICAL DATA (WS FORM: F-6)
STATION: Mountain Home Airport
MONTH: FEBRUARY
YEAR: 2020
LATITUDE: 36 22 N
LONGITUDE: 92 28 W
TEMPERATURE IN F: :PCPN: SNOW: WIND :SUNSHINE: SKY :PK WND
================================================================================
1 2 3 4 5 6A 6B 7 8 9 10 11 12 13 14 15 16 17 18
12Z AVG MX 2MIN
DY MAX MIN AVG DEP HDD CDD WTR SNW DPTH SPD SPD DIR MIN PSBL S-S WX SPD DR
================================================================================
1 53 31 42 3 23 0 0.00 M M 3.2 10 350 M M 2 1 18 320
2 80 40 60 21 5 0 0.00 M M 3.7 9 230 M M 0 12 240
3 70 53 62 22 3 0 0.03 M M 9.0 21 220 M M 2 29 220
4 59 36 48 8 17 0 1.78 M M 4.4 9 350 M M 10 1 15 320
5 36 32 34 -6 31 0 0.43 M M 4.2 12 90 M M 10 1 17 10
6 32 27 30 -10 35 0 0.03 M M 4.4 9 10 M M 10 1 16 10
7 47 22 35 -5 30 0 0.00 M M 3.3 12 220 M M 2 15 250
8 49 28 39 -2 26 0 0.00 M M 4.0 9 160 M M 0 14 160
9 60 39 50 9 15 0 0.14 M M 9.2 20 240 M M 8 13 28 220
10 55 35 45 4 20 0 0.18 M M 4.8 12 10 M M 9 1 18 350
11 43 34 39 -2 26 0 0.01 M M 3.2 8 10 M M 7 1 14 10
12 39 34 37 -5 28 0 1.15 M M 5.0 12 340 M M 10 1 21 350
13 36 18 27 -15 38 0 T M M 7.1 15 360 M M 5 24 350
14 36 11 24 -18 41 0 0.00 M M 5.4 14 150 M M 2 18 140
15 53 22 38 -4 27 0 0.00 M M 6.9 16 190 M M 6 21 190
16 58 32 45 2 20 0 0.00 M M 5.3 13 150 M M 6 18 150
17 56 48 52 9 13 0 0.03 M M 5.6 13 160 M M 10 1 17 180
18 54 31 43 0 22 0 0.07 M M 3.4 13 360 M M 7 1 21 40
19 50 27 39 -4 26 0 0.00 M M 6.0 14 90 M M 1 18 130
20 43 25 34 -10 31 0 0.00 M M 6.9 14 60 M M 5 20 40
21 43 16 30 -14 35 0 0.00 M M 2.9 7 210 M M 0 11 210
22 55 21 38 -6 27 0 0.00 M M 4.8 13 190 M M 0 16 190
23 50 41 46 2 19 0 0.27 M M 5.7 14 170 M M 8 1 19 170
24 63 43 53 8 12 0 0.28 M M 8.1 17 290 M M 10 13 31 270
25 44 37 41 -4 24 0 0.00 M M 4.8 9 40 M M 10 16 310
26 37 26 32 -13 33 0 T M M 6.1 15 350 M M 9 1 24 30
27 48 20 34 -11 31 0 T M M 3.7 12 260 M M 4 18 260
28 57 32 45 -1 20 0 0.02 M M 5.2 17 340 M M 6 33 340
29 65 31 48 2 17 0 0.00 M M 5.1 13 160 M M 0 18 160
================================================================================
SM 1471 892 695 0 4.42 M 151.4 M 159
================================================================================
AV 50.7 30.8 5.2 FASTST M M 5 MAX(MPH)
MISC ----> # 21 220 # 33 340
================================================================================
NOTES:
# LAST OF SEVERAL OCCURRENCES
COLUMN 17 PEAK WIND IN M.P.H.
PRELIMINARY LOCAL CLIMATOLOGICAL DATA (WS FORM: F-6) , PAGE 2
STATION: Mountain Home Airport
MONTH: FEBRUARY
YEAR: 2020
LATITUDE: 36 22 N
LONGITUDE: 92 28 W
[TEMPERATURE DATA] [PRECIPITATION DATA] SYMBOLS USED IN COLUMN 16
AVERAGE MONTHLY: 40.7 TOTAL FOR MONTH: 4.42 1 = FOG OR MIST
DPTR FM NORMAL: -1.6 DPTR FM NORMAL: 1.86 2 = FOG REDUCING VISIBILITY
HIGHEST: 80 ON 2 GRTST 24HR 1.78 ON 4- 4 TO 1/4 MILE OR LESS
LOWEST: 11 ON 14 3 = THUNDER
SNOW, ICE PELLETS, HAIL 4 = ICE PELLETS
TOTAL MONTH: M 5 = HAIL
GRTST 24HR M ON M 6 = FREEZING RAIN OR DRIZZLE
GRTST DEPTH: M ON M 7 = DUSTSTORM OR SANDSTORM:
VSBY 1/2 MILE OR LESS
8 = SMOKE OR HAZE
[NO. OF DAYS WITH] [WEATHER - DAYS WITH] 9 = BLOWING SNOW
X = TORNADO
MAX 32 OR BELOW: 1 0.01 INCH OR MORE: 13
MAX 90 OR ABOVE: 0 0.10 INCH OR MORE: 7
MIN 32 OR BELOW: 18 0.50 INCH OR MORE: 2
MIN 0 OR BELOW: 0 1.00 INCH OR MORE: 2
[HDD (BASE 65) ]
TOTAL THIS MO. 695 CLEAR (SCALE 0-3) 10
DPTR FM NORMAL 57 PTCLDY (SCALE 4-7) 9
TOTAL FM JUL 1 2994 CLOUDY (SCALE 8-10) 10
DPTR FM NORMAL -57
[CDD (BASE 65) ]
TOTAL THIS MO. 0
DPTR FM NORMAL -2 [PRESSURE DATA]
TOTAL FM JAN 1 0 HIGHEST SLP 30.73 ON 21
DPTR FM NORMAL -3 LOWEST SLP 29.45 ON 24
[REMARKS]
#FINAL-02-20#