000
CXAK56 PAFG 040515
CF6BRW
PRELIMINARY LOCAL CLIMATOLOGICAL DATA (WS FORM: F-6)
STATION: UTQIAGVIK (BARROW) AK
MONTH: DECEMBER
YEAR: 2021
LATITUDE: 71 17 N
LONGITUDE: 156 47 W
TEMPERATURE IN F: :PCPN: SNOW: WIND :SUNSHINE: SKY :PK WND
================================================================================
1 2 3 4 5 6A 6B 7 8 9 10 11 12 13 14 15 16 17 18
12Z AVG MX 2MIN
DY MAX MIN AVG DEP HDD CDD WTR SNW DPTH SPD SPD DIR MIN PSBL S-S WX SPD DR
================================================================================
1 -9 -21 -15 -14 80 0 T M M 8.7 14 50 M M 5 8 16 40
2 -9 -24 -16 -14 81 0 T M M 8.8 17 110 M M 9 8 22 100
3 0 -24 -12 -10 77 0 T M M 20.9 28 130 M M 3 89 32 140
4 19 1 10 12 55 0 0.01 M M 19.0 32 230 M M 5 89 38 230
5 25 7 16 19 49 0 0.03 M M 17.7 26 150 M M 9 18 32 110
6 25 16 21 24 44 0 0.00 M M 17.9 28 150 M M 5 8 33 150
7 21 9 15 18 50 0 T M M 21.9 31 240 M M 9 189 36 240
8 11 2 7 11 58 0 T M M 24.3 32 220 M M 10 1289 37 230
9 10 0 5 9 60 0 0.02 M M 12.4 26 200 M M 10 128 30 200
10 7 -9 -1 3 66 0 0.01 M M 4.2 13 180 M M 9 18 14 180
11 5 -7 -1 4 66 0 0.00 M M 10.4 16 310 M M 5 18 20 320
12 -4 -16 -10 -5 75 0 0.00 M M 12.7 17 310 M M 1 8 21 310
13 -14 -32 -23 -18 88 0 0.00 M M 6.8 14 210 M M 1 16 270
14 -13 -28 -20 -14 85 0 0.00 M M 3.8 9 70 M M 3 18 11 20
15 -15 -31 -23 -17 88 0 0.00 M M 9.4 21 70 M M 1 18 28 70
16 -8 -15 -11 -5 76 0 0.19 M M 25.6 35 80 M M 10 689 40 70
17 -8 -10 -9 -3 74 0 0.06 M M 20.6 26 70 M M 9 89 31 70
18 -3 -9 -6 1 71 0 0.06 M M 13.9 23 70 M M 10 8 26 70
19 11 -11 0 7 65 0 0.13 M M 22.3 38 110 M M 9 289 55 130
20 32 -4 14 21 51 0 0.31 M M 26.5 43 250 M M 10 189 50 230
21 2 -9 -3 4 68 0 0.03 M M 22.3 31 240 M M 10 189 36 250
22 3 -8 -2 6 67 0 0.01 M M 18.5 29 270 M M 6 189 34 280
23 -4 -13 -8 0 73 0 0.01 M M 16.4 25 290 M M 6 18 29 290
24 -10 -23 -16 -8 81 0 0.00 M M 10.5 20 290 M M 2 8 24 290
25 -4 -25 -14 -6 79 0 0.04 M M 7.6 18 80 M M 4 8 24 90
26 -1 -7 -4 4 69 0 0.14 M M 18.3 25 50 M M 10 89 31 50
27 -5 -19 -12 -3 77 0 T M M 10.7 18 310 M M 2 8 24 320
28 -18 -25 -21 -12 86 0 0.00 M M 8.5 16 50 M M 1 8 19 60
29 -9 -21 -15 -6 80 0 T M M 9.7 13 320 M M 4 8 M M
30 -19 -28 -23 -14 88 0 0.00 M M 5.3 10 20 M M 1 8 12 20
31 -12 -22 -17 -8 82 0 T M M 6.9 12 350 M M 6 8 14 360
================================================================================
SM 6 -406 2209 0 1.05 M 442.5 M 185
================================================================================
AV 0.2-13.1 14.3 FASTST M M 6 MAX(MPH)
MISC ----> 43 250 55 130
================================================================================
NOTES:
# LAST OF SEVERAL OCCURRENCES
COLUMN 17 PEAK WIND IN M.P.H.
PRELIMINARY LOCAL CLIMATOLOGICAL DATA (WS FORM: F-6) , PAGE 2
STATION: UTQIAGVIK (BARROW) AK
MONTH: DECEMBER
YEAR: 2021
LATITUDE: 71 17 N
LONGITUDE: 156 47 W
[TEMPERATURE DATA] [PRECIPITATION DATA] SYMBOLS USED IN COLUMN 16
AVERAGE MONTHLY: -6.5 TOTAL FOR MONTH: 1.05 1 = FOG OR MIST
DPTR FM NORMAL: -0.7 DPTR FM NORMAL: 0.83 2 = FOG REDUCING VISIBILITY
HIGHEST: 32 ON 20 GRTST 24HR 0.31 ON 20-20 TO 1/4 MILE OR LESS
LOWEST: -32 ON 13 3 = THUNDER
SNOW, ICE PELLETS, HAIL 4 = ICE PELLETS
TOTAL MONTH: M 5 = HAIL
GRTST 24HR M ON M 6 = FREEZING RAIN OR DRIZZLE
GRTST DEPTH: M ON M 7 = DUSTSTORM OR SANDSTORM:
VSBY 1/2 MILE OR LESS
8 = SMOKE OR HAZE
[NO. OF DAYS WITH] [WEATHER - DAYS WITH] 9 = BLOWING SNOW
X = TORNADO
MAX 32 OR BELOW: 31 0.01 INCH OR MORE: 14
MAX 90 OR ABOVE: 0 0.10 INCH OR MORE: 4
MIN 32 OR BELOW: 31 0.50 INCH OR MORE: 0
MIN 0 OR BELOW: 26 1.00 INCH OR MORE: 0
[HDD (BASE 65) ]
TOTAL THIS MO. 2209 CLEAR (SCALE 0-3) 7
DPTR FM NORMAL 14 PTCLDY (SCALE 4-7) 11
TOTAL FM JUL 1 7687 CLOUDY (SCALE 8-10) 13
DPTR FM NORMAL -5
[CDD (BASE 65) ]
TOTAL THIS MO. 0
DPTR FM NORMAL 0 [PRESSURE DATA]
TOTAL FM JAN 1 0 HIGHEST SLP 30.63 ON 2
DPTR FM NORMAL 0 LOWEST SLP 28.83 ON 6
[REMARKS]
#FINAL-12-21#