000
CXAK56 PAFG 221200
CF6BRW
PRELIMINARY LOCAL CLIMATOLOGICAL DATA (WS FORM: F-6)
STATION: UTQIAGVIK (BARROW) AK
MONTH: APRIL
YEAR: 2024
LATITUDE: 71 17 N
LONGITUDE: 156 47 W
TEMPERATURE IN F: :PCPN: SNOW: WIND :SUNSHINE: SKY :PK WND
================================================================================
1 2 3 4 5 6A 6B 7 8 9 10 11 12 13 14 15 16 17 18
12Z AVG MX 2MIN
DY MAX MIN AVG DEP HDD CDD WTR SNW DPTH SPD SPD DIR MIN PSBL S-S WX SPD DR
================================================================================
1 9 -9 0 6 65 0 0.01 M M 12.5 22 240 M M 9 18 25 250
2 0 -14 -7 -2 72 0 0.01 M M 16.1 21 240 M M 9 18 25 230
3 2 -22 -10 -6 75 0 T M M 10.2 14 70 M M 4 8 16 70
4 8 -6 1 5 64 0 0.01 M M 16.3 21 70 M M 7 18 23 70
5 14 7 11 14 54 0 0.09 M M 15.6 20 110 M M 10 18 22 110
6 16 7 12 15 53 0 0.03 M M 7.9 15 300 M M 10 18 18 290
7 9 -12 -1 1 66 0 T M M 12.4 16 330 M M 6 8 20 330
8 -10 -24 -17 -16 82 0 0.00 M M 8.5 16 340 M M 0 8 19 340
9 -9 -25 -17 -16 82 0 0.00 M M 9.5 18 110 M M 0 18 23 110
10 3 -21 -9 -9 74 0 0.00 M M 14.7 20 110 M M 1 8 25 110
11 22 3 13 12 52 0 0.01 M M M M M M M 9 18 M M
12 20 -1 10 9 55 0 0.01 M M M M M M M 7 189 M M
13 8 -2 3 1 62 0 T M M M M M M M 6 18 M M
14 2 -5 -1 -4 66 0 T M M M M M M M 5 8 M M
15 29 1 15 11 50 0 0.13 M M M M M M M 9 189 M M
16 36 9 23 19 42 0 0.03 M M M M M M M 9 189 M M
17 9 2 6 1 59 0 0.01 M M 11.9 17 50 M M 6 18 17 50
18 21 9 15 9 50 0 0.06 M M 20.9 24 90 M M 10 18 28 70
19 30 19 25 19 40 0 M M M 15.5 23 110 M M 10 19 30 110
20 20 7 14 7 51 0 T M M 14.4 15 290 M M 7 1 15 290
21 7 -3 2 -6 63 0 T M M 12.3 15 300 M M 4 1 15 300
================================================================================
SM 246 -80 1277 0 0.40 M 198.7 M 138
================================================================================
AV 11.7 -3.8 13.2 FASTST M M 7 MAX(MPH)
MISC ----> 24 90 30 110
================================================================================
NOTES:
# LAST OF SEVERAL OCCURRENCES
COLUMN 17 PEAK WIND IN M.P.H.
PRELIMINARY LOCAL CLIMATOLOGICAL DATA (WS FORM: F-6) , PAGE 2
STATION: UTQIAGVIK (BARROW) AK
MONTH: APRIL
YEAR: 2024
LATITUDE: 71 17 N
LONGITUDE: 156 47 W
[TEMPERATURE DATA] [PRECIPITATION DATA] SYMBOLS USED IN COLUMN 16
AVERAGE MONTHLY: 4.0 TOTAL FOR MONTH: 0.40 1 = FOG OR MIST
DPTR FM NORMAL: 0.0 DPTR FM NORMAL: 0.27 2 = FOG REDUCING VISIBILITY
HIGHEST: 36 ON 16 GRTST 24HR 0.15 ON 15-16 TO 1/4 MILE OR LESS
LOWEST: -25 ON 9 3 = THUNDER
SNOW, ICE PELLETS, HAIL 4 = ICE PELLETS
TOTAL MONTH: M 5 = HAIL
GRTST 24HR M ON M 6 = FREEZING RAIN OR DRIZZLE
GRTST DEPTH: M ON M 7 = DUSTSTORM OR SANDSTORM:
VSBY 1/2 MILE OR LESS
8 = SMOKE OR HAZE
[NO. OF DAYS WITH] [WEATHER - DAYS WITH] 9 = BLOWING SNOW
X = TORNADO
MAX 32 OR BELOW: 20 0.01 INCH OR MORE: 11
MAX 90 OR ABOVE: 0 0.10 INCH OR MORE: 1
MIN 32 OR BELOW: 21 0.50 INCH OR MORE: 0
MIN 0 OR BELOW: 12 1.00 INCH OR MORE: 0
[HDD (BASE 65) ]
TOTAL THIS MO. 1277 CLEAR (SCALE 0-3) 3
DPTR FM NORMAL -70 PTCLDY (SCALE 4-7) 9
TOTAL FM JUL 1 14429 CLOUDY (SCALE 8-10) 9
DPTR FM NORMAL -1574
[CDD (BASE 65) ]
TOTAL THIS MO. 0
DPTR FM NORMAL 0 [PRESSURE DATA]
TOTAL FM JAN 1 0 HIGHEST SLP M ON M
DPTR FM NORMAL 0 LOWEST SLP 28.94 ON 11
[REMARKS]