000
CXUS53 KGRR 010910
CF6BTL
PRELIMINARY LOCAL CLIMATOLOGICAL DATA (WS FORM: F-6)
STATION: BATTLE CREEK
MONTH: MAY
YEAR: 2022
LATITUDE: 42 17 N
LONGITUDE: 85 14 W
TEMPERATURE IN F: :PCPN: SNOW: WIND :SUNSHINE: SKY :PK WND
================================================================================
1 2 3 4 5 6A 6B 7 8 9 10 11 12 13 14 15 16 17 18
12Z AVG MX 2MIN
DY MAX MIN AVG DEP HDD CDD WTR SNW DPTH SPD SPD DIR MIN PSBL S-S WX SPD DR
================================================================================
1 60 48 54 0 11 0 0.29 M M 11.3 22 210 M M 10 1 30 240
2 53 46 50 -4 15 0 T M M 8.1 16 280 M M 9 20 270
3 53 48 51 -4 14 0 1.21 M M 10.2 18 30 M M 10 1 27 30
4 60 44 52 -3 13 0 0.00 M M 6.4 20 20 M M 7 25 20
5 59 39 49 -6 16 0 0.11 M M 4.4 10 70 M M 5 16 80
6 58 48 53 -3 12 0 0.35 M M 11.6 21 30 M M 9 1 28 30
7 67 45 56 0 9 0 0.00 M M 11.5 20 40 M M 0 28 30
8 68 37 53 -3 12 0 0.00 M M 8.0 16 130 M M 0 27 160
9 77 49 63 6 2 0 0.00 M M 13.7 28 160 M M 0 38 160
10 84 50 67 10 0 2 0.00 M M 9.7 17 170 M M 7 28 140
11 87 66 77 19 0 12 0.00 M M 6.1 17 170 M M 1 20 170
12 86 60 73 15 0 8 0.00 M M 8.0 20 170 M M 0 24 170
13 86 57 72 14 0 7 0.00 M M 7.5 14 210 M M 1 20 170
14 86 60 73 14 0 8 0.00 M M 8.1 20 310 M M 0 26 350
15 83 54 69 10 0 4 0.18 M M 6.8 23 290 M M 3 18 31 290
16 74 54 64 4 1 0 0.01 M M 10.2 28 290 M M 1 1 37 280
17 69 46 58 -2 7 0 0.00 M M 8.0 17 310 M M 0 25 300
18 60 50 55 -5 10 0 0.48 M M 5.6 13 100 M M 10 1 19 100
19 79 52 66 6 0 1 0.02 M M 10.1 18 200 M M 7 18 25 160
20 85 64 75 14 0 10 0.00 M M 14.2 29 220 M M 4 43 220
21 70 57 64 3 1 0 0.33 M M 7.4 21 300 M M 7 13 28 300
22 61 44 53 -9 12 0 T M M 9.2 22 310 M M 5 28 300
23 64 40 52 -10 13 0 0.00 M M 5.8 14 40 M M 3 21 30
24 69 43 56 -6 9 0 0.00 M M 6.9 17 50 M M 1 24 50
25 73 54 64 1 1 0 0.45 M M 9.6 22 160 M M 6 1 30 130
26 74 64 69 6 0 4 0.06 M M 10.1 20 190 M M 5 1 27 200
27 71 60 66 3 0 1 0.27 M M 6.9 15 330 M M 10 18 20 330
28 74 50 62 -2 3 0 0.00 M M 4.7 10 130 M M 2 15 230
29 81 59 70 6 0 5 0.00 M M 10.7 20 170 M M 1 25 170
30 87 66 77 13 0 12 0.00 M M 12.6 22 190 M M 0 31 220
31 89 71 80 15 0 15 0.00 M M 13.2 23 230 M M 2 30 200
================================================================================
SM 2247 1625 161 89 3.76 M 276.6 M 126
================================================================================
AV 72.5 52.4 8.9 FASTST M M 4 MAX(MPH)
MISC ----> 29 220 43 220
================================================================================
NOTES:
# LAST OF SEVERAL OCCURRENCES
COLUMN 17 PEAK WIND IN M.P.H.
PRELIMINARY LOCAL CLIMATOLOGICAL DATA (WS FORM: F-6) , PAGE 2
STATION: BATTLE CREEK
MONTH: MAY
YEAR: 2022
LATITUDE: 42 17 N
LONGITUDE: 85 14 W
[TEMPERATURE DATA] [PRECIPITATION DATA] SYMBOLS USED IN COLUMN 16
AVERAGE MONTHLY: 62.5 TOTAL FOR MONTH: 3.76 1 = FOG OR MIST
DPTR FM NORMAL: 3.1 DPTR FM NORMAL: 0.04 2 = FOG REDUCING VISIBILITY
HIGHEST: 89 ON 31 GRTST 24HR 1.21 ON 3- 3 TO 1/4 MILE OR LESS
LOWEST: 37 ON 8 3 = THUNDER
SNOW, ICE PELLETS, HAIL 4 = ICE PELLETS
TOTAL MONTH: M 5 = HAIL
GRTST 24HR M ON M 6 = FREEZING RAIN OR DRIZZLE
GRTST DEPTH: M ON M 7 = DUSTSTORM OR SANDSTORM:
VSBY 1/2 MILE OR LESS
8 = SMOKE OR HAZE
[NO. OF DAYS WITH] [WEATHER - DAYS WITH] 9 = BLOWING SNOW
X = TORNADO
MAX 32 OR BELOW: 0 0.01 INCH OR MORE: 12
MAX 90 OR ABOVE: 0 0.10 INCH OR MORE: 9
MIN 32 OR BELOW: 0 0.50 INCH OR MORE: 1
MIN 0 OR BELOW: 0 1.00 INCH OR MORE: 1
[HDD (BASE 65) ]
TOTAL THIS MO. 161 CLEAR (SCALE 0-3) 16
DPTR FM NORMAL -57 PTCLDY (SCALE 4-7) 9
TOTAL FM JUL 1 6006 CLOUDY (SCALE 8-10) 6
DPTR FM NORMAL -365
[CDD (BASE 65) ]
TOTAL THIS MO. 89
DPTR FM NORMAL 45 [PRESSURE DATA]
TOTAL FM JAN 1 96 HIGHEST SLP 30.40 ON 23
DPTR FM NORMAL 47 LOWEST SLP 29.39 ON 20
[REMARKS]
#FINAL-05-22#