000
CXUS54 KLIX 010810
CF6BTR
PRELIMINARY LOCAL CLIMATOLOGICAL DATA (WS FORM: F-6)
STATION: BATON ROUGE
MONTH: MAY
YEAR: 2021
LATITUDE: 30 31 N
LONGITUDE: 91 9 W
TEMPERATURE IN F: :PCPN: SNOW: WIND :SUNSHINE: SKY :PK WND
================================================================================
1 2 3 4 5 6A 6B 7 8 9 10 11 12 13 14 15 16 17 18
12Z AVG MX 2MIN
DY MAX MIN AVG DEP HDD CDD WTR SNW DPTH SPD SPD DIR MIN PSBL S-S WX SPD DR
================================================================================
1 80 63 72 0 0 7 T 0.0 M 8.1 17 100 M M 2 32 180
2 81 66 74 2 0 9 0.84 0.0 M 11.7 22 190 M M 8 13 27 180
3 87 74 81 9 0 16 T 0.0 M 11.7 21 180 M M 9 26 160
4 89 71 80 8 0 15 0.96 0.0 M 8.3 26 190 M M 9 13 33 220
5 75 61 68 -5 0 3 0.00 0.0 M 5.7 12 10 M M 8 1 16 360
6 83 58 71 -2 0 6 0.00 0.0 M 5.5 14 10 M M 0 18 10
7 84 56 70 -3 0 5 0.00 0.0 M 3.8 14 290 M M 0 19 300
8 87 56 72 -2 0 7 0.00 0.0 M 8.1 17 180 M M 0 22 180
9 85 64 75 1 0 10 0.39 0.0 M 10.8 21 170 M M 4 13 72 210
10 84 67 76 2 0 11 1.72 0.0 M 4.4 17 60 M M 6 13 26 60
11 81 68 75 1 0 10 1.74 0.0 M 7.8 20 70 M M 6 13 23 80
12 80 67 74 0 0 9 0.18 0.0 M 7.1 16 30 M M 9 1 21 40
13 77 63 70 -5 0 5 0.00 0.0 M 6.9 17 20 M M 8 23 30
14 81 56 69 -6 0 4 0.00 0.0 M 5.1 12 40 M M 2 15 30
15 82 58 70 -5 0 5 0.00 0.0 M 6.4 16 110 M M 1 29 200
16 84 64 74 -2 0 9 0.00 0.0 M 8.8 17 110 M M 2 22 110
17 77 69 73 -3 0 8 4.33 0.0 M 10.7 39 110 M M 9 13 51 120
18 81 67 74 -2 0 9 0.15 0.0 M 7.1 35 120 M M 7 13 44 120
19 83 68 76 0 0 11 T 0.0 M 12.0 25 100 M M 8 3 32 80
20 74 66 70 -6 0 5 2.57 0.0 M 10.2 21 100 M M 10 123 30 80
21 81 69 75 -2 0 10 0.13 0.0 M 14.2 28 100 M M 6 1 36 90
22 85 66 76 -1 0 11 0.00 0.0 M 10.8 20 100 M M 2 29 120
23 85 63 74 -3 0 9 0.00 0.0 M 6.6 15 120 M M 1 19 90
24 84 67 76 -2 0 11 0.00 0.0 M 6.9 15 130 M M 2 1 19 110
25 88 65 77 -1 0 12 0.00 0.0 M 8.2 16 190 M M 4 1 22 190
26 89 70 80 2 0 15 0.00 0.0 M 4.5 13 230 M M 2 15 220
27 90 72 81 3 0 16 0.00 0.0 M 5.7 14 220 M M 5 18 210
28 86 67 77 -1 0 12 0.00 0.0 M 6.1 16 270 M M 2 20 320
29 83 64 74 -4 0 9 0.22 0.0 M 2.9 16 350 M M 3 3 23 360
30 82 59 71 -8 0 6 0.00 0.0 M 6.1 14 50 M M 0 17 40
31 88 60 74 -5 0 9 0.00 0.0 M 6.4 14 130 M M 1 17 120
================================================================================
SM 2576 2004 0 284 13.23 0.0 238.6 M 136
================================================================================
AV 83.1 64.6 7.7 FASTST M M 4 MAX(MPH)
MISC ----> 39 110 72 210
================================================================================
NOTES:
# LAST OF SEVERAL OCCURRENCES
COLUMN 17 PEAK WIND IN M.P.H.
PRELIMINARY LOCAL CLIMATOLOGICAL DATA (WS FORM: F-6) , PAGE 2
STATION: BATON ROUGE
MONTH: MAY
YEAR: 2021
LATITUDE: 30 31 N
LONGITUDE: 91 9 W
[TEMPERATURE DATA] [PRECIPITATION DATA] SYMBOLS USED IN COLUMN 16
AVERAGE MONTHLY: 73.9 TOTAL FOR MONTH: 13.23 1 = FOG OR MIST
DPTR FM NORMAL: -1.6 DPTR FM NORMAL: 8.00 2 = FOG REDUCING VISIBILITY
HIGHEST: 90 ON 27 GRTST 24HR 4.46 ON 17-18 TO 1/4 MILE OR LESS
LOWEST: 56 ON 14, 8 3 = THUNDER
SNOW, ICE PELLETS, HAIL 4 = ICE PELLETS
TOTAL MONTH: 0.0 INCH 5 = HAIL
GRTST 24HR 0.0 6 = FREEZING RAIN OR DRIZZLE
GRTST DEPTH: M ON M 7 = DUSTSTORM OR SANDSTORM:
VSBY 1/2 MILE OR LESS
8 = SMOKE OR HAZE
[NO. OF DAYS WITH] [WEATHER - DAYS WITH] 9 = BLOWING SNOW
X = TORNADO
MAX 32 OR BELOW: 0 0.01 INCH OR MORE: 11
MAX 90 OR ABOVE: 1 0.10 INCH OR MORE: 11
MIN 32 OR BELOW: 0 0.50 INCH OR MORE: 6
MIN 0 OR BELOW: 0 1.00 INCH OR MORE: 4
[HDD (BASE 65) ]
TOTAL THIS MO. 0 CLEAR (SCALE 0-3) 14
DPTR FM NORMAL -4 PTCLDY (SCALE 4-7) 11
TOTAL FM JUL 1 1522 CLOUDY (SCALE 8-10) 6
DPTR FM NORMAL -9
[CDD (BASE 65) ]
TOTAL THIS MO. 284
DPTR FM NORMAL -44 [PRESSURE DATA]
TOTAL FM JAN 1 563 HIGHEST SLP M ON M
DPTR FM NORMAL -9 LOWEST SLP 29.69 ON 2
[REMARKS]
#FINAL-05-21#