000
CXUS56 KLOX 011255
CF6BUR
PRELIMINARY LOCAL CLIMATOLOGICAL DATA (WS FORM: F-6)
STATION: HOLLYWOOD/BURBANK AIRPORT CA
MONTH: FEBRUARY
YEAR: 2023
LATITUDE: 34 12 N
LONGITUDE: 118 22 W
TEMPERATURE IN F: :PCPN: SNOW: WIND :SUNSHINE: SKY :PK WND
================================================================================
1 2 3 4 5 6A 6B 7 8 9 10 11 12 13 14 15 16 17 18
12Z AVG MX 2MIN
DY MAX MIN AVG DEP HDD CDD WTR SNW DPTH SPD SPD DIR MIN PSBL S-S WX SPD DR
================================================================================
1 67 41 54 -2 11 0 0.00 M M 4.4 15 340 M M 0 18 240
2 68 39 54 -2 11 0 0.00 M M 2.1 9 320 M M 0 8 11 320
3 71 46 59 3 6 0 0.00 M M 3.8 12 170 M M 0 13 170
4 72 42 57 1 8 0 0.00 M M 2.3 10 170 M M 0 13 240
5 64 50 57 1 8 0 0.01 M M 6.6 17 270 M M 4 18 21 330
6 68 48 58 2 7 0 0.00 M M 9.2 18 350 M M 0 23 280
7 69 46 58 2 7 0 0.00 M M 4.2 13 10 M M 0 16 360
8 74 44 59 3 6 0 0.00 M M 2.7 13 180 M M 0 15 160
9 78 47 63 7 2 0 0.00 M M 3.9 10 120 M M 0 17 100
10 74 46 60 4 5 0 0.00 M M 2.5 8 180 M M 0 10 140
11 59 45 52 -4 13 0 0.00 M M 7.4 22 110 M M 1 28 230
12 59 41 50 -6 15 0 0.00 M M 4.2 16 160 M M 1 27 130
13 61 43 52 -4 13 0 0.00 M M 5.8 14 200 M M 5 21 170
14 57 43 50 -6 15 0 T M M 7.3 28 350 M M 7 35 10
15 62 40 51 -5 14 0 0.00 M M 9.6 24 20 M M 0 30 30
16 61 38 50 -6 15 0 0.00 M M 3.7 13 190 M M 0 16 190
17 66 42 54 -3 11 0 0.00 M M 3.1 13 150 M M 0 18 100
18 67 41 54 -3 11 0 0.00 M M 2.3 15 190 M M 1 19 200
19 67 39 53 -4 12 0 0.00 M M 4.0 14 180 M M 0 17 110
20 74 43 59 2 6 0 0.00 M M 4.1 13 210 M M 0 17 220
21 63 47 55 -2 10 0 0.00 M M 7.7 22 270 M M 3 28 270
22 55 40 48 -9 17 0 0.01 M M 8.3 24 260 M M 3 29 250
23 51 41 46 -11 19 0 0.17 M M 7.1 20 170 M M 8 13 25 150
24 53 42 48 -9 17 0 4.61 M M 19.8 40 140 M M 10 1 54 150
25 47 41 44 -13 21 0 2.09 M M 6.7 18 90 M M 10 138 24 100
26 51 39 45 -13 20 0 0.00 M M 3.3 12 200 M M 7 1 15 250
27 49 42 46 -12 19 0 0.36 M M 7.6 20 110 M M 10 18 27 100
28 56 42 49 -9 16 0 0.65 M M 6.1 17 200 M M 8 1 21 170
================================================================================
SM 1763 1198 335 0 7.90 M 159.8 M 78
================================================================================
AV 63.0 42.8 5.7 FASTST M M 3 MAX(MPH)
MISC ----> 40 140 54 150
================================================================================
NOTES:
# LAST OF SEVERAL OCCURRENCES
COLUMN 17 PEAK WIND IN M.P.H.
PRELIMINARY LOCAL CLIMATOLOGICAL DATA (WS FORM: F-6) , PAGE 2
STATION: HOLLYWOOD/BURBANK AIRPORT CA
MONTH: FEBRUARY
YEAR: 2023
LATITUDE: 34 12 N
LONGITUDE: 118 22 W
[TEMPERATURE DATA] [PRECIPITATION DATA] SYMBOLS USED IN COLUMN 16
AVERAGE MONTHLY: 52.9 TOTAL FOR MONTH: 7.90 1 = FOG OR MIST
DPTR FM NORMAL: -3.7 DPTR FM NORMAL: 3.95 2 = FOG REDUCING VISIBILITY
HIGHEST: 78 ON 9 GRTST 24HR 5.26 ON 24-25 TO 1/4 MILE OR LESS
LOWEST: 38 ON 16 3 = THUNDER
SNOW, ICE PELLETS, HAIL 4 = ICE PELLETS
TOTAL MONTH: M 5 = HAIL
GRTST 24HR M ON M 6 = FREEZING RAIN OR DRIZZLE
GRTST DEPTH: M ON M 7 = DUSTSTORM OR SANDSTORM:
VSBY 1/2 MILE OR LESS
8 = SMOKE OR HAZE
[NO. OF DAYS WITH] [WEATHER - DAYS WITH] 9 = BLOWING SNOW
X = TORNADO
MAX 32 OR BELOW: 0 0.01 INCH OR MORE: 7
MAX 90 OR ABOVE: 0 0.10 INCH OR MORE: 5
MIN 32 OR BELOW: 0 0.50 INCH OR MORE: 3
MIN 0 OR BELOW: 0 1.00 INCH OR MORE: 2
[HDD (BASE 65) ]
TOTAL THIS MO. 335 CLEAR (SCALE 0-3) 17
DPTR FM NORMAL 93 PTCLDY (SCALE 4-7) 7
TOTAL FM JUL 1 1202 CLOUDY (SCALE 8-10) 4
DPTR FM NORMAL 181
[CDD (BASE 65) ]
TOTAL THIS MO. 0
DPTR FM NORMAL -6 [PRESSURE DATA]
TOTAL FM JAN 1 0 HIGHEST SLP 30.33 ON 2
DPTR FM NORMAL -5 LOWEST SLP 29.59 ON 21
[REMARKS]
#FINAL-02-23#