000
CXUS56 KLOX 020653
CF6BUR
PRELIMINARY LOCAL CLIMATOLOGICAL DATA (WS FORM: F-6)
STATION: HOLLYWOOD/BURBANK AIRPORT CA
MONTH: OCTOBER
YEAR: 2020
LATITUDE: 34 12 N
LONGITUDE: 118 22 W
TEMPERATURE IN F: :PCPN: SNOW: WIND :SUNSHINE: SKY :PK WND
================================================================================
1 2 3 4 5 6A 6B 7 8 9 10 11 12 13 14 15 16 17 18
12Z AVG MX 2MIN
DY MAX MIN AVG DEP HDD CDD WTR SNW DPTH SPD SPD DIR MIN PSBL S-S WX SPD DR
================================================================================
1 104 71 88 18 0 23 0.00 0.0 0 2.5 12 100 M M 0 15 160
2 101 66 84 14 0 19 0.00 0.0 0 4.4 13 160 M M 0 17 100
3 97 65 81 11 0 16 0.00 0.0 0 3.9 12 180 M M 0 13 180
4 95 64 80 11 0 15 0.00 0.0 0 2.6 10 180 M M 0 14 180
5 96 66 81 12 0 16 0.00 0.0 0 2.3 13 170 M M 0 8 19 150
6 94 63 79 10 0 14 0.00 0.0 0 3.1 13 150 M M 0 8 18 90
7 85 61 73 4 0 8 0.00 0.0 0 4.8 13 180 M M 1 18 21 250
8 78 64 71 3 0 6 0.00 0.0 0 4.5 12 170 M M 4 18 19 240
9 75 62 69 1 0 4 0.00 0.0 0 4.4 13 170 M M 3 18 14 160
10 75 63 69 1 0 4 0.00 0.0 0 3.9 13 190 M M 6 15 180
11 80 58 69 1 0 4 0.00 0.0 0 3.3 12 190 M M 0 15 160
12 97 59 78 10 0 13 0.00 0.0 0 2.5 13 140 M M 0 21 130
13 98 63 81 14 0 16 0.00 0.0 0 2.8 14 190 M M 0 17 180
14 97 64 81 14 0 16 0.00 0.0 0 3.7 12 180 M M 0 16 100
15 97 63 80 13 0 15 0.00 0.0 0 3.7 10 180 M M 0 13 160
16 97 65 81 14 0 16 0.00 0.0 0 3.2 12 120 M M 0 15 110
17 89 64 77 10 0 12 0.00 0.0 0 4.1 12 110 M M 0 14 90
18 85 62 74 8 0 9 0.00 0.0 0 4.8 13 180 M M 0 8 18 100
19 82 61 72 6 0 7 0.00 0.0 0 4.2 12 180 M M 2 18 18 100
20 81 60 71 5 0 6 0.00 0.0 0 4.1 12 180 M M 4 18 14 230
21 76 60 68 2 0 3 0.00 0.0 0 5.0 12 180 M M 6 18 16 210
22 70 63 67 1 0 2 0.00 0.0 0 M 9 160 M M 8 8 M M
23 70 63 67 2 0 2 0.00 0.0 0 4.1 10 200 M M 10 13 200
24 69 62 66 1 0 1 0.00 0.0 0 3.5 10 150 M M 9 12 190
25 68 56 62 -3 3 0 0.00 0.0 0 3.9 12 220 M M 8 15 220
26 74 54 64 -1 1 0 0.00 0.0 0 9.1 23 360 M M 0 30 10
27 77 50 64 -1 1 0 0.00 0.0 0 4.4 13 170 M M 0 M M
28 78 49 64 0 1 0 0.00 0.0 M 2.6 12 160 M M 0 8 13 170
29 86 49 68 4 0 3 0.00 0.0 0 3.5 13 140 M M 0 16 150
30 86 51 69 5 0 4 0.00 0.0 0 3.4 12 170 M M 0 16 280
31 89 52 71 7 0 6 0.00 0.0 0 2.8 10 110 M M 0 13 110
================================================================================
SM 2646 1873 6 260 0.00 0.0 115.1 M 61
================================================================================
AV 85.4 60.4 3.8 FASTST M M 2 MAX(MPH)
MISC ----> # 23 360 # 30 10
================================================================================
NOTES:
# LAST OF SEVERAL OCCURRENCES
COLUMN 17 PEAK WIND IN M.P.H.
PRELIMINARY LOCAL CLIMATOLOGICAL DATA (WS FORM: F-6) , PAGE 2
STATION: HOLLYWOOD/BURBANK AIRPORT CA
MONTH: OCTOBER
YEAR: 2020
LATITUDE: 34 12 N
LONGITUDE: 118 22 W
[TEMPERATURE DATA] [PRECIPITATION DATA] SYMBOLS USED IN COLUMN 16
AVERAGE MONTHLY: 72.9 TOTAL FOR MONTH: 0.00 1 = FOG OR MIST
DPTR FM NORMAL: 6.0 DPTR FM NORMAL: -0.97 2 = FOG REDUCING VISIBILITY
HIGHEST: 104 ON 1 GRTST 24HR 0.00 ON 31-31 TO 1/4 MILE OR LESS
LOWEST: 49 ON 29,28 3 = THUNDER
SNOW, ICE PELLETS, HAIL 4 = ICE PELLETS
TOTAL MONTH: 0.0 INCH 5 = HAIL
GRTST 24HR 0.0 6 = FREEZING RAIN OR DRIZZLE
GRTST DEPTH: 0 7 = DUSTSTORM OR SANDSTORM:
VSBY 1/2 MILE OR LESS
8 = SMOKE OR HAZE
[NO. OF DAYS WITH] [WEATHER - DAYS WITH] 9 = BLOWING SNOW
X = TORNADO
MAX 32 OR BELOW: 0 0.01 INCH OR MORE: 0
MAX 90 OR ABOVE: 11 0.10 INCH OR MORE: 0
MIN 32 OR BELOW: 0 0.50 INCH OR MORE: 0
MIN 0 OR BELOW: 0 1.00 INCH OR MORE: 0
[HDD (BASE 65) ]
TOTAL THIS MO. 6 CLEAR (SCALE 0-3) 23
DPTR FM NORMAL -37 PTCLDY (SCALE 4-7) 5
TOTAL FM JUL 1 6 CLOUDY (SCALE 8-10) 3
DPTR FM NORMAL -43
[CDD (BASE 65) ]
TOTAL THIS MO. 260
DPTR FM NORMAL 160 [PRESSURE DATA]
TOTAL FM JAN 1 1902 HIGHEST SLP M ON M
DPTR FM NORMAL 671 LOWEST SLP 29.74 ON 21
[REMARKS]
#FINAL-10-20#