000
CXUS54 KTSA 010840
CF6BVO
PRELIMINARY LOCAL CLIMATOLOGICAL DATA (WS FORM: F-6)
STATION: BARTLESVILLE OKLAHOMA
MONTH: JULY
YEAR: 2020
LATITUDE: 36 45 N
LONGITUDE: 96 0 W
TEMPERATURE IN F: :PCPN: SNOW: WIND :SUNSHINE: SKY :PK WND
================================================================================
1 2 3 4 5 6A 6B 7 8 9 10 11 12 13 14 15 16 17 18
12Z AVG MX 2MIN
DY MAX MIN AVG DEP HDD CDD WTR SNW DPTH SPD SPD DIR MIN PSBL S-S WX SPD DR
================================================================================
1 94 76 85 5 0 20 0.00 0.0 0 7.1 16 150 M M 2 23 150
2 90 72 81 1 0 16 0.00 0.0 0 3.5 15 160 M M 1 13 20 170
3 93 69 81 1 0 16 0.09 0.0 0 2.4 10 150 M M 2 18 19 360
4 94 69 82 2 0 17 0.36 0.0 0 2.1 15 20 M M 2 13 27 360
5 92 68 80 0 0 15 0.00 0.0 0 3.7 13 120 M M 1 12 20 90
6 94 69 82 1 0 17 0.00 0.0 0 2.3 14 30 M M 2 13 20 20
7 94 68 81 0 0 16 0.00 0.0 0 2.2 13 130 M M 2 1 20 110
8 94 69 82 1 0 17 0.00 0.0 0 4.7 16 140 M M 0 1 22 140
9 85 67 76 -5 0 11 1.46 0.0 0 5.4 33 360 M M 3 13 55 350
10 88 70 79 -2 0 14 0.03 0.0 0 3.0 25 210 M M 4 13 42 200
11 95 67 81 0 0 16 0.34 0.0 0 5.7 29 60 M M 4 13 40 70
12 90 65 78 -3 0 13 0.00 0.0 0 3.3 16 10 M M 0 1 21 20
13 88 64 76 -5 0 11 0.05 0.0 0 5.6 17 170 M M 1 24 170
14 94 75 85 4 0 20 0.00 0.0 0 7.5 20 170 M M 2 27 170
15 94 75 85 4 0 20 T 0.0 0 3.1 9 160 M M 1 M M
16 89 71 80 -1 0 15 0.11 0.0 0 4.4 14 10 M M 1 13 24 250
17 94 73 84 3 0 19 0.00 0.0 0 7.3 17 170 M M 1 1 25 160
18 93 77 85 4 0 20 0.00 0.0 0 9.2 20 170 M M 0 28 170
19 94 73 84 3 0 19 0.00 0.0 0 4.3 13 210 M M 1 18 210
20 94 73 84 2 0 19 0.00 0.0 0 6.5 15 150 M M 0 22 160
21 92 72 82 0 0 17 0.00 0.0 0 3.9 15 210 M M 2 23 200
22 94 71 83 1 0 18 0.00 0.0 0 4.2 10 160 M M 2 1 17 150
23 92 69 81 -1 0 16 0.00 0.0 M 3.5 10 140 M M 3 1 17 140
24 95 71 83 1 0 18 0.00 0.0 0 3.5 12 150 M M 1 1 18 130
25 94 70 82 0 0 17 0.00 0.0 0 5.2 14 170 M M 1 19 170
26 95 70 83 1 0 18 0.00 0.0 0 5.3 14 170 M M 1 22 160
27 81 74 78 -4 0 13 0.10 0.0 0 2.3 9 150 M M 6 13 230
28 84 73 79 -3 0 14 0.28 0.0 0 5.0 17 170 M M 9 1 22 170
29 89 70 80 -2 0 15 0.54 0.0 0 4.3 20 10 M M 6 13 31 10
30 90 69 80 -2 0 15 0.42 0.0 0 4.0 15 230 M M 3 13 24 240
31 84 65 75 -6 0 10 0.53 0.0 0 4.2 20 20 M M 6 1 27 20
================================================================================
SM 2833 2184 0 502 4.31 0.0 138.7 M 70
================================================================================
AV 91.4 70.5 4.5 FASTST M M 2 MAX(MPH)
MISC ----> # 33 360 # 55 350
================================================================================
NOTES:
# LAST OF SEVERAL OCCURRENCES
COLUMN 17 PEAK WIND IN M.P.H.
PRELIMINARY LOCAL CLIMATOLOGICAL DATA (WS FORM: F-6) , PAGE 2
STATION: BARTLESVILLE OKLAHOMA
MONTH: JULY
YEAR: 2020
LATITUDE: 36 45 N
LONGITUDE: 96 0 W
[TEMPERATURE DATA] [PRECIPITATION DATA] SYMBOLS USED IN COLUMN 16
AVERAGE MONTHLY: 80.9 TOTAL FOR MONTH: 4.31 1 = FOG OR MIST
DPTR FM NORMAL: -0.2 DPTR FM NORMAL: 0.90 2 = FOG REDUCING VISIBILITY
HIGHEST: 95 ON 26,24 GRTST 24HR 1.46 ON 9- 9 TO 1/4 MILE OR LESS
LOWEST: 64 ON 13 3 = THUNDER
SNOW, ICE PELLETS, HAIL 4 = ICE PELLETS
TOTAL MONTH: 0.0 INCH 5 = HAIL
GRTST 24HR 0.0 6 = FREEZING RAIN OR DRIZZLE
GRTST DEPTH: 0 7 = DUSTSTORM OR SANDSTORM:
VSBY 1/2 MILE OR LESS
8 = SMOKE OR HAZE
[NO. OF DAYS WITH] [WEATHER - DAYS WITH] 9 = BLOWING SNOW
X = TORNADO
MAX 32 OR BELOW: 0 0.01 INCH OR MORE: 12
MAX 90 OR ABOVE: 23 0.10 INCH OR MORE: 9
MIN 32 OR BELOW: 0 0.50 INCH OR MORE: 3
MIN 0 OR BELOW: 0 1.00 INCH OR MORE: 1
[HDD (BASE 65) ]
TOTAL THIS MO. 0 CLEAR (SCALE 0-3) 25
DPTR FM NORMAL 0 PTCLDY (SCALE 4-7) 5
TOTAL FM JUL 1 0 CLOUDY (SCALE 8-10) 1
DPTR FM NORMAL 0
[CDD (BASE 65) ]
TOTAL THIS MO. 502
DPTR FM NORMAL 3 [PRESSURE DATA]
TOTAL FM JAN 1 1000 HIGHEST SLP 30.12 ON 11
DPTR FM NORMAL -19 LOWEST SLP 29.70 ON 1
[REMARKS]
#FINAL-07-20#