000
CXUS53 KLMK 010710
CF6BWG
PRELIMINARY LOCAL CLIMATOLOGICAL DATA (WS FORM: F-6)
STATION: BOWLING GREEN KY
MONTH: JULY
YEAR: 2022
LATITUDE: 36 58 N
LONGITUDE: 86 26 W
TEMPERATURE IN F: :PCPN: SNOW: WIND :SUNSHINE: SKY :PK WND
================================================================================
1 2 3 4 5 6A 6B 7 8 9 10 11 12 13 14 15 16 17 18
12Z AVG MX 2MIN
DY MAX MIN AVG DEP HDD CDD WTR SNW DPTH SPD SPD DIR MIN PSBL S-S WX SPD DR
================================================================================
1 97 76 87 8 0 22 0.00 0.0 0 5.6 14 190 M M 2 25 200
2 93 74 84 5 0 19 0.06 0.0 0 3.6 25 210 M M 3 3 37 210
3 92 73 83 4 0 18 0.00 0.0 0 4.1 14 60 M M 4 1 18 50
4 97 73 85 6 0 20 0.00 0.0 0 4.3 12 200 M M 1 1 17 180
5 101 78 90 11 0 25 0.00 0.0 0 6.3 16 230 M M 1 22 230
6 101 81 91 12 0 26 0.00 0.0 0 6.9 17 270 M M 1 26 270
7 95 74 85 5 0 20 0.33 0.0 0 4.8 21 20 M M 1 13 33 110
8 95 73 84 4 0 19 1.74 0.0 0 4.2 17 50 M M 2 138 26 360
9 87 72 80 0 0 15 0.75 0.0 0 7.0 17 50 M M 8 13 23 50
10 91 70 81 1 0 16 0.00 0.0 0 4.9 15 50 M M 2 20 60
11 92 68 80 0 0 15 0.00 0.0 0 3.2 9 150 M M 0 1 M M
12 92 73 83 3 0 18 0.00 0.0 0 6.1 14 280 M M 2 3 20 320
13 90 68 79 -1 0 14 0.00 0.0 0 3.5 13 280 M M 1 18 310
14 93 68 81 1 0 16 0.00 0.0 0 2.5 10 330 M M 2 8 18 310
15 93 68 81 1 0 16 0.00 0.0 0 1.7 10 80 M M 1 1 17 50
16 93 74 84 4 0 19 0.00 0.0 0 5.8 15 180 M M 1 19 210
17 90 76 83 3 0 18 T 0.0 0 6.7 20 260 M M 3 29 280
18 86 72 79 -1 0 14 0.64 0.0 0 4.1 20 290 M M 6 1 31 290
19 91 70 81 1 0 16 0.00 0.0 0 4.6 14 200 M M 3 1 18 160
20 98 78 88 8 0 23 0.14 0.0 0 9.7 17 250 M M 4 3 25 220
21 92 73 83 3 0 18 0.39 0.0 0 2.6 13 320 M M 2 138 23 270
22 96 69 83 3 0 18 0.00 0.0 0 3.3 12 150 M M 0 18 17 140
23 96 76 86 6 0 21 0.00 0.0 0 6.1 13 190 M M 0 3 21 200
24 93 77 85 5 0 20 0.00 0.0 0 8.1 15 200 M M 1 21 200
25 88 74 81 1 0 16 0.08 0.0 0 4.3 18 240 M M 5 13 29 230
26 85 74 80 0 0 15 T 0.0 0 5.2 15 210 M M 2 21 190
27 94 73 84 4 0 19 1.22 0.0 0 8.1 23 310 M M 4 1238 39 320
28 88 73 81 1 0 16 0.42 0.0 0 5.7 20 270 M M 5 13 28 270
29 84 70 77 -3 0 12 0.00 0.0 0 3.4 9 350 M M 7 15 330
30 83 69 76 -4 0 11 0.00 0.0 0 3.9 12 40 M M 1 14 40
31 83 72 78 -2 0 13 0.10 0.0 0 6.1 16 230 M M 8 18 20 220
================================================================================
SM 2849 2259 0 548 5.87 0.0 156.4 M 83
================================================================================
AV 91.9 72.9 5.0 FASTST M M 3 MAX(MPH)
MISC ----> 25 210 39 320
================================================================================
NOTES:
# LAST OF SEVERAL OCCURRENCES
COLUMN 17 PEAK WIND IN M.P.H.
PRELIMINARY LOCAL CLIMATOLOGICAL DATA (WS FORM: F-6) , PAGE 2
STATION: BOWLING GREEN KY
MONTH: JULY
YEAR: 2022
LATITUDE: 36 58 N
LONGITUDE: 86 26 W
[TEMPERATURE DATA] [PRECIPITATION DATA] SYMBOLS USED IN COLUMN 16
AVERAGE MONTHLY: 82.4 TOTAL FOR MONTH: 5.87 1 = FOG OR MIST
DPTR FM NORMAL: 2.7 DPTR FM NORMAL: 1.59 2 = FOG REDUCING VISIBILITY
HIGHEST: 101 ON 6, 5 GRTST 24HR 2.31 ON 8- 9 TO 1/4 MILE OR LESS
LOWEST: 68 ON 15,14 3 = THUNDER
SNOW, ICE PELLETS, HAIL 4 = ICE PELLETS
TOTAL MONTH: 0.0 INCH 5 = HAIL
GRTST 24HR 0.0 6 = FREEZING RAIN OR DRIZZLE
GRTST DEPTH: 0 7 = DUSTSTORM OR SANDSTORM:
VSBY 1/2 MILE OR LESS
8 = SMOKE OR HAZE
[NO. OF DAYS WITH] [WEATHER - DAYS WITH] 9 = BLOWING SNOW
X = TORNADO
MAX 32 OR BELOW: 0 0.01 INCH OR MORE: 11
MAX 90 OR ABOVE: 23 0.10 INCH OR MORE: 9
MIN 32 OR BELOW: 0 0.50 INCH OR MORE: 4
MIN 0 OR BELOW: 0 1.00 INCH OR MORE: 2
[HDD (BASE 65) ]
TOTAL THIS MO. 0 CLEAR (SCALE 0-3) 20
DPTR FM NORMAL 0 PTCLDY (SCALE 4-7) 10
TOTAL FM JUL 1 0 CLOUDY (SCALE 8-10) 1
DPTR FM NORMAL 0
[CDD (BASE 65) ]
TOTAL THIS MO. 548
DPTR FM NORMAL 92 [PRESSURE DATA]
TOTAL FM JAN 1 1198 HIGHEST SLP M ON M
DPTR FM NORMAL 208 LOWEST SLP 29.69 ON 20
[REMARKS]
#FINAL-07-22#