000
CXUS51 KLWX 010815
CF6BWI
PRELIMINARY LOCAL CLIMATOLOGICAL DATA (WS FORM: F-6)
STATION: BALTIMORE MD
MONTH: MAY
YEAR: 2022
LATITUDE: 39 10 N
LONGITUDE: 76 40 W
TEMPERATURE IN F: :PCPN: SNOW: WIND :SUNSHINE: SKY :PK WND
================================================================================
1 2 3 4 5 6A 6B 7 8 9 10 11 12 13 14 15 16 17 18
12Z AVG MX 2MIN
DY MAX MIN AVG DEP HDD CDD WTR SNW DPTH SPD SPD DIR MIN PSBL S-S WX SPD DR
================================================================================
1 66 44 55 -5 10 0 0.22 0.0 0 4.4 14 110 M M 9 20 110
2 80 52 66 5 0 1 0.00 0.0 0 4.1 17 270 M M 5 24 250
3 72 53 63 2 2 0 0.16 0.0 0 10.3 16 110 M M 8 138 23 100
4 74 53 64 3 1 0 0.41 0.0 0 3.1 15 30 M M 8 138 20 30
5 68 56 62 1 3 0 0.00 0.0 0 3.7 13 50 M M 8 21 20
6 60 52 56 -6 9 0 1.07 0.0 0 9.3 23 70 M M 10 1 35 70
7 54 46 50 -12 15 0 1.25 0.0 0 16.9 29 50 M M 10 13 40 40
8 58 40 49 -13 16 0 0.00 0.0 0 11.1 22 50 M M 8 18 32 30
9 70 39 55 -7 10 0 0.00 0.0 0 6.9 18 50 M M 1 30 50
10 74 50 62 -1 3 0 0.00 0.0 0 10.0 18 50 M M 3 29 20
11 75 47 61 -2 4 0 0.00 0.0 0 7.5 16 20 M M 4 29 10
12 77 56 67 4 0 2 0.01 0.0 0 8.7 18 80 M M 6 8 25 50
13 74 64 69 5 0 4 0.58 0.0 0 8.7 15 70 M M 9 138 21 70
14 69 64 67 3 0 2 0.03 0.0 0 4.5 10 100 M M 10 12 13 100
15 83 64 74 10 0 9 T 0.0 0 3.0 13 310 M M 9 12 20 320
16 82 57 70 6 0 5 0.06 0.0 0 7.0 25 280 M M 6 1 37 270
17 83 54 69 4 0 4 0.00 0.0 0 10.1 23 280 M M 2 35 300
18 75 52 64 -1 1 0 0.01 0.0 0 5.0 12 280 M M 6 20 300
19 84 59 72 7 0 7 0.13 0.0 0 6.9 21 270 M M 7 1 27 280
20 90 58 74 9 0 9 0.00 0.0 0 5.1 14 230 M M 7 23 220
21 95 69 82 16 0 17 0.00 0.0 0 5.6 14 170 M M 6 21 210
22 92 69 81 15 0 16 0.91 0.0 0 5.8 37 260 M M 7 13 53 260
23 75 61 68 2 0 3 T 0.0 0 5.8 14 20 M M 8 27 10
24 67 60 64 -3 1 0 0.20 0.0 0 8.5 23 80 M M 10 1 32 70
25 74 58 66 -1 0 1 0.00 0.0 0 8.9 17 110 M M 8 27 100
26 73 60 67 0 0 2 T 0.0 0 5.5 13 120 M M 10 18 18 130
27 79 64 72 5 0 7 0.32 0.0 0 6.9 28 220 M M 10 13 43 250
28 81 63 72 4 0 7 0.03 0.0 0 9.3 18 250 M M 6 26 320
29 83 59 71 3 0 6 0.00 0.0 0 3.4 12 130 M M 3 18 310
30 92 62 77 9 0 12 0.00 0.0 0 4.2 10 160 M M 2 16 170
31 96 67 82 13 0 17 0.00 0.0 0 4.8 14 290 M M 4 1 24 360
================================================================================
SM 2375 1752 75 131 5.39 0.0 215.0 M 210
================================================================================
AV 76.6 56.5 6.9 FASTST M M 7 MAX(MPH)
MISC ----> 37 260 53 260
================================================================================
NOTES:
# LAST OF SEVERAL OCCURRENCES
COLUMN 17 PEAK WIND IN M.P.H.
PRELIMINARY LOCAL CLIMATOLOGICAL DATA (WS FORM: F-6) , PAGE 2
STATION: BALTIMORE MD
MONTH: MAY
YEAR: 2022
LATITUDE: 39 10 N
LONGITUDE: 76 40 W
[TEMPERATURE DATA] [PRECIPITATION DATA] SYMBOLS USED IN COLUMN 16
AVERAGE MONTHLY: 66.6 TOTAL FOR MONTH: 5.39 1 = FOG OR MIST
DPTR FM NORMAL: 2.2 DPTR FM NORMAL: 1.54 2 = FOG REDUCING VISIBILITY
HIGHEST: 96 ON 31 GRTST 24HR 1.86 ON 6- 7 TO 1/4 MILE OR LESS
LOWEST: 39 ON 9 3 = THUNDER
SNOW, ICE PELLETS, HAIL 4 = ICE PELLETS
TOTAL MONTH: 0.0 INCH 5 = HAIL
GRTST 24HR 0.0 6 = FREEZING RAIN OR DRIZZLE
GRTST DEPTH: 0 7 = DUSTSTORM OR SANDSTORM:
VSBY 1/2 MILE OR LESS
8 = SMOKE OR HAZE
[NO. OF DAYS WITH] [WEATHER - DAYS WITH] 9 = BLOWING SNOW
X = TORNADO
MAX 32 OR BELOW: 0 0.01 INCH OR MORE: 15
MAX 90 OR ABOVE: 5 0.10 INCH OR MORE: 10
MIN 32 OR BELOW: 0 0.50 INCH OR MORE: 4
MIN 0 OR BELOW: 0 1.00 INCH OR MORE: 2
[HDD (BASE 65) ]
TOTAL THIS MO. 75 CLEAR (SCALE 0-3) 5
DPTR FM NORMAL -34 PTCLDY (SCALE 4-7) 17
TOTAL FM JUL 1 3878 CLOUDY (SCALE 8-10) 9
DPTR FM NORMAL -597
[CDD (BASE 65) ]
TOTAL THIS MO. 131
DPTR FM NORMAL 41 [PRESSURE DATA]
TOTAL FM JAN 1 146 HIGHEST SLP 30.35 ON 25
DPTR FM NORMAL 35 LOWEST SLP 29.53 ON 7
[REMARKS]
#FINAL-05-22#