286
CXUS55 KRIW 011146
CF6BYG
PRELIMINARY LOCAL CLIMATOLOGICAL DATA (WS FORM: F-6)
STATION: BUFFALO WY
MONTH: JANUARY
YEAR: 2021
LATITUDE: 44 22 N
LONGITUDE: 106 43 W
TEMPERATURE IN F: :PCPN: SNOW: WIND :SUNSHINE: SKY :PK WND
================================================================================
1 2 3 4 5 6A 6B 7 8 9 10 11 12 13 14 15 16 17 18
12Z AVG MX 2MIN
DY MAX MIN AVG DEP HDD CDD WTR SNW DPTH SPD SPD DIR MIN PSBL S-S WX SPD DR
================================================================================
1 42 21 32 5 33 0 0.00 M M 7.4 16 160 M M 0 22 170
2 42 24 33 6 32 0 0.00 M M 8.3 22 360 M M 3 32 360
3 49 22 36 9 29 0 0.00 M M 7.1 29 350 M M 3 38 350
4 47 20 34 7 31 0 0.00 M M 5.7 13 160 M M 0 16 150
5 43 18 31 4 34 0 T M M 14.5 40 320 M M 5 1 55 310
6 43 20 32 4 33 0 0.00 M M 6.8 14 250 M M 0 16 130
7 39 26 33 5 32 0 0.02 M M 9.9 25 320 M M 5 1 35 310
8 33 28 31 3 34 0 0.01 M M 4.8 15 340 M M 10 1 22 310
9 33 21 27 -1 38 0 0.00 M M 3.5 9 190 M M 10 12 13 180
10 38 14 26 -2 39 0 0.00 M M 3.4 10 250 M M 0 11 180
11 44 27 36 8 29 0 0.00 M M 7.0 13 150 M M 0 16 150
12 48 30 39 11 26 0 0.00 M M 6.3 13 160 M M 1 18 150
13 64 30 47 19 18 0 T M M 16.7 52 300 M M 2 70 290
14 34 25 30 2 35 0 T M M 30.2 44 330 M M 6 65 320
15 42 21 32 4 33 0 T M M 9.7 29 330 M M 3 44 330
16 39 23 31 3 34 0 T M M 19.8 39 330 M M 6 63 350
17 44 22 33 5 32 0 0.02 M M 10.6 45 330 M M 6 18 68 320
18 32 25 29 1 36 0 0.01 M M 21.0 37 320 M M 7 1 50 320
19 34 14 24 -4 41 0 T M M 9.7 32 330 M M 1 45 340
20 43 23 33 5 32 0 0.00 M M 4.9 13 320 M M 0 18 320
21 30 20 25 -3 40 0 T M M 5.8 13 330 M M 7 1 19 330
22 30 20 25 -3 40 0 0.02 M M 6.3 21 180 M M 9 1 26 180
23 23 16 20 -8 45 0 T M M 8.1 16 360 M M 9 1 21 330
24 36 6 21 -7 44 0 0.00 M M 4.4 10 330 M M 1 12 14 170
25 32 11 22 -6 43 0 0.00 M M 5.6 10 60 M M 4 1 15 60
26 23 7 15 -13 50 0 0.00 M M 11.8 22 150 M M 8 1 29 150
27 36 5 21 -7 44 0 0.00 M M 5.8 14 170 M M 0 19 180
28 52 17 35 8 30 0 0.00 M M 7.3 24 150 M M 0 32 140
29 53 29 41 14 24 0 0.00 M M 8.7 28 230 M M 3 39 230
30 37 25 31 4 34 0 T M M 7.9 18 350 M M 6 1 24 350
31 47 22 35 8 30 0 0.00 M M 6.7 12 140 M M 0 16 150
================================================================================
SM 1232 632 1075 0 0.08 M 285.7 M 115
================================================================================
AV 39.7 20.4 9.2 FASTST M M 4 MAX(MPH)
MISC ----> 52 300 70 290
================================================================================
NOTES:
# LAST OF SEVERAL OCCURRENCES
COLUMN 17 PEAK WIND IN M.P.H.
PRELIMINARY LOCAL CLIMATOLOGICAL DATA (WS FORM: F-6) , PAGE 2
STATION: BUFFALO WY
MONTH: JANUARY
YEAR: 2021
LATITUDE: 44 22 N
LONGITUDE: 106 43 W
[TEMPERATURE DATA] [PRECIPITATION DATA] SYMBOLS USED IN COLUMN 16
AVERAGE MONTHLY: 30.1 TOTAL FOR MONTH: 0.08 1 = FOG OR MIST
DPTR FM NORMAL: 2.5 DPTR FM NORMAL: -0.34 2 = FOG REDUCING VISIBILITY
HIGHEST: 64 ON 13 GRTST 24HR 0.08 ON 30-30 TO 1/4 MILE OR LESS
LOWEST: 5 ON 27 3 = THUNDER
SNOW, ICE PELLETS, HAIL 4 = ICE PELLETS
TOTAL MONTH: M 5 = HAIL
GRTST 24HR M ON M 6 = FREEZING RAIN OR DRIZZLE
GRTST DEPTH: M ON M 7 = DUSTSTORM OR SANDSTORM:
VSBY 1/2 MILE OR LESS
8 = SMOKE OR HAZE
[NO. OF DAYS WITH] [WEATHER - DAYS WITH] 9 = BLOWING SNOW
X = TORNADO
MAX 32 OR BELOW: 6 0.01 INCH OR MORE: 5
MAX 90 OR ABOVE: 0 0.10 INCH OR MORE: 0
MIN 32 OR BELOW: 31 0.50 INCH OR MORE: 0
MIN 0 OR BELOW: 0 1.00 INCH OR MORE: 0
[HDD (BASE 65) ]
TOTAL THIS MO. 1075 CLEAR (SCALE 0-3) 17
DPTR FM NORMAL -85 PTCLDY (SCALE 4-7) 10
TOTAL FM JUL 1 3654 CLOUDY (SCALE 8-10) 4
DPTR FM NORMAL -551
[CDD (BASE 65) ]
TOTAL THIS MO. 0
DPTR FM NORMAL 0 [PRESSURE DATA]
TOTAL FM JAN 1 0 HIGHEST SLP 30.48 ON 19
DPTR FM NORMAL 0 LOWEST SLP 29.52 ON 29
[REMARKS]
#FINAL-01-21#