753
CXUS56 KTFX 011110
CF6BZN
PRELIMINARY LOCAL CLIMATOLOGICAL DATA (WS FORM: F-6)
STATION: BOZEMAN/GALLATIN FIELD MT
MONTH: MAY
YEAR: 2020
LATITUDE: 45 46 N
LONGITUDE: 111 9 W
TEMPERATURE IN F: :PCPN: SNOW: WIND :SUNSHINE: SKY :PK WND
================================================================================
1 2 3 4 5 6A 6B 7 8 9 10 11 12 13 14 15 16 17 18
12Z AVG MX 2MIN
DY MAX MIN AVG DEP HDD CDD WTR SNW DPTH SPD SPD DIR MIN PSBL S-S WX SPD DR
================================================================================
1 63 41 52 3 13 0 0.00 0.0 0 5.2 16 280 M M 5 20 280
2 69 33 51 1 14 0 0.02 0.0 0 5.1 30 270 M M 2 36 250
3 61 37 49 -1 16 0 0.08 0.0 0 7.5 33 300 M M 5 3 40 290
4 60 29 45 -5 20 0 0.00 0.0 0 7.5 24 260 M M 3 38 270
5 66 31 49 -2 16 0 0.00 0.0 0 5.1 15 310 M M 0 18 320
6 73 38 56 5 9 0 T 0.0 0 11.3 39 300 M M 5 50 300
7 53 33 43 -8 22 0 T T 0 7.9 26 290 M M 6 8 33 290
8 53 27 40 -12 25 0 0.08 0.0 0 6.6 20 240 M M 7 23 260
9 59 35 47 -5 18 0 0.00 0.0 0 6.1 16 360 M M 5 20 360
10 57 31 44 -8 21 0 0.00 0.0 0 9.4 23 70 M M 3 29 60
11 46 32 39 -13 26 0 0.07 T 0 5.5 16 150 M M 7 1 19 140
12 61 33 47 -6 18 0 0.08 0.0 0 5.8 22 350 M M 6 1 26 350
13 60 40 50 -3 15 0 0.23 0.0 0 5.9 29 290 M M 8 1 36 300
14 63 35 49 -4 16 0 0.01 0.0 0 3.4 25 290 M M 5 35 280
15 55 44 50 -4 15 0 0.09 0.0 0 7.4 17 280 M M 10 1 20 290
16 67 44 56 2 9 0 0.00 0.0 0 4.5 15 150 M M 4 18 150
17 71 41 56 2 9 0 T 0.0 0 3.6 17 130 M M 4 21 130
18 77 47 62 8 3 0 0.00 0.0 0 5.4 21 290 M M 1 8 28 290
19 72 45 59 4 6 0 T 0.0 0 7.5 17 280 M M 3 23 260
20 68 46 57 2 8 0 T 0.0 0 10.6 29 240 M M 8 38 250
21 64 43 54 -1 11 0 T 0.0 0 16.2 35 230 M M 8 43 240
22 59 34 47 -8 18 0 0.00 0.0 0 5.5 16 330 M M 5 21 320
23 47 38 43 -13 22 0 0.04 0.0 0 7.9 16 170 M M 10 1 19 160
24 62 40 51 -5 14 0 0.05 0.0 0 3.4 12 260 M M 9 16 280
25 70 35 53 -3 12 0 0.02 0.0 0 5.2 15 280 M M 3 17 280
26 74 51 63 7 2 0 0.02 0.0 0 5.7 18 300 M M 7 23 320
27 76 45 61 4 4 0 0.00 0.0 0 6.3 22 150 M M 1 25 160
28 77 40 59 2 6 0 0.00 0.0 0 6.1 20 150 M M 0 24 140
29 81 49 65 8 0 0 0.01 0.0 0 6.2 15 130 M M 2 20 130
30 85 51 68 11 0 3 0.05 0.0 0 8.9 28 160 M M 1 3 35 160
31 85 52 69 11 0 4 T 0.0 0 11.6 38 220 M M 1 49 220
================================================================================
SM 2034 1220 388 7 0.85 T 214.3 M 144
================================================================================
AV 65.6 39.4 6.9 FASTST M M 5 MAX(MPH)
MISC ----> 39 300 50 300
================================================================================
NOTES:
# LAST OF SEVERAL OCCURRENCES
COLUMN 17 PEAK WIND IN M.P.H.
PRELIMINARY LOCAL CLIMATOLOGICAL DATA (WS FORM: F-6) , PAGE 2
STATION: BOZEMAN/GALLATIN FIELD MT
MONTH: MAY
YEAR: 2020
LATITUDE: 45 46 N
LONGITUDE: 111 9 W
[TEMPERATURE DATA] [PRECIPITATION DATA] SYMBOLS USED IN COLUMN 16
AVERAGE MONTHLY: 52.5 TOTAL FOR MONTH: 0.85 1 = FOG OR MIST
DPTR FM NORMAL: -1.1 DPTR FM NORMAL: -1.60 2 = FOG REDUCING VISIBILITY
HIGHEST: 85 ON 31,30 GRTST 24HR 0.31 ON 12-13 TO 1/4 MILE OR LESS
LOWEST: 27 ON 8 3 = THUNDER
SNOW, ICE PELLETS, HAIL 4 = ICE PELLETS
TOTAL MONTH: T 5 = HAIL
GRTST 24HR T ON 7- 7 6 = FREEZING RAIN OR DRIZZLE
GRTST DEPTH: 0 7 = DUSTSTORM OR SANDSTORM:
VSBY 1/2 MILE OR LESS
8 = SMOKE OR HAZE
[NO. OF DAYS WITH] [WEATHER - DAYS WITH] 9 = BLOWING SNOW
X = TORNADO
MAX 32 OR BELOW: 0 0.01 INCH OR MORE: 14
MAX 90 OR ABOVE: 0 0.10 INCH OR MORE: 1
MIN 32 OR BELOW: 5 0.50 INCH OR MORE: 0
MIN 0 OR BELOW: 0 1.00 INCH OR MORE: 0
[HDD (BASE 65) ]
TOTAL THIS MO. 388 CLEAR (SCALE 0-3) 12
DPTR FM NORMAL 32 PTCLDY (SCALE 4-7) 15
TOTAL FM JUL 1 7954 CLOUDY (SCALE 8-10) 4
DPTR FM NORMAL 537
[CDD (BASE 65) ]
TOTAL THIS MO. 7
DPTR FM NORMAL 3 [PRESSURE DATA]
TOTAL FM JAN 1 7 HIGHEST SLP 30.42 ON 9
DPTR FM NORMAL 3 LOWEST SLP 29.59 ON 18
[REMARKS]
#FINAL-05-20#