000
CXUS52 KCAE 011500
CF6CAE
PRELIMINARY LOCAL CLIMATOLOGICAL DATA (WS FORM: F-6)
STATION: COLUMBIA METRO AIRPORT SC
MONTH: JANUARY
YEAR: 2023
LATITUDE: 33 57 N
LONGITUDE: 81 7 W
TEMPERATURE IN F: :PCPN: SNOW: WIND :SUNSHINE: SKY :PK WND
================================================================================
1 2 3 4 5 6A 6B 7 8 9 10 11 12 13 14 15 16 17 18
12Z AVG MX 2MIN
DY MAX MIN AVG DEP HDD CDD WTR SNW DPTH SPD SPD DIR MIN PSBL S-S WX SPD DR
================================================================================
1 69 47 58 12 7 0 0.00 0.0 0 3.4 10 260 M M 8 12 14 230
2 73 44 59 13 6 0 0.00 0.0 0 2.0 10 220 M M 5 12 16 230
3 73 52 63 17 2 0 0.54 0.0 0 5.4 20 200 M M 7 13 24 200
4 68 60 64 18 1 0 0.66 0.0 0 6.9 25 320 M M 9 13 35 320
5 69 44 57 11 8 0 0.00 0.0 0 6.0 23 250 M M 4 12 31 250
6 61 35 48 2 17 0 0.00 0.0 0 4.6 13 320 M M 1 19 310
7 63 32 48 2 17 0 0.00 0.0 0 1.2 12 300 M M 4 1 15 320
8 65 38 52 6 13 0 T 0.0 0 4.2 13 160 M M 8 15 150
9 59 38 49 4 16 0 T 0.0 0 6.4 17 270 M M 5 1 21 270
10 63 33 48 3 17 0 0.00 0.0 0 3.4 14 230 M M 4 18 19 240
11 67 32 50 5 15 0 0.00 0.0 0 3.3 12 180 M M 5 18 15 180
12 72 54 63 18 2 0 0.40 0.0 0 9.3 22 170 M M 8 13 26 160
13 59 43 51 6 14 0 T 0.0 0 11.2 22 320 M M 7 29 310
14 50 36 43 -2 22 0 0.00 0.0 0 11.2 20 300 M M 2 28 300
15 57 25 41 -4 24 0 0.00 0.0 0 4.1 10 300 M M 2 14 310
16 62 26 44 -1 21 0 0.00 0.0 0 1.9 12 210 M M 5 15 190
17 61 48 55 9 10 0 0.08 0.0 0 5.8 15 240 M M 9 1 20 230
18 68 54 61 15 4 0 0.00 0.0 0 4.8 12 230 M M 9 1 14 240
19 74 55 65 19 0 0 0.00 0.0 0 9.6 23 200 M M 6 1 31 200
20 65 43 54 8 11 0 0.00 0.0 0 9.5 20 270 M M 2 25 270
21 50 43 47 1 18 0 0.01 0.0 0 6.7 17 70 M M 8 20 70
22 49 40 45 -1 20 0 2.41 0.0 0 5.3 14 50 M M 10 13 19 40
23 55 33 44 -2 21 0 0.00 0.0 0 12.3 25 280 M M 4 1 30 290
24 57 26 42 -4 23 0 0.00 0.0 0 2.6 13 170 M M 1 17 170
25 66 42 54 8 11 0 1.18 0.0 0 10.5 29 280 M M 10 1 35 280
26 54 40 47 1 18 0 0.00 0.0 0 13.7 26 270 M M 2 33 280
27 51 29 40 -6 25 0 0.00 0.0 0 5.5 16 280 M M 3 20 280
28 59 27 43 -3 22 0 0.00 0.0 0 2.6 13 180 M M 4 18 190
29 54 31 43 -3 22 0 0.38 0.0 0 1.4 7 310 M M 8 18 8 90
30 63 49 56 10 9 0 0.13 0.0 0 1.8 8 170 M M 10 18 9 140
31 68 55 62 16 3 0 0.00 0.0 0 4.7 12 230 M M 9 12 17 120
================================================================================
SM 1924 1254 419 0 5.79 0.0 181.3 M 179
================================================================================
AV 62.1 40.5 5.8 FASTST M M 6 MAX(MPH)
MISC ----> 29 280 # 35 320
================================================================================
NOTES:
# LAST OF SEVERAL OCCURRENCES
COLUMN 17 PEAK WIND IN M.P.H.
PRELIMINARY LOCAL CLIMATOLOGICAL DATA (WS FORM: F-6) , PAGE 2
STATION: COLUMBIA METRO AIRPORT SC
MONTH: JANUARY
YEAR: 2023
LATITUDE: 33 57 N
LONGITUDE: 81 7 W
[TEMPERATURE DATA] [PRECIPITATION DATA] SYMBOLS USED IN COLUMN 16
AVERAGE MONTHLY: 51.3 TOTAL FOR MONTH: 5.79 1 = FOG OR MIST
DPTR FM NORMAL: 5.6 DPTR FM NORMAL: 2.30 2 = FOG REDUCING VISIBILITY
HIGHEST: 74 ON 19 GRTST 24HR 2.41 ON 22-22 TO 1/4 MILE OR LESS
LOWEST: 25 ON 15 3 = THUNDER
SNOW, ICE PELLETS, HAIL 4 = ICE PELLETS
TOTAL MONTH: 0.0 INCH 5 = HAIL
GRTST 24HR 0.0 6 = FREEZING RAIN OR DRIZZLE
GRTST DEPTH: 0 7 = DUSTSTORM OR SANDSTORM:
VSBY 1/2 MILE OR LESS
8 = SMOKE OR HAZE
[NO. OF DAYS WITH] [WEATHER - DAYS WITH] 9 = BLOWING SNOW
X = TORNADO
MAX 32 OR BELOW: 0 0.01 INCH OR MORE: 9
MAX 90 OR ABOVE: 0 0.10 INCH OR MORE: 7
MIN 32 OR BELOW: 8 0.50 INCH OR MORE: 4
MIN 0 OR BELOW: 0 1.00 INCH OR MORE: 2
[HDD (BASE 65) ]
TOTAL THIS MO. 419 CLEAR (SCALE 0-3) 7
DPTR FM NORMAL -181 PTCLDY (SCALE 4-7) 17
TOTAL FM JUL 1 1379 CLOUDY (SCALE 8-10) 7
DPTR FM NORMAL -218
[CDD (BASE 65) ]
TOTAL THIS MO. 0
DPTR FM NORMAL -2 [PRESSURE DATA]
TOTAL FM JAN 1 0 HIGHEST SLP 30.46 ON 28
DPTR FM NORMAL -2 LOWEST SLP 29.73 ON 25
[REMARKS]
#FINAL-01-23#