296
CXUS55 KGJT 010910
CF6CAG
PRELIMINARY LOCAL CLIMATOLOGICAL DATA (WS FORM: F-6)
STATION: CRAIG CO
MONTH: MARCH
YEAR: 2021
LATITUDE: 40 30 N
LONGITUDE: 107 32 W
TEMPERATURE IN F: :PCPN: SNOW: WIND :SUNSHINE: SKY :PK WND
================================================================================
1 2 3 4 5 6A 6B 7 8 9 10 11 12 13 14 15 16 17 18
12Z AVG MX 2MIN
DY MAX MIN AVG DEP HDD CDD WTR SNW DPTH SPD SPD DIR MIN PSBL S-S WX SPD DR
================================================================================
1 37 1 19 -7 46 0 0.00 M M 4.4 15 60 M M 0 18 70
2 45 7 26 0 39 0 0.00 M M 3.8 15 70 M M 0 21 60
3 51 9 30 4 35 0 0.00 M M 4.0 15 70 M M 0 20 60
4 40 21 31 4 34 0 0.03 M M 4.5 17 60 M M 7 18 21 60
5 48 18 33 6 32 0 0.00 M M 4.2 15 70 M M 2 12 20 80
6 55 18 37 9 28 0 0.00 M M 5.5 24 220 M M 0 32 210
7 56 21 39 11 26 0 0.00 M M 2.3 9 80 M M 0 12 60
8 56 26 41 12 24 0 0.00 M M 6.8 31 200 M M 2 41 200
9 54 33 44 15 21 0 0.10 M M 8.5 26 200 M M 2 1 40 200
10 34 15 25 -5 40 0 0.29 M M 10.0 24 250 M M 6 12 31 250
11 40 13 27 -3 38 0 0.06 M M 5.0 18 230 M M 6 12 25 260
12 44 23 34 3 31 0 0.01 M M 5.9 16 50 M M 5 1 22 50
13 41 19 30 -1 35 0 0.16 M M 4.4 17 270 M M 6 1 19 270
14 35 24 30 -2 35 0 0.06 M M 7.3 28 350 M M 8 1 37 350
15 46 26 36 4 29 0 0.02 M M 4.3 13 60 M M 7 1 18 20
16 46 25 36 3 29 0 0.17 M M 5.3 22 350 M M 7 12 30 360
17 46 24 35 2 30 0 0.00 M M 3.8 10 240 M M 2 15 360
18 55 20 38 4 27 0 0.00 M M 3.4 12 120 M M 3 16 120
19 63 22 43 9 22 0 0.00 M M 5.7 20 220 M M 0 25 240
20 63 27 45 11 20 0 0.12 M M 12.0 36 210 M M 2 1 47 220
21 42 27 35 0 30 0 T M M 3.6 10 230 M M 9 1 14 300
22 46 20 33 -2 32 0 0.00 M M 3.4 15 270 M M 6 21 220
23 43 26 35 -1 30 0 T M M 6.9 21 340 M M 9 1 27 30
24 45 20 33 -3 32 0 0.00 M M 4.0 15 270 M M 3 20 280
25 41 19 30 -6 35 0 0.09 M M 4.5 22 210 M M 9 18 31 220
26 42 29 36 -1 29 0 0.03 M M 7.4 24 280 M M 9 18 30 290
27 49 23 36 -1 29 0 0.00 M M 5.1 16 280 M M 6 22 340
28 61 19 40 2 25 0 0.00 M M 8.4 23 240 M M 0 32 220
29 63 25 44 6 21 0 0.00 M M 17.0 38 220 M M 4 58 200
30 40 14 27 -11 38 0 0.00 M M 8.7 23 320 M M 2 33 290
31 50 12 31 -7 34 0 0.00 M M 2.8 14 260 M M 0 21 290
================================================================================
SM 1477 626 956 0 1.14 M 182.9 M 122
================================================================================
AV 47.6 20.2 5.9 FASTST M M 4 MAX(MPH)
MISC ----> 38 220 58 200
================================================================================
NOTES:
# LAST OF SEVERAL OCCURRENCES
COLUMN 17 PEAK WIND IN M.P.H.
PRELIMINARY LOCAL CLIMATOLOGICAL DATA (WS FORM: F-6) , PAGE 2
STATION: CRAIG CO
MONTH: MARCH
YEAR: 2021
LATITUDE: 40 30 N
LONGITUDE: 107 32 W
[TEMPERATURE DATA] [PRECIPITATION DATA] SYMBOLS USED IN COLUMN 16
AVERAGE MONTHLY: 33.9 TOTAL FOR MONTH: 1.14 1 = FOG OR MIST
DPTR FM NORMAL: 1.6 DPTR FM NORMAL: -0.15 2 = FOG REDUCING VISIBILITY
HIGHEST: 63 ON 29,20 GRTST 24HR 0.39 ON 9-10 TO 1/4 MILE OR LESS
LOWEST: 1 ON 1 3 = THUNDER
SNOW, ICE PELLETS, HAIL 4 = ICE PELLETS
TOTAL MONTH: M 5 = HAIL
GRTST 24HR M ON M 6 = FREEZING RAIN OR DRIZZLE
GRTST DEPTH: M ON M 7 = DUSTSTORM OR SANDSTORM:
VSBY 1/2 MILE OR LESS
8 = SMOKE OR HAZE
[NO. OF DAYS WITH] [WEATHER - DAYS WITH] 9 = BLOWING SNOW
X = TORNADO
MAX 32 OR BELOW: 0 0.01 INCH OR MORE: 12
MAX 90 OR ABOVE: 0 0.10 INCH OR MORE: 5
MIN 32 OR BELOW: 30 0.50 INCH OR MORE: 0
MIN 0 OR BELOW: 0 1.00 INCH OR MORE: 0
[HDD (BASE 65) ]
TOTAL THIS MO. 956 CLEAR (SCALE 0-3) 16
DPTR FM NORMAL -56 PTCLDY (SCALE 4-7) 11
TOTAL FM JUL 1 7104 CLOUDY (SCALE 8-10) 4
DPTR FM NORMAL -235
[CDD (BASE 65) ]
TOTAL THIS MO. 0
DPTR FM NORMAL 0 [PRESSURE DATA]
TOTAL FM JAN 1 0 HIGHEST SLP M ON M
DPTR FM NORMAL 0 LOWEST SLP 29.54 ON 29
[REMARKS]
#FINAL-03-21#