000
CXUS55 KABQ 031346
CF6CAO
PRELIMINARY LOCAL CLIMATOLOGICAL DATA (WS FORM: F-6)
STATION: CLAYTON NM
MONTH: OCTOBER
YEAR: 2021
LATITUDE: 36 27 N
LONGITUDE: 103 9 W
TEMPERATURE IN F: :PCPN: SNOW: WIND :SUNSHINE: SKY :PK WND
================================================================================
1 2 3 4 5 6A 6B 7 8 9 10 11 12 13 14 15 16 17 18
12Z AVG MX 2MIN
DY MAX MIN AVG DEP HDD CDD WTR SNW DPTH SPD SPD DIR MIN PSBL S-S WX SPD DR
================================================================================
1 56 47 52 -9 13 0 0.40 0.0 0 5.9 18 190 M M 8 12 26 200
2 69 49 59 -1 6 0 T 0.0 0 8.9 21 20 M M 6 25 20
3 76 49 63 3 2 0 0.00 0.0 0 5.5 14 270 M M 1 19 270
4 83 48 66 7 0 1 0.00 0.0 0 7.4 15 360 M M 0 22 10
5 79 49 64 5 1 0 0.00 0.0 0 7.9 14 100 M M 0 20 80
6 78 49 64 6 1 0 0.00 0.0 0 12.6 24 200 M M 0 33 190
7 82 52 67 9 0 2 0.00 0.0 0 8.7 20 340 M M 0 27 330
8 86 55 71 13 0 6 0.00 0.0 0 9.8 21 200 M M 0 26 210
9 85 52 69 12 0 4 0.00 0.0 0 14.1 29 220 M M 0 42 220
10 65 44 55 -2 10 0 0.70 0.0 0 13.9 28 20 M M 5 1 39 10
11 68 44 56 0 9 0 0.00 0.0 0 15.5 33 200 M M 0 42 200
12 76 43 60 4 5 0 0.03 0.0 0 18.3 39 190 M M 2 3 52 210
13 68 37 53 -3 12 0 0.00 0.0 0 12.1 21 190 M M 0 30 180
14 58 35 47 -8 18 0 0.00 0.0 0 12.1 26 360 M M 0 33 360
15 59 31 45 -10 20 0 0.00 0.0 0 9.3 17 10 M M 1 24 360
16 66 35 51 -3 14 0 0.00 0.0 0 11.3 21 250 M M 0 31 250
17 70 42 56 2 9 0 0.00 0.0 0 15.4 28 190 M M 0 36 190
18 78 47 63 9 2 0 0.00 0.0 0 16.4 35 200 M M 0 43 200
19 76 42 59 6 6 0 0.00 0.0 0 13.0 29 220 M M 0 40 220
20 64 36 50 -3 15 0 0.00 0.0 0 7.1 16 190 M M 0 22 200
21 73 31 52 -1 13 0 0.00 0.0 0 5.6 13 70 M M 0 18 70
22 78 37 58 6 7 0 0.00 0.0 0 7.2 15 200 M M 0 19 190
23 80 46 63 11 2 0 0.00 0.0 0 13.2 26 220 M M 0 38 210
24 71 46 59 7 6 0 0.00 0.0 0 9.4 25 270 M M 0 36 270
25 82 41 62 11 3 0 0.00 0.0 0 13.9 29 200 M M 0 36 190
26 76 44 60 9 5 0 0.00 0.0 0 20.9 41 200 M M 1 54 220
27 59 38 49 -2 16 0 0.00 0.0 0 18.3 37 350 M M 0 51 350
28 59 35 47 -3 18 0 0.00 0.0 0 12.4 26 350 M M 0 35 340
29 70 34 52 2 13 0 0.00 0.0 0 8.9 15 200 M M 0 20 200
30 76 43 60 10 5 0 0.00 0.0 0 13.5 25 350 M M 0 37 360
31 52 33 43 -6 22 0 0.00 0.0 0 10.6 20 30 M M 2 23 20
================================================================================
SM 2218 1314 253 13 1.13 0.0 359.1 M 26
================================================================================
AV 71.5 42.4 11.6 FASTST M M 1 MAX(MPH)
MISC ----> 41 200 54 220
================================================================================
NOTES:
# LAST OF SEVERAL OCCURRENCES
COLUMN 17 PEAK WIND IN M.P.H.
PRELIMINARY LOCAL CLIMATOLOGICAL DATA (WS FORM: F-6) , PAGE 2
STATION: CLAYTON NM
MONTH: OCTOBER
YEAR: 2021
LATITUDE: 36 27 N
LONGITUDE: 103 9 W
[TEMPERATURE DATA] [PRECIPITATION DATA] SYMBOLS USED IN COLUMN 16
AVERAGE MONTHLY: 57.0 TOTAL FOR MONTH: 1.13 1 = FOG OR MIST
DPTR FM NORMAL: 2.3 DPTR FM NORMAL: 0.00 2 = FOG REDUCING VISIBILITY
HIGHEST: 86 ON 8 GRTST 24HR 0.70 ON 10-10 TO 1/4 MILE OR LESS
LOWEST: 31 ON 21,15 3 = THUNDER
SNOW, ICE PELLETS, HAIL 4 = ICE PELLETS
TOTAL MONTH: 0.0 INCH 5 = HAIL
GRTST 24HR 0.0 6 = FREEZING RAIN OR DRIZZLE
GRTST DEPTH: 0 7 = DUSTSTORM OR SANDSTORM:
VSBY 1/2 MILE OR LESS
8 = SMOKE OR HAZE
[NO. OF DAYS WITH] [WEATHER - DAYS WITH] 9 = BLOWING SNOW
X = TORNADO
MAX 32 OR BELOW: 0 0.01 INCH OR MORE: 3
MAX 90 OR ABOVE: 0 0.10 INCH OR MORE: 2
MIN 32 OR BELOW: 2 0.50 INCH OR MORE: 1
MIN 0 OR BELOW: 0 1.00 INCH OR MORE: 0
[HDD (BASE 65) ]
TOTAL THIS MO. 253 CLEAR (SCALE 0-3) 28
DPTR FM NORMAL -78 PTCLDY (SCALE 4-7) 2
TOTAL FM JUL 1 276 CLOUDY (SCALE 8-10) 1
DPTR FM NORMAL -131
[CDD (BASE 65) ]
TOTAL THIS MO. 13
DPTR FM NORMAL 1 [PRESSURE DATA]
TOTAL FM JAN 1 1137 HIGHEST SLP 30.38 ON 16
DPTR FM NORMAL 170 LOWEST SLP 29.36 ON 26
[REMARKS]
#FINAL-10-21#