000
CXUS51 KCAR 010600
CF6CAR
PRELIMINARY LOCAL CLIMATOLOGICAL DATA (WS FORM: F-6)
STATION: CARIBOU ME
MONTH: SEPTEMBER
YEAR: 2020
LATITUDE: 46 52 N
LONGITUDE: 68 1 W
TEMPERATURE IN F: :PCPN: SNOW: WIND :SUNSHINE: SKY :PK WND
================================================================================
1 2 3 4 5 6A 6B 7 8 9 10 11 12 13 14 15 16 17 18
12Z AVG MX 2MIN
DY MAX MIN AVG DEP HDD CDD WTR SNW DPTH SPD SPD DIR MIN PSBL S-S WX SPD DR
================================================================================
1 75 43 59 -1 6 0 0.00 0.0 0 6.4 17 150 M M 5 23 140
2 73 53 63 3 2 0 T 0.0 0 13.6 25 180 M M 7 35 170
3 80 58 69 9 0 4 0.01 0.0 0 5.6 15 190 M M 2 23 200
4 77 53 65 6 0 0 0.00 0.0 0 9.2 22 240 M M 1 33 250
5 71 47 59 0 6 0 0.00 0.0 0 7.0 20 250 M M 2 27 240
6 71 42 57 -1 8 0 T 0.0 0 4.6 16 360 M M 2 23 320
7 76 43 60 2 5 0 0.00 0.0 0 12.4 26 180 M M 5 1 37 180
8 79 57 68 10 0 3 0.00 0.0 0 8.2 20 250 M M 5 27 190
9 61 53 57 -1 8 0 T 0.0 0 6.4 12 20 M M 10 14 360
10 64 46 55 -2 10 0 0.03 0.0 0 5.9 14 360 M M 10 18 19 330
11 64 43 54 -3 11 0 0.00 0.0 0 5.9 14 360 M M 5 19 350
12 72 37 55 -1 10 0 0.00 0.0 0 3.1 12 250 M M 1 1 16 310
13 69 50 60 4 5 0 0.03 0.0 0 11.2 23 180 M M 3 36 210
14 63 44 54 -2 11 0 0.01 0.0 0 10.3 18 300 M M 5 30 310
15 61 36 49 -6 16 0 0.00 0.0 0 3.9 13 330 M M 1 17 340
16 68 46 57 2 8 0 T 0.0 0 9.2 21 180 M M 7 28 180
17 65 35 50 -4 15 0 0.00 0.0 0 7.9 18 360 M M 5 25 10
18 59 30 45 -9 20 0 0.00 0.0 0 6.2 16 360 M M 1 20 340
19 58 36 47 -7 18 0 0.00 0.0 0 7.0 14 350 M M 3 20 10
20 58 30 44 -9 21 0 0.00 0.0 0 5.5 17 340 M M 0 24 350
21 64 27 46 -7 19 0 0.00 0.0 0 1.6 8 220 M M 0 11 250
22 63 30 47 -5 18 0 0.00 0.0 0 7.3 16 10 M M 0 22 10
23 73 47 60 8 5 0 0.03 0.0 0 10.0 24 330 M M 5 34 330
24 71 41 56 4 9 0 0.00 0.0 0 8.1 17 300 M M 2 28 310
25 68 31 50 -1 15 0 0.00 0.0 0 4.2 13 240 M M 0 19 250
26 81 37 59 8 6 0 0.00 0.0 0 6.1 15 190 M M 1 21 170
27 78 55 67 17 0 2 0.00 0.0 0 9.7 20 200 M M 3 27 200
28 78 61 70 20 0 5 0.03 0.0 0 8.8 18 170 M M 6 1 25 170
29 83 66 75 25 0 10 0.00 0.0 0 12.0 24 180 M M 5 33 170
30 75 51 63 14 2 0 1.01 0.0 0 15.2 36 170 M M 6 1 51 160
================================================================================
SM 2098 1328 254 24 1.15 0.0 232.5 M 108
================================================================================
AV 69.9 44.3 7.8 FASTST M M 4 MAX(MPH)
MISC ----> # 36 170 # 51 160
================================================================================
NOTES:
# LAST OF SEVERAL OCCURRENCES
COLUMN 17 PEAK WIND IN M.P.H.
PRELIMINARY LOCAL CLIMATOLOGICAL DATA (WS FORM: F-6) , PAGE 2
STATION: CARIBOU ME
MONTH: SEPTEMBER
YEAR: 2020
LATITUDE: 46 52 N
LONGITUDE: 68 1 W
[TEMPERATURE DATA] [PRECIPITATION DATA] SYMBOLS USED IN COLUMN 16
AVERAGE MONTHLY: 57.1 TOTAL FOR MONTH: 1.15 1 = FOG OR MIST
DPTR FM NORMAL: 2.1 DPTR FM NORMAL: -2.17 2 = FOG REDUCING VISIBILITY
HIGHEST: 83 ON 29 GRTST 24HR 1.01 ON 30-30 TO 1/4 MILE OR LESS
LOWEST: 27 ON 21 3 = THUNDER
SNOW, ICE PELLETS, HAIL 4 = ICE PELLETS
TOTAL MONTH: 0.0 INCH 5 = HAIL
GRTST 24HR 0.0 6 = FREEZING RAIN OR DRIZZLE
GRTST DEPTH: 0 7 = DUSTSTORM OR SANDSTORM:
VSBY 1/2 MILE OR LESS
8 = SMOKE OR HAZE
[NO. OF DAYS WITH] [WEATHER - DAYS WITH] 9 = BLOWING SNOW
X = TORNADO
MAX 32 OR BELOW: 0 0.01 INCH OR MORE: 7
MAX 90 OR ABOVE: 0 0.10 INCH OR MORE: 1
MIN 32 OR BELOW: 5 0.50 INCH OR MORE: 1
MIN 0 OR BELOW: 0 1.00 INCH OR MORE: 1
[HDD (BASE 65) ]
TOTAL THIS MO. 254 CLEAR (SCALE 0-3) 15
DPTR FM NORMAL -59 PTCLDY (SCALE 4-7) 13
TOTAL FM JUL 1 334 CLOUDY (SCALE 8-10) 2
DPTR FM NORMAL -133
[CDD (BASE 65) ]
TOTAL THIS MO. 24
DPTR FM NORMAL 13 [PRESSURE DATA]
TOTAL FM JAN 1 474 HIGHEST SLP 30.65 ON 21
DPTR FM NORMAL 294 LOWEST SLP 29.23 ON 30
[REMARKS]
#FINAL-09-20#