000
CXUS51 KCAR 010700
CF6CAR
PRELIMINARY LOCAL CLIMATOLOGICAL DATA (WS FORM: F-6)
STATION: CARIBOU ME
MONTH: AUGUST
YEAR: 2023
LATITUDE: 46 52 N
LONGITUDE: 68 1 W
TEMPERATURE IN F: :PCPN: SNOW: WIND :SUNSHINE: SKY :PK WND
================================================================================
1 2 3 4 5 6A 6B 7 8 9 10 11 12 13 14 15 16 17 18
12Z AVG MX 2MIN
DY MAX MIN AVG DEP HDD CDD WTR SNW DPTH SPD SPD DIR MIN PSBL S-S WX SPD DR
================================================================================
1 70 46 58 -9 7 0 0.00 0.0 0 4.4 14 330 M M 2 1 23 340
2 75 46 61 -6 4 0 0.00 0.0 0 5.1 12 240 M M 2 24 300
3 74 49 62 -5 3 0 0.08 0.0 0 6.6 17 180 M M 4 24 180
4 64 61 63 -3 2 0 0.50 0.0 0 10.0 18 170 M M 10 1 28 170
5 72 56 64 -2 1 0 0.32 0.0 0 4.1 14 320 M M 8 138 21 310
6 74 54 64 -2 1 0 T 0.0 0 4.5 13 310 M M 6 1 23 290
7 73 53 63 -3 2 0 0.00 0.0 0 4.7 10 120 M M 6 14 360
8 64 57 61 -5 4 0 0.91 0.0 0 7.5 15 140 M M 10 1 25 130
9 71 61 66 0 0 1 0.15 0.0 0 7.1 14 300 M M 10 1 24 320
10 78 62 70 4 0 5 0.00 0.0 0 6.9 15 300 M M 5 24 310
11 66 58 62 -4 3 0 0.89 0.0 0 4.4 13 330 M M 7 13 19 320
12 71 55 63 -3 2 0 0.00 0.0 0 4.2 14 310 M M 7 22 300
13 70 57 64 -2 1 0 0.64 0.0 0 4.3 21 130 M M 9 123 33 140
14 76 57 67 2 0 2 0.07 0.0 0 3.6 14 240 M M 7 12 22 340
15 75 56 66 1 0 1 0.00 0.0 0 1.5 7 140 M M 5 12 14 80
16 75 54 65 0 0 0 0.00 0.0 0 5.3 14 160 M M 7 12 20 160
17 76 63 70 5 0 5 T 0.0 0 7.9 15 170 M M 10 1 30 200
18 72 65 69 4 0 4 0.74 0.0 0 7.8 16 160 M M 10 1 24 170
19 74 61 68 3 0 3 0.02 0.0 0 5.7 12 240 M M 8 18 170
20 76 56 66 2 0 1 T 0.0 0 5.3 13 230 M M 6 22 220
21 70 54 62 -2 3 0 0.03 0.0 0 7.2 20 330 M M 3 1 30 330
22 68 49 59 -5 6 0 0.00 0.0 0 6.8 18 330 M M 2 34 350
23 75 45 60 -4 5 0 0.00 0.0 0 5.4 15 340 M M 1 27 310
24 77 47 62 -2 3 0 0.00 0.0 0 1.5 8 360 M M 0 11 260
25 65 57 61 -3 4 0 0.34 0.0 0 8.5 20 170 M M 7 1 31 170
26 74 55 65 2 0 0 T 0.0 0 5.4 15 330 M M 7 1 25 210
27 72 48 60 -3 5 0 0.00 0.0 0 5.4 12 330 M M 4 25 10
28 76 45 61 -2 4 0 0.00 0.0 0 3.3 13 220 M M 0 1 20 220
29 74 58 66 3 0 1 T 0.0 0 7.8 16 170 M M 7 23 170
30 68 56 62 0 3 0 1.91 0.0 0 6.1 21 350 M M 10 1 35 350
31 65 47 56 -6 9 0 T 0.0 0 9.4 22 340 M M 5 36 330
================================================================================
SM 2230 1688 72 23 6.60 0.0 177.7 M 185
================================================================================
AV 71.9 54.5 5.7 FASTST M M 6 MAX(MPH)
MISC ----> 22 340 36 330
================================================================================
NOTES:
# LAST OF SEVERAL OCCURRENCES
COLUMN 17 PEAK WIND IN M.P.H.
PRELIMINARY LOCAL CLIMATOLOGICAL DATA (WS FORM: F-6) , PAGE 2
STATION: CARIBOU ME
MONTH: AUGUST
YEAR: 2023
LATITUDE: 46 52 N
LONGITUDE: 68 1 W
[TEMPERATURE DATA] [PRECIPITATION DATA] SYMBOLS USED IN COLUMN 16
AVERAGE MONTHLY: 63.2 TOTAL FOR MONTH: 6.60 1 = FOG OR MIST
DPTR FM NORMAL: -1.7 DPTR FM NORMAL: 2.99 2 = FOG REDUCING VISIBILITY
HIGHEST: 78 ON 10 GRTST 24HR 1.91 ON 30-30 TO 1/4 MILE OR LESS
LOWEST: 45 ON 28,23 3 = THUNDER
SNOW, ICE PELLETS, HAIL 4 = ICE PELLETS
TOTAL MONTH: 0.0 INCH 5 = HAIL
GRTST 24HR 0.0 6 = FREEZING RAIN OR DRIZZLE
GRTST DEPTH: 0 7 = DUSTSTORM OR SANDSTORM:
VSBY 1/2 MILE OR LESS
8 = SMOKE OR HAZE
[NO. OF DAYS WITH] [WEATHER - DAYS WITH] 9 = BLOWING SNOW
X = TORNADO
MAX 32 OR BELOW: 0 0.01 INCH OR MORE: 13
MAX 90 OR ABOVE: 0 0.10 INCH OR MORE: 9
MIN 32 OR BELOW: 0 0.50 INCH OR MORE: 6
MIN 0 OR BELOW: 0 1.00 INCH OR MORE: 1
[HDD (BASE 65) ]
TOTAL THIS MO. 72 CLEAR (SCALE 0-3) 6
DPTR FM NORMAL 1 PTCLDY (SCALE 4-7) 18
TOTAL FM JUL 1 79 CLOUDY (SCALE 8-10) 7
DPTR FM NORMAL -34
[CDD (BASE 65) ]
TOTAL THIS MO. 23
DPTR FM NORMAL -45 [PRESSURE DATA]
TOTAL FM JAN 1 304 HIGHEST SLP 30.14 ON 2
DPTR FM NORMAL 97 LOWEST SLP 29.41 ON 9
[REMARKS]
#FINAL-08-23#