000
CXUS51 KCAR 030728
CLMCAR
CLIMATE REPORT
NATIONAL WEATHER SERVICE CARIBOU ME
328 AM EDT MON JUL 03 2023
...................................
...THE CARIBOU ME CLIMATE SUMMARY FOR THE MONTH OF JUNE 2023...
CLIMATE NORMAL PERIOD: 1991 TO 2020
CLIMATE RECORD PERIOD: 1939 TO 2023
WEATHER OBSERVED NORMAL DEPART LAST YEAR`S
VALUE DATE(S) VALUE FROM VALUE DATE(S)
NORMAL
................................................................
TEMPERATURE (F)
RECORD
HIGH 96 06/29/1944
LOW 30 06/07/1958
HIGHEST 93 06/01 MM MM 85 06/26
LOWEST 41 06/03 MM MM 38 06/01
06/04
06/21
AVG. MAXIMUM 69.7 72.1 -2.4 70.1
AVG. MINIMUM 52.2 50.6 1.6 49.6
MEAN 60.9 61.4 -0.5 59.8
DAYS MAX >= 90 1 0.5 0.5 0
DAYS MAX <= 32 0 0.0 0.0 0
DAYS MIN <= 32 0 0.1 -0.1 0
DAYS MIN <= 0 0 0.0 0.0 0
PRECIPITATION (INCHES)
RECORD
MAXIMUM 9.03 2011
MINIMUM 0.88 2020
TOTALS 3.50 -0.39
DAILY AVG. 0.12 0.13 -0.01 0.16
DAYS >= .01 19 13.8 5.2 16
DAYS >= .10 12 7.8 4.2 10
DAYS >= .50 1 2.5 -1.5 3
DAYS >= 1.00 0 0.7 -0.7 1
GREATEST
24 HR. TOTAL 0.68 06/06 TO 06/07 1.18 06/09 TO 06/10
SNOWFALL (INCHES)
RECORDS
TOTAL T 2011
TOTALS 0.0 0.0 0.0 0.0
SINCE 7/1 133.4 118.2 15.2 MM
SNOWDEPTH AVG. 0 0
DAYS >= 1.0 0 0.0 0.0 0
GREATEST
SNOW DEPTH 0 0 MM
24 HR TOTAL MM MM
DEGREE DAYS
HEATING TOTAL 170 148 22 159
SINCE 7/1 8212 9048 -836 MM
COOLING TOTAL 55 38 17 11
SINCE 1/1 66 44 22 MM
................................................................
WIND (MPH)
AVERAGE WIND SPEED 6.4
HIGHEST WIND SPEED/DIRECTION 20/350 DATE 06/06
HIGHEST GUST SPEED/DIRECTION 32/340 DATE 06/06
SKY COVER
POSSIBLE SUNSHINE (PERCENT) MM
AVERAGE SKY COVER 0.67
NUMBER OF DAYS FAIR 8
NUMBER OF DAYS PC 5
NUMBER OF DAYS CLOUDY 17
AVERAGE RH (PERCENT) 78
WEATHER CONDITIONS. NUMBER OF DAYS WITH
THUNDERSTORM 3 MIXED PRECIP 0
HEAVY RAIN 2 RAIN 13
LIGHT RAIN 22 FREEZING RAIN 0
LT FREEZING RAIN 0 HAIL 0
HEAVY SNOW 0 SNOW 0
LIGHT SNOW 0 SLEET 0
FOG 21 FOG W/VIS <= 1/4 MILE 1
HAZE 2
- INDICATES NEGATIVE NUMBERS.
* INDICATES RECORD WAS SET OR TIED.
MM INDICATES DATA IS MISSING.
T INDICATES TRACE AMOUNT.
$$