000
CXUS53 KEAX 010836
CF6CDJ
PRELIMINARY LOCAL CLIMATOLOGICAL DATA (WS FORM: F-6)
STATION: CHILLICOTHE
MONTH: FEBRUARY
YEAR: 2024
LATITUDE: 39 49 N
LONGITUDE: 93 35 W
TEMPERATURE IN F: :PCPN: SNOW: WIND :SUNSHINE: SKY :PK WND
================================================================================
1 2 3 4 5 6A 6B 7 8 9 10 11 12 13 14 15 16 17 18
12Z AVG MX 2MIN
DY MAX MIN AVG DEP HDD CDD WTR SNW DPTH SPD SPD DIR MIN PSBL S-S WX SPD DR
================================================================================
1 63 36 50 22 15 0 0.00 M M 4.1 12 200 M M 0 15 200
2 51 40 46 17 19 0 0.00 M M 6.1 14 70 M M 0 23 120
3 57 38 48 19 17 0 0.00 M M 8.0 15 80 M M 0 24 100
4 51 36 44 15 21 0 0.00 M M 7.2 15 40 M M 0 23 40
5 57 28 43 14 22 0 0.00 M M 2.4 7 80 M M 0 14 350
6 58 23 41 11 24 0 0.00 M M 2.5 10 200 M M 0 14 200
7 63 37 50 20 15 0 0.00 M M 7.8 15 140 M M 0 24 150
8 68 37 53 23 12 0 0.00 M M 12.0 29 190 M M 0 45 200
9 60 34 47 17 18 0 0.00 M M 4.1 10 350 M M 0 19 350
10 49 25 37 6 28 0 0.00 M M 4.6 13 10 M M 0 21 10
11 46 28 37 6 28 0 0.00 M M 4.3 14 30 M M 0 21 30
12 52 20 36 5 29 0 0.00 M M 2.6 14 310 M M 0 20 340
13 62 26 44 12 21 0 0.00 M M 2.8 12 30 M M 0 20 290
14 62 26 44 12 21 0 0.02 M M 6.3 20 190 M M 0 31 190
15 53 34 44 12 21 0 0.07 M M 7.8 18 320 M M 0 33 340
16 37 20 29 -3 36 0 0.28 M M 9.1 17 30 M M 0 25 20
17 30 8 19 -14 46 0 0.00 M M 5.9 13 280 M M 0 22 320
18 50 21 36 3 29 0 0.00 M M 3.8 12 220 M M 0 16 270
19 56 22 39 5 26 0 0.00 M M 3.9 18 200 M M 0 26 190
20 64 27 46 12 19 0 0.00 M M 3.0 12 180 M M 0 16 210
21 71 33 52 18 13 0 0.00 M M 3.4 13 100 M M 0 18 100
22 68 44 56 21 9 0 0.00 M M 6.0 13 350 M M 0 22 10
23 63 32 48 13 17 0 0.00 M M 7.7 24 320 M M 0 42 320
24 53 24 39 4 26 0 0.00 M M 4.7 15 180 M M 0 23 180
25 74 30 52 16 13 0 0.00 M M 2.6 13 260 M M 0 20 230
26 78 32 55 19 10 0 0.00 M M 5.1 21 190 M M 0 32 200
27 76 22 49 12 16 0 0.06 M M 8.0 24 320 M M 0 42 310
28 37 14 26 -11 39 0 0.00 M M 8.8 23 310 M M 0 41 300
29 56 20 38 1 27 0 0.00 M M 7.2 20 190 M M 0 29 180
================================================================================
SM 1665 817 637 0 0.43 M 161.8 M 0
================================================================================
AV 57.4 28.2 5.6 FASTST M M 0 MAX(MPH)
MISC ----> 29 190 45 200
================================================================================
NOTES:
# LAST OF SEVERAL OCCURRENCES
COLUMN 17 PEAK WIND IN M.P.H.
PRELIMINARY LOCAL CLIMATOLOGICAL DATA (WS FORM: F-6) , PAGE 2
STATION: CHILLICOTHE
MONTH: FEBRUARY
YEAR: 2024
LATITUDE: 39 49 N
LONGITUDE: 93 35 W
[TEMPERATURE DATA] [PRECIPITATION DATA] SYMBOLS USED IN COLUMN 16
AVERAGE MONTHLY: 42.8 TOTAL FOR MONTH: 0.43 1 = FOG OR MIST
DPTR FM NORMAL: 10.6 DPTR FM NORMAL: -1.17 2 = FOG REDUCING VISIBILITY
HIGHEST: 78 ON 26 GRTST 24HR 0.28 ON 16-16 TO 1/4 MILE OR LESS
LOWEST: 8 ON 17 3 = THUNDER
SNOW, ICE PELLETS, HAIL 4 = ICE PELLETS
TOTAL MONTH: M 5 = HAIL
GRTST 24HR M ON M 6 = FREEZING RAIN OR DRIZZLE
GRTST DEPTH: M ON M 7 = DUSTSTORM OR SANDSTORM:
VSBY 1/2 MILE OR LESS
8 = SMOKE OR HAZE
[NO. OF DAYS WITH] [WEATHER - DAYS WITH] 9 = BLOWING SNOW
X = TORNADO
MAX 32 OR BELOW: 1 0.01 INCH OR MORE: 4
MAX 90 OR ABOVE: 0 0.10 INCH OR MORE: 1
MIN 32 OR BELOW: 19 0.50 INCH OR MORE: 0
MIN 0 OR BELOW: 0 1.00 INCH OR MORE: 0
[HDD (BASE 65) ]
TOTAL THIS MO. 637 CLEAR (SCALE 0-3) 29
DPTR FM NORMAL -280 PTCLDY (SCALE 4-7) 0
TOTAL FM JUL 1 3566 CLOUDY (SCALE 8-10) 0
DPTR FM NORMAL -649
[CDD (BASE 65) ]
TOTAL THIS MO. 0
DPTR FM NORMAL 0 [PRESSURE DATA]
TOTAL FM JAN 1 0 HIGHEST SLP 30.50 ON 17
DPTR FM NORMAL 0 LOWEST SLP 29.23 ON 27
[REMARKS]
#FINAL-02-24#