000
CXUS55 KCYS 011602
CLMCDR
CLIMATE REPORT
NATIONAL WEATHER SERVICE CHEYENNE WY
1002 AM MDT SAT JUL 01 2023
...................................
...THE CHADRON NEBRASKA AIRPORT CLIMATE SUMMARY FOR THE MONTH OF JUNE 2023...
CLIMATE NORMAL PERIOD 1991 TO 2020
CLIMATE RECORD PERIOD 1895 TO 2023
WEATHER OBSERVED NORMAL DEPART LAST YEAR`S
VALUE DATE(S) VALUE FROM VALUE DATE(S)
NORMAL
................................................................
TEMPERATURE (F)
RECORD
HIGH 109 06/26/2012
LOW 26 06/02/1969
HIGHEST 97 06/19 MM MM 104
LOWEST 43 06/17 MM MM 38
AVG. MAXIMUM 80.6 81.8 -1.2 85.7
AVG. MINIMUM 54.8 52.2 2.6 50.9
MEAN 67.7 67.0 0.7 68.3
DAYS MAX >= 90 2 8.1 -6.1 12
DAYS MAX <= 32 0 0.0 0.0 0
DAYS MIN <= 32 0 0.1 -0.1 0
DAYS MIN <= 0 0 0.0 0.0 0
PRECIPITATION (INCHES)
RECORD
MAXIMUM 7.96 1967
TOTALS 4.01 2.46 1.55 0.84
DAYS >= .01 11 10.9 0.1 6
DAYS >= .10 7 5.3 1.7 3
DAYS >= .50 3 1.6 1.4 0
DAYS >= 1.00 2 0.3 1.7 0
GREATEST
24 HR. TOTAL 1.06 06/26 TO 06/26 0.34 06/03 TO 06/03
06/03 TO 06/03
06/03 TO 06/03
DEGREE DAYS
HEATING TOTAL 20 66 -46 55
SINCE 7/1 7048 6850 198 MM
COOLING TOTAL 107 126 -19 164
SINCE 1/1 138 147 -9 MM
................................................................
WIND (MPH)
AVERAGE WIND SPEED 7.4
HIGHEST WIND SPEED/DIRECTION 40/180 DATE 06/23
HIGHEST GUST SPEED/DIRECTION 52/170 DATE 06/23
SKY COVER
POSSIBLE SUNSHINE (PERCENT) MM
AVERAGE SKY COVER 0.32
NUMBER OF DAYS FAIR 18
NUMBER OF DAYS PC 10
NUMBER OF DAYS CLOUDY 2
AVERAGE RH (PERCENT) 65
WEATHER CONDITIONS. NUMBER OF DAYS WITH
THUNDERSTORM 14 MIXED PRECIP 0
HEAVY RAIN 6 RAIN 6
LIGHT RAIN 13 FREEZING RAIN 0
LT FREEZING RAIN 0 HAIL 0
HEAVY SNOW 0 SNOW 0
LIGHT SNOW 0 SLEET 0
FOG 13 FOG W/VIS <= 1/4 MILE 1
HAZE 2
- INDICATES NEGATIVE NUMBERS.
R INDICATES RECORD WAS SET OR TIED.
MM INDICATES DATA IS MISSING.
T INDICATES TRACE AMOUNT.
$$