096
CXUS55 KPAH 021155
CF6CGI
PRELIMINARY LOCAL CLIMATOLOGICAL DATA (WS FORM: F-6)
STATION: CAPE GIRARDEAU MO
MONTH: JANUARY
YEAR: 2021
LATITUDE: 37 13 N
LONGITUDE: 89 35 W
TEMPERATURE IN F: :PCPN: SNOW: WIND :SUNSHINE: SKY :PK WND
================================================================================
1 2 3 4 5 6A 6B 7 8 9 10 11 12 13 14 15 16 17 18
12Z AVG MX 2MIN
DY MAX MIN AVG DEP HDD CDD WTR SNW DPTH SPD SPD DIR MIN PSBL S-S WX SPD DR
================================================================================
1 48 33 41 8 24 0 0.58 M M 12.2 28 220 M M 10 16 37 230
2 39 35 37 4 28 0 0.01 M M 2.6 9 290 M M 10 1 11 340
3 41 28 35 2 30 0 0.00 M M 6.4 14 250 M M 4 1 18 250
4 49 27 38 5 27 0 0.00 M M 2.9 17 330 M M 1 1 25 330
5 51 28 40 7 25 0 0.00 M M 6.1 22 340 M M 3 18 29 330
6 49 27 38 5 27 0 0.00 M M 7.6 15 70 M M 0 1 20 60
7 38 34 36 3 29 0 0.02 M M 11.9 24 30 M M 8 1 30 30
8 37 33 35 2 30 0 0.00 M M 10.4 17 350 M M 10 26 340
9 36 32 34 1 31 0 0.00 M M 8.0 13 330 M M 10 19 350
10 32 30 31 -2 34 0 0.00 M M 6.1 13 20 M M 10 8 16 30
11 31 21 26 -7 39 0 0.00 M M 5.3 12 10 M M 7 18 16 30
12 44 18 31 -2 34 0 0.00 M M 6.1 15 190 M M 0 18 21 180
13 49 22 36 3 29 0 0.00 M M 8.4 17 200 M M 0 1 23 190
14 55 34 45 12 20 0 0.01 M M 9.9 29 300 M M 4 41 300
15 42 32 37 4 28 0 T M M 14.4 26 250 M M 5 18 34 260
16 44 30 37 4 28 0 0.00 M M 10.1 21 270 M M 10 25 250
17 45 32 39 6 26 0 T M M 8.8 21 290 M M 9 26 280
18 49 26 38 5 27 0 M M M 4.3 15 220 M M 5 19 230
19 49 31 40 7 25 0 0.00 M M 6.3 16 320 M M 3 1 22 330
20 46 24 35 2 30 0 0.01 M M 8.3 18 200 M M 2 1 27 180
21 52 32 42 9 23 0 T M M 4.4 14 210 M M 5 12 16 200
22 45 28 37 4 28 0 0.00 M M 9.3 17 360 M M 0 1 24 20
23 44 22 33 0 32 0 0.00 M M 8.4 16 40 M M 4 22 120
24 44 37 41 8 24 0 0.13 M M 4.4 13 140 M M 10 1 15 140
25 45 40 43 9 22 0 1.37 M M 9.1 24 70 M M 10 13 32 60
26 51 34 43 9 22 0 0.00 M M 8.1 18 350 M M 9 12 25 290
27 36 29 33 -1 32 0 0.18 M M 11.6 25 360 M M 10 12 33 360
28 36 22 29 -5 36 0 0.00 M M 7.6 17 10 M M 3 23 20
29 43 23 33 -1 32 0 0.00 M M 6.2 13 140 M M 1 16 140
30 54 36 45 11 20 0 0.60 M M 14.0 23 140 M M 8 1 34 170
31 54 36 45 11 20 0 0.04 M M 15.7 24 340 M M 10 1 35 300
================================================================================
SM 1378 916 862 0 2.95 M 254.9 M 181
================================================================================
AV 44.5 29.5 8.2 FASTST M M 6 MAX(MPH)
MISC ----> 29 300 41 300
================================================================================
NOTES:
# LAST OF SEVERAL OCCURRENCES
COLUMN 17 PEAK WIND IN M.P.H.
PRELIMINARY LOCAL CLIMATOLOGICAL DATA (WS FORM: F-6) , PAGE 2
STATION: CAPE GIRARDEAU MO
MONTH: JANUARY
YEAR: 2021
LATITUDE: 37 13 N
LONGITUDE: 89 35 W
[TEMPERATURE DATA] [PRECIPITATION DATA] SYMBOLS USED IN COLUMN 16
AVERAGE MONTHLY: 37.0 TOTAL FOR MONTH: 2.95 1 = FOG OR MIST
DPTR FM NORMAL: 3.9 DPTR FM NORMAL: -0.52 2 = FOG REDUCING VISIBILITY
HIGHEST: 55 ON 14 GRTST 24HR 1.53 ON 25-25 TO 1/4 MILE OR LESS
LOWEST: 18 ON 12 3 = THUNDER
SNOW, ICE PELLETS, HAIL 4 = ICE PELLETS
TOTAL MONTH: M 5 = HAIL
GRTST 24HR M ON M 6 = FREEZING RAIN OR DRIZZLE
GRTST DEPTH: M ON M 7 = DUSTSTORM OR SANDSTORM:
VSBY 1/2 MILE OR LESS
8 = SMOKE OR HAZE
[NO. OF DAYS WITH] [WEATHER - DAYS WITH] 9 = BLOWING SNOW
X = TORNADO
MAX 32 OR BELOW: 2 0.01 INCH OR MORE: 10
MAX 90 OR ABOVE: 0 0.10 INCH OR MORE: 5
MIN 32 OR BELOW: 21 0.50 INCH OR MORE: 3
MIN 0 OR BELOW: 0 1.00 INCH OR MORE: 1
[HDD (BASE 65) ]
TOTAL THIS MO. 862 CLEAR (SCALE 0-3) 10
DPTR FM NORMAL -125 PTCLDY (SCALE 4-7) 9
TOTAL FM JUL 1 2455 CLOUDY (SCALE 8-10) 12
DPTR FM NORMAL -282
[CDD (BASE 65) ]
TOTAL THIS MO. 0
DPTR FM NORMAL 0 [PRESSURE DATA]
TOTAL FM JAN 1 0 HIGHEST SLP 30.73 ON 28
DPTR FM NORMAL 0 LOWEST SLP 29.57 ON 31
[REMARKS]
#FINAL-01-21#