000
CXUS55 KPAH 010800
CF6CGI
PRELIMINARY LOCAL CLIMATOLOGICAL DATA (WS FORM: F-6)
STATION: CAPE GIRARDEAU MO
MONTH: NOVEMBER
YEAR: 2020
LATITUDE: 37 13 N
LONGITUDE: 89 35 W
TEMPERATURE IN F: :PCPN: SNOW: WIND :SUNSHINE: SKY :PK WND
================================================================================
1 2 3 4 5 6A 6B 7 8 9 10 11 12 13 14 15 16 17 18
12Z AVG MX 2MIN
DY MAX MIN AVG DEP HDD CDD WTR SNW DPTH SPD SPD DIR MIN PSBL S-S WX SPD DR
================================================================================
1 58 28 43 -10 22 0 0.00 M M 9.9 23 300 M M 0 34 330
2 55 24 40 -12 25 0 0.00 M M 4.1 13 240 M M 0 18 230
3 69 33 51 -1 14 0 0.00 M M 6.1 14 170 M M 0 19 200
4 74 40 57 5 8 0 0.00 M M 7.7 16 190 M M 0 22 190
5 71 44 58 7 7 0 0.00 M M 4.9 15 190 M M 0 20 180
6 72 39 56 5 9 0 0.00 M M 3.9 10 170 M M 0 12 14 180
7 76 41 59 9 6 0 0.00 M M 4.6 13 140 M M 1 12 20 120
8 80 62 71 21 0 6 T M M 8.7 21 160 M M 5 27 170
9 77 64 71 21 0 6 T M M 9.2 21 170 M M 7 29 180
10 80 57 69 20 0 4 T M M 11.8 22 190 M M 7 32 200
11 58 36 47 -2 18 0 0.09 M M 9.2 20 360 M M 3 1 26 10
12 63 32 48 0 17 0 T M M 3.5 12 90 M M 2 8 16 80
13 55 37 46 -2 19 0 T M M 7.3 17 350 M M 1 24 10
14 70 38 54 6 11 0 0.22 M M 10.9 28 190 M M 8 38 47 200
15 69 36 53 6 12 0 0.25 M M 12.9 30 280 M M 2 13 43 200
16 62 28 45 -2 20 0 0.00 M M 6.6 21 210 M M 0 28 220
17 53 31 42 -4 23 0 0.00 M M 6.7 18 10 M M 0 24 10
18 58 32 45 -1 20 0 0.00 M M 8.8 20 150 M M 0 25 160
19 67 39 53 8 12 0 0.00 M M 14.8 30 200 M M 0 8 46 190
20 70 49 60 15 5 0 0.00 M M 7.9 16 220 M M 6 8 25 180
21 57 51 54 10 11 0 0.04 M M 7.0 15 340 M M 10 1 19 350
22 51 33 42 -2 23 0 0.22 M M 8.9 22 330 M M 7 1 29 330
23 55 29 42 -2 23 0 0.00 M M 1.6 7 130 M M 3 12 8 130
24 54 42 48 5 17 0 0.48 M M 8.3 18 190 M M 2 13 24 180
25 62 48 55 12 10 0 0.75 M M 13.4 24 260 M M 9 13 33 200
26 51 37 44 2 21 0 0.00 M M 4.4 10 230 M M 7 14 240
27 59 34 47 5 18 0 0.00 M M 4.6 16 360 M M 2 128 21 350
28 54 30 42 1 23 0 T M M 2.6 10 40 M M 0 18 13 60
29 49 27 38 -3 27 0 T M M 4.6 30 330 M M 4 41 330
30 40 26 33 -8 32 0 0.00 M M 13.8 28 330 M M 8 39 330
================================================================================
SM 1869 1147 453 16 2.05 M 228.7 M 94
================================================================================
AV 62.3 38.2 7.6 FASTST M M 3 MAX(MPH)
MISC ----> # 30 280 47 200
================================================================================
NOTES:
# LAST OF SEVERAL OCCURRENCES
COLUMN 17 PEAK WIND IN M.P.H.
PRELIMINARY LOCAL CLIMATOLOGICAL DATA (WS FORM: F-6) , PAGE 2
STATION: CAPE GIRARDEAU MO
MONTH: NOVEMBER
YEAR: 2020
LATITUDE: 37 13 N
LONGITUDE: 89 35 W
[TEMPERATURE DATA] [PRECIPITATION DATA] SYMBOLS USED IN COLUMN 16
AVERAGE MONTHLY: 50.3 TOTAL FOR MONTH: 2.05 1 = FOG OR MIST
DPTR FM NORMAL: 3.5 DPTR FM NORMAL: -2.39 2 = FOG REDUCING VISIBILITY
HIGHEST: 80 ON 10, 8 GRTST 24HR 1.23 ON 24-25 TO 1/4 MILE OR LESS
LOWEST: 24 ON 2 3 = THUNDER
SNOW, ICE PELLETS, HAIL 4 = ICE PELLETS
TOTAL MONTH: M 5 = HAIL
GRTST 24HR M ON M 6 = FREEZING RAIN OR DRIZZLE
GRTST DEPTH: M ON M 7 = DUSTSTORM OR SANDSTORM:
VSBY 1/2 MILE OR LESS
8 = SMOKE OR HAZE
[NO. OF DAYS WITH] [WEATHER - DAYS WITH] 9 = BLOWING SNOW
X = TORNADO
MAX 32 OR BELOW: 0 0.01 INCH OR MORE: 7
MAX 90 OR ABOVE: 0 0.10 INCH OR MORE: 5
MIN 32 OR BELOW: 10 0.50 INCH OR MORE: 1
MIN 0 OR BELOW: 0 1.00 INCH OR MORE: 0
[HDD (BASE 65) ]
TOTAL THIS MO. 453 CLEAR (SCALE 0-3) 17
DPTR FM NORMAL -95 PTCLDY (SCALE 4-7) 9
TOTAL FM JUL 1 778 CLOUDY (SCALE 8-10) 4
DPTR FM NORMAL -73
[CDD (BASE 65) ]
TOTAL THIS MO. 16
DPTR FM NORMAL 14 [PRESSURE DATA]
TOTAL FM JAN 1 1506 HIGHEST SLP M ON M
DPTR FM NORMAL 53 LOWEST SLP 29.58 ON 15
[REMARKS]
#FINAL-11-20#