000
CXUS53 KPAH 010730
CF6CGI
PRELIMINARY LOCAL CLIMATOLOGICAL DATA (WS FORM: F-6)
STATION: CAPE GIRARDEAU MO
MONTH: MAY
YEAR: 2023
LATITUDE: 37 13 N
LONGITUDE: 89 35 W
TEMPERATURE IN F: :PCPN: SNOW: WIND :SUNSHINE: SKY :PK WND
================================================================================
1 2 3 4 5 6A 6B 7 8 9 10 11 12 13 14 15 16 17 18
12Z AVG MX 2MIN
DY MAX MIN AVG DEP HDD CDD WTR SNW DPTH SPD SPD DIR MIN PSBL S-S WX SPD DR
================================================================================
1 68 44 56 -7 9 0 0.00 M M 13.7 26 310 M M 1 38 260
2 69 41 55 -8 10 0 0.00 M M 11.5 29 320 M M 0 45 320
3 71 39 55 -9 10 0 0.00 M M 7.1 20 330 M M 0 29 350
4 74 40 57 -7 8 0 0.00 M M 3.2 12 180 M M 2 8 16 200
5 67 58 63 -1 2 0 T M M 8.5 18 160 M M 10 28 150
6 83 60 72 7 0 7 0.00 M M 10.5 16 190 M M 8 25 160
7 88 66 77 12 0 12 0.56 M M 12.2 22 230 M M 5 13 32 230
8 87 65 76 11 0 11 M M M 8.0 55 260 M M 5 13 72 260
9 80 61 71 5 0 6 0.00 M M 6.0 16 40 M M 1 21 140
10 81 63 72 6 0 7 0.00 M M 7.1 17 60 M M 2 3 22 210
11 83 65 74 8 0 9 0.15 M M 8.6 18 120 M M 5 1 27 120
12 81 68 75 8 0 10 0.03 M M 8.0 16 170 M M 8 1 22 200
13 81 67 74 7 0 9 0.08 M M 5.6 14 210 M M 6 13 19 190
14 88 66 77 10 0 12 0.00 M M 3.6 16 270 M M 2 21 270
15 85 69 77 9 0 12 0.00 M M 6.6 16 40 M M 5 3 20 40
16 72 65 69 1 0 4 0.74 M M 7.3 24 270 M M 9 138 34 260
17 82 58 70 2 0 5 0.00 M M 4.3 13 60 M M 1 1 23 40
18 83 56 70 2 0 5 0.00 M M 4.4 10 80 M M 0 1 16 80
19 81 62 72 3 0 7 0.24 M M 7.5 22 360 M M 5 18 27 10
20 74 54 64 -5 1 0 0.02 M M 10.7 20 10 M M 3 18 26 360
21 78 50 64 -5 1 0 0.00 M M 4.4 12 90 M M 0 1 17 40
22 82 52 67 -3 0 2 0.00 M M 6.0 18 70 M M 0 30 60
23 85 57 71 1 0 6 0.00 M M 4.0 15 100 M M 1 21 110
24 86 59 73 3 0 8 0.00 M M 4.6 17 50 M M 1 18 24 30
25 84 57 71 0 0 6 0.00 M M 8.5 18 40 M M 0 18 24 30
26 78 54 66 -5 0 1 0.00 M M 9.7 21 20 M M 0 29 20
27 82 51 67 -4 0 2 0.00 M M 4.8 15 50 M M 1 22 50
28 82 56 69 -3 0 4 0.00 M M 6.1 15 60 M M 1 22 60
29 86 56 71 -1 0 6 0.00 M M 4.1 13 20 M M 0 19 300
30 88 56 72 0 0 7 0.00 M M 1.7 9 100 M M 6 14 110
31 89 63 76 4 0 11 0.00 M M 4.4 12 140 M M 3 16 180
================================================================================
SM 2498 1778 41 169 1.82 M 212.7 M 91
================================================================================
AV 80.6 57.4 6.9 FASTST M M 3 MAX(MPH)
MISC ----> 55 260 72 260
================================================================================
NOTES:
# LAST OF SEVERAL OCCURRENCES
COLUMN 17 PEAK WIND IN M.P.H.
PRELIMINARY LOCAL CLIMATOLOGICAL DATA (WS FORM: F-6) , PAGE 2
STATION: CAPE GIRARDEAU MO
MONTH: MAY
YEAR: 2023
LATITUDE: 37 13 N
LONGITUDE: 89 35 W
[TEMPERATURE DATA] [PRECIPITATION DATA] SYMBOLS USED IN COLUMN 16
AVERAGE MONTHLY: 69.0 TOTAL FOR MONTH: 1.82 1 = FOG OR MIST
DPTR FM NORMAL: 1.2 DPTR FM NORMAL: -3.45 2 = FOG REDUCING VISIBILITY
HIGHEST: 89 ON 31 GRTST 24HR 0.74 ON 16-16 TO 1/4 MILE OR LESS
LOWEST: 39 ON 3 3 = THUNDER
SNOW, ICE PELLETS, HAIL 4 = ICE PELLETS
TOTAL MONTH: M 5 = HAIL
GRTST 24HR M ON M 6 = FREEZING RAIN OR DRIZZLE
GRTST DEPTH: M ON M 7 = DUSTSTORM OR SANDSTORM:
VSBY 1/2 MILE OR LESS
8 = SMOKE OR HAZE
[NO. OF DAYS WITH] [WEATHER - DAYS WITH] 9 = BLOWING SNOW
X = TORNADO
MAX 32 OR BELOW: 0 0.01 INCH OR MORE: 7
MAX 90 OR ABOVE: 0 0.10 INCH OR MORE: 4
MIN 32 OR BELOW: 0 0.50 INCH OR MORE: 2
MIN 0 OR BELOW: 0 1.00 INCH OR MORE: 0
[HDD (BASE 65) ]
TOTAL THIS MO. 41 CLEAR (SCALE 0-3) 20
DPTR FM NORMAL -19 PTCLDY (SCALE 4-7) 9
TOTAL FM JUL 1 3744 CLOUDY (SCALE 8-10) 2
DPTR FM NORMAL -433
[CDD (BASE 65) ]
TOTAL THIS MO. 169
DPTR FM NORMAL 22 [PRESSURE DATA]
TOTAL FM JAN 1 187 HIGHEST SLP M ON M
DPTR FM NORMAL 7 LOWEST SLP 29.68 ON 1
[REMARKS]
#FINAL-05-23#