000
CXUS53 KPAH 011209
CLSCGI
CLIMATE REPORT
NATIONAL WEATHER SERVICE PADUCAH
609 AM CST MON MAR 01 2021
...................................
...THE CAPE GIRARDEAU MO CLIMATE SUMMARY FOR THE SEASON, FROM
12/1/2020 TO 2/28/2021...
CLIMATE NORMAL PERIOD 1981 TO 2010
CLIMATE RECORD PERIOD 1960 TO 2021
WEATHER OBSERVED NORMAL DEPART LAST YEAR`S
VALUE DATE(S) VALUE FROM VALUE
NORMAL
..............................................................
TEMPERATURE (F)
RECORD
HIGH 79 02/13/1962
LOW -18 01/11/1977
HIGHEST 68 02/24 MM MM
02/28
LOWEST -5 02/16 MM MM
AVG. MAXIMUM 43.3 44.9 -1.6
AVG. MINIMUM 26.1 26.2 -0.1
MEAN 34.7 35.6 -0.9
DAYS MAX >= 90 0 0.0 0.0
DAYS MAX <= 32 16 11.9 4.1
DAYS MIN <= 32 65 64.7 0.3
DAYS MIN <= 0 3 1.9 1.1
PRECIPITATION (INCHES)
RECORD
MAXIMUM 18.09 1979
MINIMUM 4.27 1963
TOTALS 8.56 11.13 -2.57
DAILY AVG. 0.10 0.12 -0.02
DAYS >= .01 28 27.1 0.9
DAYS >= .10 16 18.0 -2.0
DAYS >= .50 6 7.0 -1.0
DAYS >= 1.00 3 2.7 0.3
GREATEST
24 HR. TOTAL 2.03 02/27 TO 02/28
STORM TOTAL 1.70
(MM/DD(HH))
DEGREE DAYS
HEATING TOTAL 2687 2646 41
SINCE 7/1 3465 3497 -32
COOLING TOTAL 0 0 0
SINCE 1/1 0 0 0
FREEZE DATES
RECORD
EARLIEST MM
LATEST MM
EARLIEST 10/05
LATEST 04/18
..............................................................
WIND (MPH)
AVERAGE WIND SPEED 8.5
HIGHEST WIND SPEED/DIRECTION 30/200 DATE 12/27
HIGHEST GUST SPEED/DIRECTION 42/170 DATE 12/23
SKY COVER
POSSIBLE SUNSHINE (PERCENT) MM
AVERAGE SKY COVER 0.51
NUMBER OF DAYS FAIR 35
NUMBER OF DAYS PC 23
NUMBER OF DAYS CLOUDY 32
AVERAGE RH (PERCENT) 72
WEATHER CONDITIONS. NUMBER OF DAYS WITH
THUNDERSTORM 2 MIXED PRECIP 0
HEAVY RAIN 6 RAIN 10
LIGHT RAIN 21 FREEZING RAIN 1
LT FREEZING RAIN 4 HAIL 0
HEAVY SNOW 2 SNOW 3
LIGHT SNOW 13 SLEET 0
FOG 55 FOG W/VIS <= 1/4 MILE 7
HAZE 24
- INDICATES NEGATIVE NUMBERS.
R INDICATES RECORD WAS SET OR TIED.
MM INDICATES DATA IS MISSING.
T INDICATES TRACE AMOUNT.
$$