000
CXUS54 KMRX 011030
CF6CHA
PRELIMINARY LOCAL CLIMATOLOGICAL DATA (WS FORM: F-6)
STATION: CHATTANOOGA AIRPORT
MONTH: JUNE
YEAR: 2022
LATITUDE: 35 1 N
LONGITUDE: 85 12 W
TEMPERATURE IN F: :PCPN: SNOW: WIND :SUNSHINE: SKY :PK WND
================================================================================
1 2 3 4 5 6A 6B 7 8 9 10 11 12 13 14 15 16 17 18
12Z AVG MX 2MIN
DY MAX MIN AVG DEP HDD CDD WTR SNW DPTH SPD SPD DIR MIN PSBL S-S WX SPD DR
================================================================================
1 93 67 80 6 0 15 0.00 0.0 0 1.6 9 10 M M 2 12 10
2 92 69 81 7 0 16 0.01 0.0 0 4.7 17 140 M M 5 3 28 150
3 83 68 76 1 0 11 T 0.0 0 6.2 14 10 M M 6 20 40
4 85 62 74 -1 0 9 0.00 0.0 0 5.1 16 350 M M 3 25 10
5 86 61 74 -1 0 9 0.00 0.0 0 2.9 13 150 M M 4 21 150
6 86 64 75 -1 0 10 0.26 0.0 0 4.8 23 170 M M 6 13 34 180
7 80 70 75 -1 0 10 0.55 0.0 0 5.7 16 160 M M 8 13 26 170
8 87 69 78 2 0 13 0.43 0.0 0 3.6 16 230 M M 8 13 26 230
9 85 67 76 0 0 11 0.02 0.0 0 6.3 17 330 M M 6 1 22 350
10 82 59 71 -5 0 6 0.00 0.0 0 1.7 12 360 M M 5 15 360
11 88 62 75 -2 0 10 0.00 0.0 0 1.3 9 220 M M 4 13 220
12 91 67 79 2 0 14 0.00 0.0 0 3.9 13 200 M M 6 17 200
13 96 73 85 8 0 20 0.00 0.0 0 3.6 12 230 M M 4 16 220
14 96 76 86 9 0 21 0.00 0.0 0 2.6 12 270 M M 3 17 260
15 97 77 87 9 0 22 0.00 0.0 0 3.7 14 200 M M 3 20 210
16 98 74 86 8 0 21 0.00 0.0 0 3.2 13 220 M M 1 16 200
17 94 74 84 6 0 19 0.03 0.0 0 4.4 25 330 M M 6 13 36 330
18 91 71 81 3 0 16 0.00 0.0 0 8.9 21 350 M M 3 31 360
19 87 66 77 -1 0 12 0.00 0.0 0 8.2 21 10 M M 1 27 360
20 93 59 76 -2 0 11 0.00 0.0 0 2.3 9 30 M M 3 13 180
21 96 63 80 1 0 15 0.00 0.0 0 2.8 12 360 M M 3 16 310
22 99 70 85 6 0 20 0.00 0.0 0 4.1 15 320 M M 1 19 300
23 96 75 86 7 0 21 0.00 0.0 0 5.8 17 320 M M 4 23 310
24 93 68 81 2 0 16 0.00 0.0 0 2.7 13 130 M M 4 3 17 120
25 91 77 84 5 0 19 0.00 0.0 0 4.8 15 130 M M 7 21 120
26 91 73 82 3 0 17 0.67 0.0 0 4.7 22 110 M M 6 3 29 120
27 89 73 81 1 0 16 0.44 0.0 0 5.9 16 360 M M 6 138 24 330
28 87 71 79 -1 0 14 0.00 0.0 0 6.8 14 10 M M 6 20 40
29 91 73 82 2 0 17 T 0.0 0 3.0 13 100 M M 7 17 100
30 91 73 82 2 0 17 0.00 0.0 0 4.0 15 180 M M 5 20 180
================================================================================
SM 2714 2071 0 448 2.41 0.0 129.3 M 136
================================================================================
AV 90.5 69.0 4.3 FASTST M M 5 MAX(MPH)
MISC ----> 25 330 36 330
================================================================================
NOTES:
# LAST OF SEVERAL OCCURRENCES
COLUMN 17 PEAK WIND IN M.P.H.
PRELIMINARY LOCAL CLIMATOLOGICAL DATA (WS FORM: F-6) , PAGE 2
STATION: CHATTANOOGA AIRPORT
MONTH: JUNE
YEAR: 2022
LATITUDE: 35 1 N
LONGITUDE: 85 12 W
[TEMPERATURE DATA] [PRECIPITATION DATA] SYMBOLS USED IN COLUMN 16
AVERAGE MONTHLY: 79.8 TOTAL FOR MONTH: 2.41 1 = FOG OR MIST
DPTR FM NORMAL: 2.3 DPTR FM NORMAL: -1.77 2 = FOG REDUCING VISIBILITY
HIGHEST: 99 ON 22 GRTST 24HR 1.11 ON 26-27 TO 1/4 MILE OR LESS
LOWEST: 59 ON 20,10 3 = THUNDER
SNOW, ICE PELLETS, HAIL 4 = ICE PELLETS
TOTAL MONTH: 0.0 INCH 5 = HAIL
GRTST 24HR 0.0 6 = FREEZING RAIN OR DRIZZLE
GRTST DEPTH: 0 7 = DUSTSTORM OR SANDSTORM:
VSBY 1/2 MILE OR LESS
8 = SMOKE OR HAZE
[NO. OF DAYS WITH] [WEATHER - DAYS WITH] 9 = BLOWING SNOW
X = TORNADO
MAX 32 OR BELOW: 0 0.01 INCH OR MORE: 8
MAX 90 OR ABOVE: 18 0.10 INCH OR MORE: 5
MIN 32 OR BELOW: 0 0.50 INCH OR MORE: 2
MIN 0 OR BELOW: 0 1.00 INCH OR MORE: 0
[HDD (BASE 65) ]
TOTAL THIS MO. 0 CLEAR (SCALE 0-3) 8
DPTR FM NORMAL -1 PTCLDY (SCALE 4-7) 22
TOTAL FM JUL 1 2654 CLOUDY (SCALE 8-10) 0
DPTR FM NORMAL -372
[CDD (BASE 65) ]
TOTAL THIS MO. 448
DPTR FM NORMAL 74 [PRESSURE DATA]
TOTAL FM JAN 1 770 HIGHEST SLP 30.25 ON 21
DPTR FM NORMAL 150 LOWEST SLP 29.79 ON 2
[REMARKS]
#FINAL-06-22#