000
CXUS51 KLWX 010815
CF6CHO
PRELIMINARY LOCAL CLIMATOLOGICAL DATA (WS FORM: F-6)
STATION: CHARLOTTESVILLE VA
MONTH: SEPTEMBER
YEAR: 2023
LATITUDE: 38 7 N
LONGITUDE: 78 27 W
TEMPERATURE IN F: :PCPN: SNOW: WIND :SUNSHINE: SKY :PK WND
================================================================================
1 2 3 4 5 6A 6B 7 8 9 10 11 12 13 14 15 16 17 18
12Z AVG MX 2MIN
DY MAX MIN AVG DEP HDD CDD WTR SNW DPTH SPD SPD DIR MIN PSBL S-S WX SPD DR
================================================================================
1 84 55 70 -4 0 5 0.00 M M 3.2 12 30 M M 0 14 50
2 88 56 72 -2 0 7 0.00 M M 5.4 13 160 M M 0 17 170
3 96 64 80 6 0 15 0.00 M M 4.4 17 180 M M 0 23 200
4 99 68 84 10 0 19 0.00 M M 3.7 14 200 M M 0 20 200
5 99 71 85 11 0 20 0.00 M M 2.4 13 170 M M 0 18 270
6 99 71 85 12 0 20 0.00 M M 3.7 13 160 M M 0 8 17 190
7 97 72 85 12 0 20 0.00 M M 3.5 22 200 M M 0 18 28 200
8 93 69 81 8 0 16 0.30 M M 4.4 25 170 M M 2 138 35 170
9 87 67 77 5 0 12 0.04 M M 2.9 25 200 M M 3 1 34 200
10 84 68 76 4 0 11 0.19 M M 2.5 13 20 M M 7 1238 19 350
11 88 66 77 5 0 12 T M M 1.9 8 330 M M 4 1 13 300
12 89 63 76 4 0 11 T M M 3.9 14 170 M M 2 18 19 170
13 87 64 76 5 0 11 0.32 M M 2.8 17 350 M M 4 123 23 350
14 82 59 71 0 0 6 0.00 M M 3.8 13 60 M M 3 12 17 80
15 80 53 67 -4 0 2 0.00 M M 3.7 18 20 M M 0 27 30
16 84 51 68 -2 0 3 0.00 M M 2.4 12 160 M M 0 16 150
17 72 59 66 -4 0 1 0.09 0.0 0 4.2 24 210 M M 7 1 32 200
18 81 58 70 0 0 5 T M M 3.9 13 320 M M 4 12 20 360
19 81 53 67 -2 0 2 0.00 M M 2.7 9 320 M M 2 12 320
20 83 54 69 0 0 4 0.00 M M 2.7 10 90 M M 3 18 320
21 82 58 70 1 0 5 0.00 M M 2.8 10 70 M M 2 12 60
22 76 56 66 -2 0 1 0.04 M M 8.7 18 40 M M 4 27 20
23 64 56 60 -8 5 0 1.20 M M 13.8 28 30 M M 10 18 40 30
24 76 61 69 1 0 4 0.09 M M 2.2 9 340 M M 10 1 15 320
25 75 65 70 3 0 5 T M M 3.5 10 40 M M 10 13 30
26 67 60 64 -3 1 0 0.00 M M 9.8 15 40 M M 10 18 20 40
27 68 57 63 -3 2 0 0.01 M M 4.9 12 40 M M 10 18 14 20
28 74 53 64 -2 1 0 0.00 M M 4.3 14 30 M M 4 1 18 30
29 79 63 71 5 0 6 0.00 M M 4.2 10 40 M M 6 12 50
30 78 58 68 3 0 3 0.00 M M 1.9 8 80 M M 4 18 10 80
================================================================================
SM 2492 1828 9 226 2.28 0.0 124.2 M 111
================================================================================
AV 83.1 60.9 4.1 FASTST M M 4 MAX(MPH)
MISC ----> 28 30 40 30
================================================================================
NOTES:
# LAST OF SEVERAL OCCURRENCES
COLUMN 17 PEAK WIND IN M.P.H.
PRELIMINARY LOCAL CLIMATOLOGICAL DATA (WS FORM: F-6) , PAGE 2
STATION: CHARLOTTESVILLE VA
MONTH: SEPTEMBER
YEAR: 2023
LATITUDE: 38 7 N
LONGITUDE: 78 27 W
[TEMPERATURE DATA] [PRECIPITATION DATA] SYMBOLS USED IN COLUMN 16
AVERAGE MONTHLY: 72.0 TOTAL FOR MONTH: 2.28 1 = FOG OR MIST
DPTR FM NORMAL: 1.6 DPTR FM NORMAL: -1.81 2 = FOG REDUCING VISIBILITY
HIGHEST: 99 ON 6, 5 GRTST 24HR 1.21 ON 22-23 TO 1/4 MILE OR LESS
LOWEST: 51 ON 16 3 = THUNDER
SNOW, ICE PELLETS, HAIL 4 = ICE PELLETS
TOTAL MONTH: 0.0 INCH 5 = HAIL
GRTST 24HR 0.0 6 = FREEZING RAIN OR DRIZZLE
GRTST DEPTH: 0 7 = DUSTSTORM OR SANDSTORM:
VSBY 1/2 MILE OR LESS
8 = SMOKE OR HAZE
[NO. OF DAYS WITH] [WEATHER - DAYS WITH] 9 = BLOWING SNOW
X = TORNADO
MAX 32 OR BELOW: 0 0.01 INCH OR MORE: 9
MAX 90 OR ABOVE: 6 0.10 INCH OR MORE: 4
MIN 32 OR BELOW: 0 0.50 INCH OR MORE: 1
MIN 0 OR BELOW: 0 1.00 INCH OR MORE: 1
[HDD (BASE 65) ]
TOTAL THIS MO. 9 CLEAR (SCALE 0-3) 15
DPTR FM NORMAL -19 PTCLDY (SCALE 4-7) 10
TOTAL FM JUL 1 9 CLOUDY (SCALE 8-10) 5
DPTR FM NORMAL -18
[CDD (BASE 65) ]
TOTAL THIS MO. 226
DPTR FM NORMAL 37 [PRESSURE DATA]
TOTAL FM JAN 1 1462 HIGHEST SLP 30.32 ON 27
DPTR FM NORMAL 2 LOWEST SLP 29.75 ON 23
[REMARKS]
#FINAL-09-23#