000
CXUS52 KCHS 031456
CF6CHS
PRELIMINARY LOCAL CLIMATOLOGICAL DATA (WS FORM: F-6)
STATION: NORTH CHARLESTON SC
MONTH: JANUARY
YEAR: 2022
LATITUDE: 32 54 N
LONGITUDE: 80 2 W
TEMPERATURE IN F: :PCPN: SNOW: WIND :SUNSHINE: SKY :PK WND
================================================================================
1 2 3 4 5 6A 6B 7 8 9 10 11 12 13 14 15 16 17 18
12Z AVG MX 2MIN
DY MAX MIN AVG DEP HDD CDD WTR SNW DPTH SPD SPD DIR MIN PSBL S-S WX SPD DR
================================================================================
1 79 65 72 22 0 7 0.00 0.0 0 11.2 20 190 M M 4 18 23 180
2 78 63 71 21 0 6 0.27 0.0 0 11.6 22 200 M M 6 1 30 200
3 71 39 55 5 10 0 T 0.0 0 19.4 43 310 M M 6 8 62 200
4 54 34 44 -6 21 0 0.00 0.0 0 8.1 13 50 M M 2 17 40
5 62 44 53 3 12 0 0.04 0.0 0 5.1 13 310 M M 5 1 16 310
6 63 39 51 1 14 0 0.01 0.0 0 6.9 18 220 M M 2 1 26 210
7 60 39 50 0 15 0 0.03 0.0 0 9.9 22 310 M M 4 1 28 310
8 53 33 43 -6 22 0 0.00 0.0 0 9.6 16 50 M M 2 21 60
9 74 39 57 8 8 0 0.08 0.0 0 8.8 23 180 M M 4 1 30 200
10 63 35 49 0 16 0 0.05 0.0 0 9.5 23 360 M M 6 1 32 360
11 51 30 41 -8 24 0 0.00 0.0 0 7.2 18 30 M M 0 24 20
12 59 29 44 -5 21 0 0.00 0.0 0 5.0 12 30 M M 2 17 60
13 60 36 48 -1 17 0 0.00 0.0 0 3.7 12 240 M M 6 1 14 270
14 60 39 50 1 15 0 0.00 0.0 0 7.5 20 330 M M 2 18 24 320
15 57 37 47 -2 18 0 0.00 0.0 0 8.2 16 50 M M 7 1 22 50
16 58 41 50 1 15 0 1.11 0.0 0 14.0 26 270 M M 9 1 38 240
17 51 37 44 -5 21 0 T 0.0 0 16.4 26 290 M M 4 40 260
18 54 27 41 -8 24 0 0.00 0.0 0 3.8 10 160 M M 1 13 280
19 63 29 46 -3 19 0 0.00 0.0 0 4.0 14 200 M M 4 1 16 190
20 73 40 57 8 8 0 0.04 0.0 0 6.8 18 250 M M 7 1 25 230
21 50 31 41 -8 24 0 0.25 0.0 0 11.9 21 20 M M 10 16 25 30
22 38 27 33 -16 32 0 0.15 T 0 8.9 18 350 M M 7 146 23 350
23 53 21 37 -13 28 0 0.00 0.0 0 4.6 12 260 M M 2 12 16 270
24 59 31 45 -5 20 0 0.00 0.0 0 5.3 13 240 M M 1 17 240
25 59 40 50 0 15 0 T 0.0 0 3.6 9 190 M M 9 9 300
26 54 38 46 -4 19 0 0.00 0.0 0 6.9 16 40 M M 6 20 50
27 53 31 42 -8 23 0 0.00 0.0 0 9.0 16 30 M M 2 23 20
28 49 33 41 -9 24 0 0.00 0.0 0 7.3 15 310 M M 8 20 320
29 46 26 36 -14 29 0 0.10 T 0 13.9 28 310 M M 6 1 34 310
30 51 21 36 -14 29 0 0.00 0.0 0 7.8 23 190 M M 0 28 200
31 62 37 50 0 15 0 0.00 0.0 0 5.6 14 150 M M 4 1 19 230
================================================================================
SM 1817 1111 558 13 2.13 T 261.5 M 138
================================================================================
AV 58.6 35.8 8.4 FASTST M M 4 MAX(MPH)
MISC ----> 43 310 62 200
================================================================================
NOTES:
# LAST OF SEVERAL OCCURRENCES
COLUMN 17 PEAK WIND IN M.P.H.
PRELIMINARY LOCAL CLIMATOLOGICAL DATA (WS FORM: F-6) , PAGE 2
STATION: NORTH CHARLESTON SC
MONTH: JANUARY
YEAR: 2022
LATITUDE: 32 54 N
LONGITUDE: 80 2 W
[TEMPERATURE DATA] [PRECIPITATION DATA] SYMBOLS USED IN COLUMN 16
AVERAGE MONTHLY: 47.2 TOTAL FOR MONTH: 2.13 1 = FOG OR MIST
DPTR FM NORMAL: -2.3 DPTR FM NORMAL: -1.24 2 = FOG REDUCING VISIBILITY
HIGHEST: 79 ON 1 GRTST 24HR 1.11 ON 16-16 TO 1/4 MILE OR LESS
LOWEST: 21 ON 30,23 3 = THUNDER
SNOW, ICE PELLETS, HAIL 4 = ICE PELLETS
TOTAL MONTH: T 5 = HAIL
GRTST 24HR T ON 22-22 6 = FREEZING RAIN OR DRIZZLE
GRTST DEPTH: 0 7 = DUSTSTORM OR SANDSTORM:
VSBY 1/2 MILE OR LESS
8 = SMOKE OR HAZE
[NO. OF DAYS WITH] [WEATHER - DAYS WITH] 9 = BLOWING SNOW
X = TORNADO
MAX 32 OR BELOW: 0 0.01 INCH OR MORE: 11
MAX 90 OR ABOVE: 0 0.10 INCH OR MORE: 5
MIN 32 OR BELOW: 11 0.50 INCH OR MORE: 1
MIN 0 OR BELOW: 0 1.00 INCH OR MORE: 1
[HDD (BASE 65) ]
TOTAL THIS MO. 558 CLEAR (SCALE 0-3) 11
DPTR FM NORMAL 75 PTCLDY (SCALE 4-7) 17
TOTAL FM JUL 1 1119 CLOUDY (SCALE 8-10) 3
DPTR FM NORMAL -68
[CDD (BASE 65) ]
TOTAL THIS MO. 13
DPTR FM NORMAL 9 [PRESSURE DATA]
TOTAL FM JAN 1 13 HIGHEST SLP 30.58 ON 8
DPTR FM NORMAL 9 LOWEST SLP 29.50 ON 16
[REMARKS]
#FINAL-01-22#