000
CXUS53 KDVN 011420
CLMCID
CLIMATE REPORT
NATIONAL WEATHER SERVICE QUAD CITIES IA IL
845 AM CST THU FEB 01 2024
...................................
...THE CEDAR RAPIDS IA CLIMATE SUMMARY FOR THE MONTH OF JANUARY 2024...
CLIMATE NORMAL PERIOD 1991 TO 2020
CLIMATE RECORD PERIOD 1891 TO 2024
WEATHER OBSERVED NORMAL DEPART LAST YEAR`S
VALUE DATE(S) VALUE FROM VALUE
NORMAL
..............................................................
TEMPERATURE (F)
RECORD
HIGH 65 01/31/1989
LOW -30 01/31/2019
HIGHEST 47 01/31 29 18
LOWEST -19 01/14 11 -30
AVG. MAXIMUM 26.9 27.9 -1.0
AVG. MINIMUM 15.1 11.3 3.8
MEAN 21.0 19.6 1.4
DAYS MAX >= 90 0
DAYS MAX <= 32 14
DAYS MIN <= 32 29
DAYS MIN <= 0 8
PRECIPITATION (INCHES)
TOTALS 2.75 0.95 1.80
DAILY AVG. 0.09 0.03 0.06
DAYS >= .01 9
DAYS >= .10 7
DAYS >= .50 2
DAYS >= 1.00 1
GREATEST
24 HR. TOTAL 1.38 01/08 TO 01/09
DEGREE DAYS
HEATING TOTAL 1355 1407 -52
SINCE 7/1 3441 4085 -644
COOLING TOTAL 0 0 0
SINCE 1/1 0 0 0
..............................................................
WIND (MPH)
AVERAGE WIND SPEED 10.9
HIGHEST WIND SPEED/DIRECTION 36/310 DATE 01/12
HIGHEST GUST SPEED/DIRECTION 50/290 DATE 01/13
SKY COVER
POSSIBLE SUNSHINE (PERCENT) MM
AVERAGE SKY COVER 0.69
NUMBER OF DAYS FAIR 6
NUMBER OF DAYS PC 7
NUMBER OF DAYS CLOUDY 18
AVERAGE RH (PERCENT) 85
WEATHER CONDITIONS. NUMBER OF DAYS WITH
THUNDERSTORM 0 HAIL 0
SLEET 0 FOG 22
FOG W/VIS <= 1/4 MILE 11 HAZE 9
- INDICATES NEGATIVE NUMBERS.
R INDICATES RECORD WAS SET OR TIED.
MM INDICATES DATA IS MISSING.
T INDICATES TRACE AMOUNT.
$$
NOTE: SUPPLEMENTAL CLIMATE DATA WAS USED FROM A NEARBY
CLIMATOLOGICALLY REPRESENTATIVE STATION.
PARAMETER DATE(S)
--------- ----
WTR 8, 9, 10, 12, 13, 18