000
CXUS55 KOHX 011110
CF6CKV
PRELIMINARY LOCAL CLIMATOLOGICAL DATA (WS FORM: F-6)
STATION: CLARKSVILLE
MONTH: MAY
YEAR: 2023
LATITUDE: 36 37 N
LONGITUDE: 87 25 W
TEMPERATURE IN F: :PCPN: SNOW: WIND :SUNSHINE: SKY :PK WND
================================================================================
1 2 3 4 5 6A 6B 7 8 9 10 11 12 13 14 15 16 17 18
12Z AVG MX 2MIN
DY MAX MIN AVG DEP HDD CDD WTR SNW DPTH SPD SPD DIR MIN PSBL S-S WX SPD DR
================================================================================
1 67 46 57 -6 8 0 0.00 M M 11.5 24 260 M M 3 35 280
2 66 47 57 -6 8 0 0.00 M M 10.3 29 310 M M 2 38 310
3 68 44 56 -8 9 0 0.00 M M 7.7 17 350 M M 0 24 310
4 72 40 56 -8 9 0 0.00 M M 2.0 8 80 M M 0 18 12 60
5 73 54 64 0 1 0 T M M 4.6 15 200 M M 5 21 200
6 83 61 72 8 0 7 0.00 M M 7.7 14 140 M M 6 20 150
7 85 64 75 10 0 10 0.70 M M 10.5 24 340 M M 6 13 33 330
8 83 64 74 9 0 9 0.07 M M 8.0 20 200 M M 7 13 30 240
9 81 61 71 6 0 6 0.05 M M 6.0 28 280 M M 6 3 41 290
10 82 56 69 3 0 4 0.00 M M 5.0 13 120 M M 0 18 18 130
11 76 65 71 5 0 6 0.20 M M 6.4 14 130 M M 5 138 20 120
12 75 64 70 4 0 5 0.74 M M 9.2 20 190 M M 7 13 26 210
13 80 63 72 6 0 7 0.25 M M 3.2 10 200 M M 4 123 14 180
14 90 65 78 11 0 13 0.01 M M 3.9 21 340 M M 4 123 25 340
15 86 65 76 9 0 11 0.45 M M 3.5 31 10 M M 1 13 44 20
16 84 66 75 8 0 10 0.18 M M 10.1 21 340 M M 6 13 30 250
17 81 59 70 2 0 5 0.00 M M 6.1 14 60 M M 2 18 23 120
18 83 60 72 4 0 7 0.00 M M 7.2 14 60 M M 1 23 50
19 78 66 72 4 0 7 T M M 6.9 14 190 M M 8 19 200
20 75 56 66 -2 0 1 0.85 M M 8.7 17 10 M M 6 18 23 20
21 78 53 66 -3 0 1 0.00 M M 6.9 14 60 M M 0 23 80
22 83 53 68 -1 0 3 0.00 M M 5.1 12 80 M M 1 19 50
23 84 61 73 4 0 8 0.00 M M 4.3 13 180 M M 2 8 19 150
24 87 60 74 4 0 9 0.00 M M 5.2 15 30 M M 1 18 20 30
25 84 60 72 2 0 7 0.00 M M 6.5 16 10 M M 1 18 21 20
26 79 54 67 -3 0 2 0.00 M M 6.8 15 20 M M 0 20 20
27 82 58 70 0 0 5 T M M 4.3 14 70 M M 1 18 60
28 75 52 64 -7 1 0 0.00 M M 5.8 20 70 M M 1 28 70
29 82 53 68 -3 0 3 0.00 M M 2.5 12 10 M M 4 15 20
30 86 63 75 4 0 10 0.00 M M 2.2 9 140 M M 4 1 12 160
31 87 62 75 3 0 10 0.00 M M 2.7 16 60 M M 3 18 21 60
================================================================================
SM 2475 1795 36 166 3.50 M 190.8 M 97
================================================================================
AV 79.8 57.9 6.2 FASTST M M 3 MAX(MPH)
MISC ----> 31 10 44 20
================================================================================
NOTES:
# LAST OF SEVERAL OCCURRENCES
COLUMN 17 PEAK WIND IN M.P.H.
PRELIMINARY LOCAL CLIMATOLOGICAL DATA (WS FORM: F-6) , PAGE 2
STATION: CLARKSVILLE
MONTH: MAY
YEAR: 2023
LATITUDE: 36 37 N
LONGITUDE: 87 25 W
[TEMPERATURE DATA] [PRECIPITATION DATA] SYMBOLS USED IN COLUMN 16
AVERAGE MONTHLY: 68.9 TOTAL FOR MONTH: 3.50 1 = FOG OR MIST
DPTR FM NORMAL: 1.6 DPTR FM NORMAL: -1.40 2 = FOG REDUCING VISIBILITY
HIGHEST: 90 ON 14 GRTST 24HR 0.85 ON 20-20 TO 1/4 MILE OR LESS
LOWEST: 40 ON 4 3 = THUNDER
SNOW, ICE PELLETS, HAIL 4 = ICE PELLETS
TOTAL MONTH: M 5 = HAIL
GRTST 24HR M ON M 6 = FREEZING RAIN OR DRIZZLE
GRTST DEPTH: M ON M 7 = DUSTSTORM OR SANDSTORM:
VSBY 1/2 MILE OR LESS
8 = SMOKE OR HAZE
[NO. OF DAYS WITH] [WEATHER - DAYS WITH] 9 = BLOWING SNOW
X = TORNADO
MAX 32 OR BELOW: 0 0.01 INCH OR MORE: 10
MAX 90 OR ABOVE: 1 0.10 INCH OR MORE: 7
MIN 32 OR BELOW: 0 0.50 INCH OR MORE: 3
MIN 0 OR BELOW: 0 1.00 INCH OR MORE: 0
[HDD (BASE 65) ]
TOTAL THIS MO. 36 CLEAR (SCALE 0-3) 17
DPTR FM NORMAL -29 PTCLDY (SCALE 4-7) 14
TOTAL FM JUL 1 3137 CLOUDY (SCALE 8-10) 0
DPTR FM NORMAL -748
[CDD (BASE 65) ]
TOTAL THIS MO. 166
DPTR FM NORMAL 32 [PRESSURE DATA]
TOTAL FM JAN 1 207 HIGHEST SLP 30.19 ON 15
DPTR FM NORMAL 32 LOWEST SLP 29.64 ON 1
[REMARKS]
#FINAL-05-23#