000
CXUS55 KOHX 011110
CF6CKV
PRELIMINARY LOCAL CLIMATOLOGICAL DATA (WS FORM: F-6)
STATION: CLARKSVILLE
MONTH: OCTOBER
YEAR: 2023
LATITUDE: 36 37 N
LONGITUDE: 87 25 W
TEMPERATURE IN F: :PCPN: SNOW: WIND :SUNSHINE: SKY :PK WND
================================================================================
1 2 3 4 5 6A 6B 7 8 9 10 11 12 13 14 15 16 17 18
12Z AVG MX 2MIN
DY MAX MIN AVG DEP HDD CDD WTR SNW DPTH SPD SPD DIR MIN PSBL S-S WX SPD DR
================================================================================
1 88 60 74 9 0 9 0.00 M M 2.5 10 30 M M 0 18 15 10
2 88 59 74 9 0 9 0.00 M M 0.7 8 310 M M 1 128 10 350
3 87 60 74 10 0 9 0.00 M M 4.0 12 210 M M 0 128 16 210
4 82 60 71 7 0 6 0.00 M M 4.4 16 200 M M 0 21 200
5 72 67 70 6 0 5 0.21 M M 3.2 12 210 M M 10 18 16 230
6 78 50 64 1 1 0 0.00 M M 9.1 23 340 M M 4 18 32 350
7 66 43 55 -8 10 0 0.00 M M 7.3 18 310 M M 1 24 340
8 69 40 55 -7 10 0 0.00 M M 4.9 17 300 M M 0 23 210
9 75 48 62 0 3 0 0.00 M M 4.5 12 300 M M 2 17 270
10 73 45 59 -3 6 0 0.00 M M 2.7 14 250 M M 0 18 19 260
11 71 47 59 -2 6 0 0.00 M M 3.5 8 150 M M 1 12 11 140
12 81 51 66 5 0 1 0.00 M M 3.8 13 80 M M 4 12 18 70
13 76 55 66 6 0 1 0.01 M M 6.9 16 190 M M 6 12 22 190
14 68 55 62 2 3 0 0.04 M M 10.2 17 330 M M 8 25 280
15 59 52 56 -4 9 0 T M M 10.8 18 350 M M 9 8 28 360
16 57 46 52 -7 13 0 0.00 M M 8.6 16 320 M M 9 22 330
17 62 45 54 -5 11 0 0.00 M M 3.5 7 120 M M 7 10 140
18 73 41 57 -1 8 0 0.00 M M 5.6 17 190 M M 0 18 24 190
19 76 52 64 6 1 0 0.05 M M 8.7 20 210 M M 5 38 26 190
20 73 48 61 3 4 0 0.00 M M 8.4 23 290 M M 3 32 270
21 83 43 63 6 2 0 0.00 M M 6.3 22 280 M M 0 18 32 270
22 72 45 59 2 6 0 0.00 M M 4.3 10 40 M M 0 14 30
23 77 45 61 4 4 0 0.00 M M 4.2 9 120 M M 0 18 16 130
24 76 57 67 11 0 2 0.00 M M 6.2 14 190 M M 0 18 180
25 82 58 70 14 0 5 0.00 M M 7.7 21 210 M M 1 27 210
26 83 59 71 15 0 6 0.00 M M 7.9 20 190 M M 1 29 190
27 71 64 68 13 0 3 0.93 M M 5.8 17 200 M M 8 18 28 190
28 80 59 70 15 0 5 0.23 M M 5.5 12 340 M M 7 18 15 330
29 64 51 58 4 7 0 0.44 M M 5.5 16 330 M M 10 18 23 330
30 51 33 42 -12 23 0 0.32 M M 10.9 21 330 M M 7 1 27 320
31 51 30 41 -13 24 0 0.00 M M 8.4 22 330 M M 0 29 330
================================================================================
SM 2264 1568 151 61 2.23 M 186.0 M 104
================================================================================
AV 73.0 50.6 6.0 FASTST M M 3 MAX(MPH)
MISC ----> # 23 340 # 32 350
================================================================================
NOTES:
# LAST OF SEVERAL OCCURRENCES
COLUMN 17 PEAK WIND IN M.P.H.
PRELIMINARY LOCAL CLIMATOLOGICAL DATA (WS FORM: F-6) , PAGE 2
STATION: CLARKSVILLE
MONTH: OCTOBER
YEAR: 2023
LATITUDE: 36 37 N
LONGITUDE: 87 25 W
[TEMPERATURE DATA] [PRECIPITATION DATA] SYMBOLS USED IN COLUMN 16
AVERAGE MONTHLY: 61.8 TOTAL FOR MONTH: 2.23 1 = FOG OR MIST
DPTR FM NORMAL: 2.5 DPTR FM NORMAL: -1.90 2 = FOG REDUCING VISIBILITY
HIGHEST: 88 ON 2, 1 GRTST 24HR 0.93 ON 27-27 TO 1/4 MILE OR LESS
LOWEST: 30 ON 31 3 = THUNDER
SNOW, ICE PELLETS, HAIL 4 = ICE PELLETS
TOTAL MONTH: M 5 = HAIL
GRTST 24HR M ON M 6 = FREEZING RAIN OR DRIZZLE
GRTST DEPTH: M ON M 7 = DUSTSTORM OR SANDSTORM:
VSBY 1/2 MILE OR LESS
8 = SMOKE OR HAZE
[NO. OF DAYS WITH] [WEATHER - DAYS WITH] 9 = BLOWING SNOW
X = TORNADO
MAX 32 OR BELOW: 0 0.01 INCH OR MORE: 8
MAX 90 OR ABOVE: 0 0.10 INCH OR MORE: 5
MIN 32 OR BELOW: 1 0.50 INCH OR MORE: 1
MIN 0 OR BELOW: 0 1.00 INCH OR MORE: 0
[HDD (BASE 65) ]
TOTAL THIS MO. 151 CLEAR (SCALE 0-3) 18
DPTR FM NORMAL -65 PTCLDY (SCALE 4-7) 9
TOTAL FM JUL 1 151 CLOUDY (SCALE 8-10) 4
DPTR FM NORMAL -93
[CDD (BASE 65) ]
TOTAL THIS MO. 61
DPTR FM NORMAL 21 [PRESSURE DATA]
TOTAL FM JAN 1 1724 HIGHEST SLP 30.39 ON 31
DPTR FM NORMAL 218 LOWEST SLP 29.71 ON 21
[REMARKS]
#FINAL-10-23#