000
CXUS54 KHGX 011410
CF6CLL
PRELIMINARY LOCAL CLIMATOLOGICAL DATA (WS FORM: F-6)
STATION: COLLEGE STATION
MONTH: JUNE
YEAR: 2023
LATITUDE: 30 34 N
LONGITUDE: 96 22 W
TEMPERATURE IN F: :PCPN: SNOW: WIND :SUNSHINE: SKY :PK WND
================================================================================
1 2 3 4 5 6A 6B 7 8 9 10 11 12 13 14 15 16 17 18
12Z AVG MX 2MIN
DY MAX MIN AVG DEP HDD CDD WTR SNW DPTH SPD SPD DIR MIN PSBL S-S WX SPD DR
================================================================================
1 91 71 81 1 0 16 0.00 0.0 0 5.7 14 140 M M 1 20 110
2 93 72 83 2 0 18 0.00 0.0 0 5.0 15 160 M M 1 22 160
3 94 67 81 0 0 16 0.26 0.0 0 6.4 40 340 M M 2 13 59 350
4 86 68 77 -4 0 12 0.81 0.0 0 5.9 16 200 M M 2 3 22 90
5 86 70 78 -3 0 13 T 0.0 0 3.8 14 140 M M 3 3 18 140
6 90 69 80 -2 0 15 0.00 0.0 0 3.7 14 140 M M 1 19 140
7 91 71 81 -1 0 16 0.00 0.0 0 2.4 10 230 M M 1 14 200
8 92 71 82 0 0 17 0.31 0.0 0 4.4 32 290 M M 1 3 47 280
9 95 70 83 1 0 18 0.00 0.0 0 4.8 12 160 M M 0 15 160
10 95 70 83 1 0 18 0.49 0.0 0 11.9 35 10 M M 3 13 46 20
11 95 70 83 1 0 18 T 0.0 0 8.3 16 210 M M 1 22 200
12 94 76 85 3 0 20 0.00 0.0 0 8.1 28 160 M M 3 39 160
13 95 77 86 4 0 21 0.00 0.0 0 11.3 18 150 M M 4 24 180
14 95 79 87 4 0 22 0.00 0.0 0 10.0 20 180 M M 3 28 220
15 98 83 91 8 0 26 0.00 0.0 0 10.3 24 170 M M 5 8 33 160
16 99 82 91 8 0 26 0.00 0.0 0 10.5 22 190 M M 4 31 210
17 95 81 88 5 0 23 0.00 0.0 0 8.0 16 160 M M 0 21 140
18 101 80 91 8 0 26 0.00 0.0 0 11.1 22 200 M M 2 29 200
19 101 82 92 9 0 27 0.00 0.0 0 10.7 17 170 M M 2 26 200
20 101 82 92 9 0 27 0.00 0.0 0 10.4 18 170 M M 3 23 170
21 97 79 88 5 0 23 0.00 0.0 0 8.8 37 30 M M 4 51 30
22 95 76 86 3 0 21 T 0.0 0 6.5 14 50 M M 1 21 50
23 98 81 90 6 0 25 0.00 0.0 0 9.4 24 170 M M 3 33 160
24 99 78 89 5 0 24 0.00 0.0 0 10.8 18 170 M M 1 26 170
25 99 82 91 7 0 26 0.00 0.0 0 11.7 20 170 M M 3 27 150
26 100 78 89 5 0 24 0.00 0.0 0 11.1 20 170 M M 1 27 170
27 101 79 90 6 0 25 0.00 0.0 0 9.2 17 190 M M 1 24 170
28 99 80 90 6 0 25 0.00 0.0 0 9.4 16 160 M M 2 23 190
29 99 81 90 6 0 25 0.00 0.0 0 8.9 16 160 M M 3 26 160
30 99 77 88 4 0 23 0.00 0.0 0 8.7 17 150 M M 2 26 160
================================================================================
SM 2873 2282 0 636 1.87 0.0 247.2 M 63
================================================================================
AV 95.8 76.1 8.2 FASTST M M 2 MAX(MPH)
MISC ----> 40 340 59 350
================================================================================
NOTES:
# LAST OF SEVERAL OCCURRENCES
COLUMN 17 PEAK WIND IN M.P.H.
PRELIMINARY LOCAL CLIMATOLOGICAL DATA (WS FORM: F-6) , PAGE 2
STATION: COLLEGE STATION
MONTH: JUNE
YEAR: 2023
LATITUDE: 30 34 N
LONGITUDE: 96 22 W
[TEMPERATURE DATA] [PRECIPITATION DATA] SYMBOLS USED IN COLUMN 16
AVERAGE MONTHLY: 85.9 TOTAL FOR MONTH: 1.87 1 = FOG OR MIST
DPTR FM NORMAL: 3.3 DPTR FM NORMAL: -2.14 2 = FOG REDUCING VISIBILITY
HIGHEST: 101 ON 27,20 GRTST 24HR 1.07 ON 3- 4 TO 1/4 MILE OR LESS
LOWEST: 67 ON 3 3 = THUNDER
SNOW, ICE PELLETS, HAIL 4 = ICE PELLETS
TOTAL MONTH: 0.0 INCH 5 = HAIL
GRTST 24HR 0.0 6 = FREEZING RAIN OR DRIZZLE
GRTST DEPTH: 0 7 = DUSTSTORM OR SANDSTORM:
VSBY 1/2 MILE OR LESS
8 = SMOKE OR HAZE
[NO. OF DAYS WITH] [WEATHER - DAYS WITH] 9 = BLOWING SNOW
X = TORNADO
MAX 32 OR BELOW: 0 0.01 INCH OR MORE: 4
MAX 90 OR ABOVE: 28 0.10 INCH OR MORE: 4
MIN 32 OR BELOW: 0 0.50 INCH OR MORE: 1
MIN 0 OR BELOW: 0 1.00 INCH OR MORE: 0
[HDD (BASE 65) ]
TOTAL THIS MO. 0 CLEAR (SCALE 0-3) 26
DPTR FM NORMAL 0 PTCLDY (SCALE 4-7) 4
TOTAL FM JUL 1 1264 CLOUDY (SCALE 8-10) 0
DPTR FM NORMAL -281
[CDD (BASE 65) ]
TOTAL THIS MO. 636
DPTR FM NORMAL 108 [PRESSURE DATA]
TOTAL FM JAN 1 1373 HIGHEST SLP 30.01 ON 30
DPTR FM NORMAL 236 LOWEST SLP 29.63 ON 14
[REMARKS]
#FINAL-06-23#