000
CXUS56 KLOX 011630
CLMCMA
CLIMATE REPORT
NATIONAL WEATHER SERVICE LOS ANGELES/OXNARD
930 AM PDT SAT APR 01 2023
...................................
...THE CAMARILLO AIRPORT CA CLIMATE SUMMARY FOR THE MONTH OF MARCH 2023...
CLIMATE NORMAL PERIOD: 1991 TO 2020
CLIMATE RECORD PERIOD: 1923 TO 2023
WEATHER OBSERVED NORMAL DEPART LAST YEAR`S
VALUE DATE(S) VALUE FROM VALUE
NORMAL
..............................................................
TEMPERATURE (F)
HIGHEST 75 03/18
LOWEST 33 03/02
AVG. MAXIMUM 61.7 68.5 -6.8
AVG. MINIMUM 44.3 47.4 -3.1
MEAN 53.0 58.0 -5.0
DAYS MAX >= 90 0
DAYS MAX <= 32 0
DAYS MIN <= 32 0
DAYS MIN <= 0 0
PRECIPITATION (INCHES)
TOTALS 7.43 2.00 5.43
DAILY AVG. 0.24
DAYS >= .01 16
DAYS >= .10 11
DAYS >= .50 5
DAYS >= 1.00 3
GREATEST
24 HR. TOTAL 2.52 03/14 TO 03/15
DEGREE DAYS
HEATING TOTAL 365 226 139 213
SINCE 7/1 1670 1262 408 MM
COOLING TOTAL 0 7 -7 7
SINCE 1/1 0 26 -26 MM
..............................................................
WIND (MPH)
AVERAGE WIND SPEED 6.0
HIGHEST WIND SPEED/DIRECTION 35/340 DATE 03/01
HIGHEST GUST SPEED/DIRECTION 49/080 DATE 03/27
SKY COVER
POSSIBLE SUNSHINE (PERCENT) MM
AVERAGE SKY COVER 0.47
NUMBER OF DAYS FAIR 13
NUMBER OF DAYS PC 7
NUMBER OF DAYS CLOUDY 11
AVERAGE RH (PERCENT) 75
WEATHER CONDITIONS. NUMBER OF DAYS WITH
THUNDERSTORM 0 MIXED PRECIP 0
HEAVY RAIN 5 RAIN 9
LIGHT RAIN 16 FREEZING RAIN 0
LT FREEZING RAIN 0 HAIL 0
HEAVY SNOW 0 SNOW 0
LIGHT SNOW 0 SLEET 0
FOG 19 FOG W/VIS <= 1/4 MILE 1
HAZE 3
- INDICATES NEGATIVE NUMBERS.
R INDICATES RECORD WAS SET OR TIED.
MM INDICATES DATA IS MISSING.
T INDICATES TRACE AMOUNT.
$$