000
CXUS53 KTOP 011514
CLMCNK
CLIMATE REPORT
NATIONAL WEATHER SERVICE TOPEKA KS
914 AM CST THU FEB 01 2024
...................................
...THE CONCORDIA KS CLIMATE SUMMARY FOR THE MONTH OF JANUARY 2024...
CLIMATE NORMAL PERIOD 1991 TO 2020
CLIMATE RECORD PERIOD 1885 TO 2024
WEATHER OBSERVED NORMAL DEPART LAST YEAR`S
VALUE DATE(S) VALUE FROM VALUE
NORMAL
..............................................................
TEMPERATURE (F)
RECORD
HIGH 78 01/10/1911
LOW -33 01/08/1886
HIGHEST 70 01/31 38 32 61
LOWEST -10 01/13 16 -26 5
AVG. MAXIMUM 32.8 38.7 -5.9 40.1
AVG. MINIMUM 17.6 18.9 -1.3 23.3
MEAN 25.2 28.8 -3.6 31.7
DAYS MAX >= 90 0 0.0 0.0 0
DAYS MAX <= 32 13 10.2 2.8 6
DAYS MIN <= 32 25 28.6 -3.6 28
DAYS MIN <= 0 7 1.9 5.1 0
PRECIPITATION (INCHES)
RECORD
MAXIMUM 2.16 1949
MINIMUM 0.00 1997
TOTALS 1.33 0.67 0.66 1.18
DAILY AVG. 0.04 0.02 0.02 0.04
DAYS >= .01 7 4.8 2.2 4
DAYS >= .10 2 2.0 0.0 3
DAYS >= .50 1 0.3 0.7 1
DAYS >= 1.00 0 0.0 0.0 0
GREATEST
24 HR. TOTAL 0.97 01/08 TO 01/08 0.53
SNOWFALL (INCHES)
RECORDS
TOTAL 20.7 1959
TOTALS MM 5.4 MM MM
SINCE 7/1 MM 12.1 MM MM
SNOWDEPTH AVG. MM MM
DAYS >= 1.0 MM 1.6 MM MM
GREATEST
SNOW DEPTH MM MM
24 HR TOTAL MM MM
DEGREE DAYS
HEATING TOTAL 1224 1122 102 1024
SINCE 7/1 2810 3223 -413 MM
COOLING TOTAL 0 0 0 0
SINCE 1/1 0 0 0 MM
..............................................................
WIND (MPH)
AVERAGE WIND SPEED 9.5
HIGHEST WIND SPEED/DIRECTION 33/330 DATE 01/09
HIGHEST GUST SPEED/DIRECTION 47/330 DATE 01/09
SKY COVER
POSSIBLE SUNSHINE (PERCENT) MM
AVERAGE SKY COVER 0.43
NUMBER OF DAYS FAIR 14
NUMBER OF DAYS PC 8
NUMBER OF DAYS CLOUDY 9
AVERAGE RH (PERCENT) 76
WEATHER CONDITIONS. NUMBER OF DAYS WITH
THUNDERSTORM 1 MIXED PRECIP 0
HEAVY RAIN 1 RAIN 1
LIGHT RAIN 2 FREEZING RAIN 0
LT FREEZING RAIN 1 HAIL 0
HEAVY SNOW 3 SNOW 5
LIGHT SNOW 9 SLEET 0
FOG 14 FOG W/VIS <= 1/4 MILE 8
HAZE 3
- INDICATES NEGATIVE NUMBERS.
R INDICATES RECORD WAS SET OR TIED.
MM INDICATES DATA IS MISSING.
T INDICATES TRACE AMOUNT.
$$