000
CXUS56 KSGX 011145
CF6CNO
PRELIMINARY LOCAL CLIMATOLOGICAL DATA (WS FORM: F-6)
STATION: CHINO AIRPORT CA
MONTH: FEBRUARY
YEAR: 2024
LATITUDE: 33 58 N
LONGITUDE: 117 38 W
TEMPERATURE IN F: :PCPN: SNOW: WIND :SUNSHINE: SKY :PK WND
================================================================================
1 2 3 4 5 6A 6B 7 8 9 10 11 12 13 14 15 16 17 18
12Z AVG MX 2MIN
DY MAX MIN AVG DEP HDD CDD WTR SNW DPTH SPD SPD DIR MIN PSBL S-S WX SPD DR
================================================================================
1 57 48 53 -3 12 0 1.01 M M 4.6 15 20 M M 8 18 24 40
2 61 43 52 -4 13 0 0.00 M M 6.6 18 230 M M 6 1 24 230
3 63 44 54 -2 11 0 0.06 M M 4.2 12 280 M M 7 1 14 260
4 60 48 54 -2 11 0 1.34 M M 3.2 13 300 M M 9 1 16 300
5 56 51 54 -2 11 0 3.46 M M 5.2 14 320 M M 10 1 17 320
6 53 47 50 -6 15 0 1.74 M M 2.5 10 290 M M 10 1 12 40
7 59 45 52 -4 13 0 0.48 M M 5.8 21 210 M M 9 18 25 200
8 57 36 47 -9 18 0 0.01 M M 6.4 15 220 M M 6 19 240
9 59 43 51 -5 14 0 T M M 3.2 13 220 M M 6 16 220
10 65 36 51 -5 14 0 0.00 M M 3.0 13 310 M M 1 18 15 270
11 68 36 52 -4 13 0 0.00 M M 2.7 14 240 M M 0 17 240
12 70 35 53 -3 12 0 0.00 M M 2.3 12 230 M M 1 14 230
13 67 37 52 -4 13 0 0.00 M M 2.9 16 250 M M 2 12 19 250
14 66 41 54 -2 11 0 0.00 M M 3.1 13 240 M M 6 128 15 240
15 67 39 53 -3 12 0 0.00 M M 3.6 13 240 M M 4 18 15 260
16 70 50 60 4 5 0 0.00 M M 3.4 14 230 M M 7 18 16 230
17 64 48 56 0 9 0 0.00 M M 3.5 15 260 M M 8 128 18 260
18 69 48 59 3 6 0 T M M 2.9 14 240 M M 7 1 18 260
19 59 54 57 1 8 0 0.23 M M 3.7 13 250 M M 10 1 17 250
20 58 53 56 -1 9 0 1.99 M M 2.4 13 100 M M 10 18 15 110
21 63 47 55 -2 10 0 0.51 M M 3.5 14 230 M M 6 8 19 230
22 70 42 56 -1 9 0 0.00 M M 1.8 12 230 M M 2 12 15 300
23 78 44 61 4 4 0 0.00 M M 4.7 17 100 M M 4 1 24 90
24 75 50 63 6 2 0 0.00 M M 3.3 10 240 M M 4 18 14 280
25 69 46 58 1 7 0 0.00 M M 3.1 14 260 M M 4 18 16 260
26 64 49 57 0 8 0 0.09 M M 3.6 13 290 M M 7 18 15 290
27 67 48 58 1 7 0 0.08 M M 3.3 12 230 M M 7 18 15 230
28 74 43 59 1 6 0 0.00 M M 4.1 16 230 M M 0 128 20 230
29 65 48 57 -1 8 0 0.00 M M 4.9 14 230 M M 9 18 M M
================================================================================
SM 1873 1299 291 0 11.00 M 107.5 M 170
================================================================================
AV 64.6 44.8 3.7 FASTST M M 6 MAX(MPH)
MISC ----> 21 210 25 200
================================================================================
NOTES:
# LAST OF SEVERAL OCCURRENCES
COLUMN 17 PEAK WIND IN M.P.H.
PRELIMINARY LOCAL CLIMATOLOGICAL DATA (WS FORM: F-6) , PAGE 2
STATION: CHINO AIRPORT CA
MONTH: FEBRUARY
YEAR: 2024
LATITUDE: 33 58 N
LONGITUDE: 117 38 W
[TEMPERATURE DATA] [PRECIPITATION DATA] SYMBOLS USED IN COLUMN 16
AVERAGE MONTHLY: 54.7 TOTAL FOR MONTH: 11.00 1 = FOG OR MIST
DPTR FM NORMAL: -1.7 DPTR FM NORMAL: 8.32 2 = FOG REDUCING VISIBILITY
HIGHEST: 78 ON 23 GRTST 24HR 4.35 ON 4- 5 TO 1/4 MILE OR LESS
LOWEST: 35 ON 12 3 = THUNDER
SNOW, ICE PELLETS, HAIL 4 = ICE PELLETS
TOTAL MONTH: M 5 = HAIL
GRTST 24HR M ON M 6 = FREEZING RAIN OR DRIZZLE
GRTST DEPTH: M ON M 7 = DUSTSTORM OR SANDSTORM:
VSBY 1/2 MILE OR LESS
8 = SMOKE OR HAZE
[NO. OF DAYS WITH] [WEATHER - DAYS WITH] 9 = BLOWING SNOW
X = TORNADO
MAX 32 OR BELOW: 0 0.01 INCH OR MORE: 12
MAX 90 OR ABOVE: 0 0.10 INCH OR MORE: 8
MIN 32 OR BELOW: 0 0.50 INCH OR MORE: 6
MIN 0 OR BELOW: 0 1.00 INCH OR MORE: 5
[HDD (BASE 65) ]
TOTAL THIS MO. 291 CLEAR (SCALE 0-3) 6
DPTR FM NORMAL 44 PTCLDY (SCALE 4-7) 16
TOTAL FM JUL 1 989 CLOUDY (SCALE 8-10) 7
DPTR FM NORMAL -76
[CDD (BASE 65) ]
TOTAL THIS MO. 0
DPTR FM NORMAL -5 [PRESSURE DATA]
TOTAL FM JAN 1 0 HIGHEST SLP 30.25 ON 22
DPTR FM NORMAL -9 LOWEST SLP 29.64 ON 6
[REMARKS]
#FINAL-02-24#