000
CXUS56 KSGX 011045
CF6CNO
PRELIMINARY LOCAL CLIMATOLOGICAL DATA (WS FORM: F-6)
STATION: CHINO AIRPORT CA
MONTH: JULY
YEAR: 2021
LATITUDE: 33 58 N
LONGITUDE: 117 38 W
TEMPERATURE IN F: :PCPN: SNOW: WIND :SUNSHINE: SKY :PK WND
================================================================================
1 2 3 4 5 6A 6B 7 8 9 10 11 12 13 14 15 16 17 18
12Z AVG MX 2MIN
DY MAX MIN AVG DEP HDD CDD WTR SNW DPTH SPD SPD DIR MIN PSBL S-S WX SPD DR
================================================================================
1 100 62 81 5 0 16 0.00 M M 6.7 20 250 M M 0 18 25 240
2 99 63 81 4 0 16 0.00 M M 5.8 20 260 M M 1 18 24 260
3 97 65 81 4 0 16 0.00 M M 7.1 18 250 M M 2 8 26 260
4 92 62 77 0 0 12 0.00 M M 7.1 17 250 M M 3 18 22 250
5 94 61 78 1 0 13 0.00 M M 7.1 16 250 M M 0 8 21 250
6 96 61 79 2 0 14 0.00 M M 7.1 17 270 M M 0 18 23 260
7 95 63 79 1 0 14 0.00 M M 7.0 18 250 M M 1 8 23 250
8 99 65 82 4 0 17 0.00 M M 6.8 18 270 M M 3 8 23 240
9 100 68 84 6 0 19 0.00 M M 6.5 21 230 M M 1 8 24 230
10 99 68 84 6 0 19 0.00 M M 6.8 21 250 M M 3 8 23 240
11 98 66 82 4 0 17 0.00 M M 6.3 20 260 M M 2 24 240
12 94 65 80 2 0 15 0.00 M M 7.7 18 240 M M 1 8 23 240
13 97 68 83 5 0 18 0.00 M M 8.0 22 260 M M 1 8 29 270
14 97 68 83 5 0 18 0.00 M M 7.7 20 270 M M 1 8 24 270
15 97 66 82 4 0 17 0.00 M M 7.9 18 270 M M 0 8 26 340
16 96 64 80 2 0 15 0.00 M M 6.3 18 250 M M 1 8 24 250
17 M M M M M M 0.00 M M M M M M M 1 M M
18 M M M M M M 0.00 M M M M M M M 3 M M
19 100 M M M M M 0.00 M M M M M M M 2 M M
20 98 67 83 4 0 18 0.00 M M 6.4 18 240 M M 1 8 23 260
21 101 70 86 7 0 21 0.00 M M 6.7 18 240 M M 3 8 23 260
22 97 69 83 4 0 18 0.00 M M 7.2 20 240 M M 4 8 24 270
23 97 66 82 3 0 17 0.00 M M 7.0 20 250 M M 3 8 24 260
24 92 64 78 -1 0 13 0.00 M M 5.9 17 260 M M 5 18 20 240
25 92 65 79 0 0 14 T M M 6.9 21 250 M M 3 8 26 250
26 89 68 79 0 0 14 0.17 M M 6.8 20 260 M M 5 18 28 280
27 97 66 82 3 0 17 0.00 M M 6.5 20 260 M M 1 18 23 250
28 99 67 83 4 0 18 0.00 M M 6.8 20 240 M M 2 27 260
29 101 64 83 4 0 18 0.00 M M 6.5 20 260 M M 2 8 25 250
30 102 65 84 5 0 19 0.00 M M 6.7 17 270 M M 4 8 22 260
31 102 65 84 5 0 19 0.00 M M 6.6 21 260 M M 1 8 26 250
================================================================================
SM 2817 1831 0 462 0.17 M 191.9 M 60
================================================================================
AV 97.1 65.4 6.9 FASTST M M 2 MAX(MPH)
MISC ----> 22 260 29 270
================================================================================
NOTES:
# LAST OF SEVERAL OCCURRENCES
COLUMN 17 PEAK WIND IN M.P.H.
PRELIMINARY LOCAL CLIMATOLOGICAL DATA (WS FORM: F-6) , PAGE 2
STATION: CHINO AIRPORT CA
MONTH: JULY
YEAR: 2021
LATITUDE: 33 58 N
LONGITUDE: 117 38 W
[TEMPERATURE DATA] [PRECIPITATION DATA] SYMBOLS USED IN COLUMN 16
AVERAGE MONTHLY: 81.3 TOTAL FOR MONTH: 0.17 1 = FOG OR MIST
DPTR FM NORMAL: 3.0 DPTR FM NORMAL: 0.09 2 = FOG REDUCING VISIBILITY
HIGHEST: 102 ON 31,30 GRTST 24HR 0.17 ON 25-26 TO 1/4 MILE OR LESS
LOWEST: 61 ON 6, 5 3 = THUNDER
SNOW, ICE PELLETS, HAIL 4 = ICE PELLETS
TOTAL MONTH: M 5 = HAIL
GRTST 24HR M ON M 6 = FREEZING RAIN OR DRIZZLE
GRTST DEPTH: M ON M 7 = DUSTSTORM OR SANDSTORM:
VSBY 1/2 MILE OR LESS
8 = SMOKE OR HAZE
[NO. OF DAYS WITH] [WEATHER - DAYS WITH] 9 = BLOWING SNOW
X = TORNADO
MAX 32 OR BELOW: 0 0.01 INCH OR MORE: 1
MAX 90 OR ABOVE: 28 0.10 INCH OR MORE: 1
MIN 32 OR BELOW: 0 0.50 INCH OR MORE: 0
MIN 0 OR BELOW: 0 1.00 INCH OR MORE: 0
[HDD (BASE 65) ]
TOTAL THIS MO. 0 CLEAR (SCALE 0-3) 26
DPTR FM NORMAL 0 PTCLDY (SCALE 4-7) 5
TOTAL FM JUL 1 0 CLOUDY (SCALE 8-10) 0
DPTR FM NORMAL 0
[CDD (BASE 65) ]
TOTAL THIS MO. 462
DPTR FM NORMAL 50 [PRESSURE DATA]
TOTAL FM JAN 1 943 HIGHEST SLP 30.04 ON 23
DPTR FM NORMAL 107 LOWEST SLP 29.75 ON 7
[REMARKS]
#FINAL-07-21#