000
CXUS53 KICT 031436
CF6CNU
PRELIMINARY LOCAL CLIMATOLOGICAL DATA (WS FORM: F-6)
STATION: CHANUTE KS
MONTH: OCTOBER
YEAR: 2020
LATITUDE: 37 40 N
LONGITUDE: 95 29 W
TEMPERATURE IN F: :PCPN: SNOW: WIND :SUNSHINE: SKY :PK WND
================================================================================
1 2 3 4 5 6A 6B 7 8 9 10 11 12 13 14 15 16 17 18
12Z AVG MX 2MIN
DY MAX MIN AVG DEP HDD CDD WTR SNW DPTH SPD SPD DIR MIN PSBL S-S WX SPD DR
================================================================================
1 68 39 54 -9 11 0 0.00 M M 7.0 24 340 M M 0 33 340
2 70 35 53 -10 12 0 0.00 M M 4.4 12 160 M M 0 16 110
3 73 48 61 -1 4 0 0.00 M M 10.7 20 320 M M 0 27 210
4 69 38 54 -8 11 0 0.00 M M 5.4 12 50 M M 0 1 16 50
5 77 44 61 -1 4 0 0.00 M M 12.5 22 170 M M 0 30 180
6 82 54 68 7 0 3 0.00 M M 8.5 14 220 M M 0 20 200
7 89 57 73 12 0 8 0.00 M M 7.2 13 200 M M 0 1 16 210
8 86 58 72 11 0 7 0.00 M M 7.8 17 190 M M 0 1 24 180
9 83 60 72 12 0 7 0.00 M M 10.9 21 190 M M 3 1 32 170
10 83 58 71 11 0 6 0.00 M M 2.4 13 160 M M 4 12 16 170
11 89 56 73 13 0 8 0.00 M M 13.6 29 160 M M 0 12 38 150
12 76 47 62 3 3 0 0.00 M M 10.9 32 340 M M 1 46 350
13 84 48 66 7 0 1 0.00 M M 9.7 21 210 M M 0 27 200
14 89 55 72 13 0 7 0.00 M M 15.3 30 210 M M 2 42 220
15 69 40 55 -3 10 0 0.00 M M 10.0 20 330 M M 4 28 360
16 67 32 50 -8 15 0 0.00 M M 4.9 17 180 M M 2 25 190
17 74 51 63 5 2 0 0.00 M M 16.8 36 190 M M 0 47 200
18 59 45 52 -6 13 0 0.01 M M 12.5 22 30 M M 8 1 31 10
19 47 42 45 -12 20 0 0.01 M M 7.4 15 70 M M 10 18 21 40
20 53 44 49 -8 16 0 T M M 5.0 12 70 M M 10 1 15 60
21 73 49 61 4 4 0 0.57 M M 6.5 13 30 M M 6 18 17 40
22 85 50 68 12 0 3 T M M 15.8 31 180 M M 2 3 45 190
23 50 39 45 -11 20 0 0.33 M M 14.6 23 350 M M 10 13 35 350
24 46 39 43 -13 22 0 0.00 M M 7.9 14 60 M M 10 18 70
25 48 37 43 -13 22 0 T M M 9.7 16 360 M M 10 1 26 360
26 37 30 34 -21 31 0 0.57 M M 11.1 18 360 M M 10 136 27 350
27 34 30 32 -23 33 0 0.46 M M 7.6 15 360 M M 10 16 21 50
28 46 33 40 -14 25 0 0.74 M M 9.7 26 30 M M 10 1 38 40
29 56 32 44 -10 21 0 0.08 M M 11.9 25 30 M M 5 13 35 30
30 65 32 49 -5 16 0 0.00 M M 8.0 17 190 M M 0 22 200
31 65 46 56 3 9 0 0.00 M M 11.9 29 190 M M 0 35 190
================================================================================
SM 2092 1368 324 50 2.77 M 297.6 M 117
================================================================================
AV 67.5 44.1 9.6 FASTST M M 4 MAX(MPH)
MISC ----> 36 190 47 200
================================================================================
NOTES:
# LAST OF SEVERAL OCCURRENCES
COLUMN 17 PEAK WIND IN M.P.H.
PRELIMINARY LOCAL CLIMATOLOGICAL DATA (WS FORM: F-6) , PAGE 2
STATION: CHANUTE KS
MONTH: OCTOBER
YEAR: 2020
LATITUDE: 37 40 N
LONGITUDE: 95 29 W
[TEMPERATURE DATA] [PRECIPITATION DATA] SYMBOLS USED IN COLUMN 16
AVERAGE MONTHLY: 55.8 TOTAL FOR MONTH: 2.77 1 = FOG OR MIST
DPTR FM NORMAL: -2.5 DPTR FM NORMAL: -0.89 2 = FOG REDUCING VISIBILITY
HIGHEST: 89 ON 14,11 GRTST 24HR 0.82 ON 28-29 TO 1/4 MILE OR LESS
LOWEST: 30 ON 27,26 3 = THUNDER
SNOW, ICE PELLETS, HAIL 4 = ICE PELLETS
TOTAL MONTH: M 5 = HAIL
GRTST 24HR M ON M 6 = FREEZING RAIN OR DRIZZLE
GRTST DEPTH: M ON M 7 = DUSTSTORM OR SANDSTORM:
VSBY 1/2 MILE OR LESS
8 = SMOKE OR HAZE
[NO. OF DAYS WITH] [WEATHER - DAYS WITH] 9 = BLOWING SNOW
X = TORNADO
MAX 32 OR BELOW: 0 0.01 INCH OR MORE: 8
MAX 90 OR ABOVE: 0 0.10 INCH OR MORE: 5
MIN 32 OR BELOW: 5 0.50 INCH OR MORE: 3
MIN 0 OR BELOW: 0 1.00 INCH OR MORE: 0
[HDD (BASE 65) ]
TOTAL THIS MO. 324 CLEAR (SCALE 0-3) 17
DPTR FM NORMAL 83 PTCLDY (SCALE 4-7) 5
TOTAL FM JUL 1 352 CLOUDY (SCALE 8-10) 9
DPTR FM NORMAL 64
[CDD (BASE 65) ]
TOTAL THIS MO. 50
DPTR FM NORMAL 18 [PRESSURE DATA]
TOTAL FM JAN 1 1767 HIGHEST SLP 30.41 ON 27
DPTR FM NORMAL 238 LOWEST SLP 29.58 ON 11
[REMARKS]
#FINAL-10-20#