000
CXUS55 KGJT 010910
CF6CNY
PRELIMINARY LOCAL CLIMATOLOGICAL DATA (WS FORM: F-6)
STATION: CANYONLANDS AIRPORT UT
MONTH: MAY
YEAR: 2021
LATITUDE: 38 46 N
LONGITUDE: 109 45 W
TEMPERATURE IN F: :PCPN: SNOW: WIND :SUNSHINE: SKY :PK WND
================================================================================
1 2 3 4 5 6A 6B 7 8 9 10 11 12 13 14 15 16 17 18
12Z AVG MX 2MIN
DY MAX MIN AVG DEP HDD CDD WTR SNW DPTH SPD SPD DIR MIN PSBL S-S WX SPD DR
================================================================================
1 89 49 69 12 0 4 0.00 M M 9.1 26 210 M M 0 35 220
2 77 54 66 8 0 1 T M M 10.4 38 240 M M 3 3 49 240
3 66 51 59 1 6 0 T M M 9.9 21 80 M M 8 27 90
4 73 42 58 0 7 0 0.00 M M 4.4 18 300 M M 0 27 230
5 78 48 63 4 2 0 0.00 M M 4.2 17 220 M M 0 8 24 270
6 87 46 67 8 0 2 0.00 M M 3.9 15 90 M M 0 19 220
7 88 49 69 10 0 4 0.00 M M 12.5 30 220 M M 0 40 190
8 75 53 64 4 1 0 0.00 M M 18.8 31 300 M M 0 45 290
9 69 40 55 -5 10 0 0.00 M M 7.7 25 300 M M 1 32 300
10 67 49 58 -2 7 0 T M M 9.7 26 320 M M 5 37 310
11 66 37 52 -9 13 0 0.00 M M 5.3 18 300 M M 0 24 300
12 75 40 58 -3 7 0 0.00 M M 3.4 18 280 M M 0 26 290
13 86 43 65 3 0 0 0.00 M M 5.5 17 300 M M 0 25 320
14 89 48 69 7 0 4 0.00 M M 7.0 25 260 M M 0 8 33 260
15 86 51 69 7 0 4 0.00 M M 8.8 26 210 M M 0 37 220
16 85 52 69 6 0 4 0.00 M M 9.3 24 190 M M 0 48 160
17 82 58 70 7 0 5 0.00 M M 10.8 31 50 M M 0 8 42 160
18 85 56 71 7 0 6 0.00 M M 7.3 26 50 M M 1 34 310
19 88 58 73 9 0 8 T M M 9.2 38 290 M M 1 3 50 280
20 87 52 70 6 0 5 0.00 M M 16.4 35 200 M M 0 47 220
21 75 55 65 0 0 0 0.09 M M 21.7 38 180 M M 5 56 200
22 73 45 59 -6 6 0 T M M 9.7 28 220 M M 3 3 37 220
23 69 46 58 -8 7 0 0.00 M M 13.8 29 250 M M 0 34 220
24 71 42 57 -9 8 0 0.00 M M 5.9 18 290 M M 0 24 270
25 80 41 61 -5 4 0 0.00 M M 4.2 15 220 M M 0 25 170
26 84 59 72 5 0 7 0.00 M M 7.3 33 250 M M 0 43 240
27 86 50 68 1 0 3 0.00 M M 4.9 16 280 M M 0 8 25 270
28 89 51 70 2 0 5 0.00 M M 6.2 21 240 M M 0 28 300
29 89 59 74 6 0 9 0.00 M M 9.4 28 60 M M 0 8 34 60
30 88 59 74 6 0 9 0.00 M M 12.4 29 50 M M 1 39 60
31 86 56 71 2 0 6 0.00 M M 8.5 26 50 M M 1 34 50
================================================================================
SM 2488 1539 78 86 0.09 M 277.6 M 29
================================================================================
AV 80.3 49.6 9.0 FASTST M M 1 MAX(MPH)
MISC ----> # 38 240 56 200
================================================================================
NOTES:
# LAST OF SEVERAL OCCURRENCES
COLUMN 17 PEAK WIND IN M.P.H.
PRELIMINARY LOCAL CLIMATOLOGICAL DATA (WS FORM: F-6) , PAGE 2
STATION: CANYONLANDS AIRPORT UT
MONTH: MAY
YEAR: 2021
LATITUDE: 38 46 N
LONGITUDE: 109 45 W
[TEMPERATURE DATA] [PRECIPITATION DATA] SYMBOLS USED IN COLUMN 16
AVERAGE MONTHLY: 65.0 TOTAL FOR MONTH: 0.09 1 = FOG OR MIST
DPTR FM NORMAL: 2.1 DPTR FM NORMAL: -0.51 2 = FOG REDUCING VISIBILITY
HIGHEST: 89 ON 29,28 GRTST 24HR 0.09 ON 21-21 TO 1/4 MILE OR LESS
LOWEST: 37 ON 11 3 = THUNDER
SNOW, ICE PELLETS, HAIL 4 = ICE PELLETS
TOTAL MONTH: M 5 = HAIL
GRTST 24HR M ON M 6 = FREEZING RAIN OR DRIZZLE
GRTST DEPTH: M ON M 7 = DUSTSTORM OR SANDSTORM:
VSBY 1/2 MILE OR LESS
8 = SMOKE OR HAZE
[NO. OF DAYS WITH] [WEATHER - DAYS WITH] 9 = BLOWING SNOW
X = TORNADO
MAX 32 OR BELOW: 0 0.01 INCH OR MORE: 1
MAX 90 OR ABOVE: 0 0.10 INCH OR MORE: 0
MIN 32 OR BELOW: 0 0.50 INCH OR MORE: 0
MIN 0 OR BELOW: 0 1.00 INCH OR MORE: 0
[HDD (BASE 65) ]
TOTAL THIS MO. 78 CLEAR (SCALE 0-3) 27
DPTR FM NORMAL -57 PTCLDY (SCALE 4-7) 4
TOTAL FM JUL 1 5507 CLOUDY (SCALE 8-10) 0
DPTR FM NORMAL 147
[CDD (BASE 65) ]
TOTAL THIS MO. 86
DPTR FM NORMAL 16 [PRESSURE DATA]
TOTAL FM JAN 1 86 HIGHEST SLP M ON M
DPTR FM NORMAL 13 LOWEST SLP 29.34 ON 20
[REMARKS]
#FINAL-05-21#