000
CXUS55 KGJT 010959
CLMCNY
CLIMATE REPORT
NATIONAL WEATHER SERVICE GRAND JUNCTION CO
359 AM MDT MON MAY 01 2023
...................................
...THE CANYONLANDS AIRPORT UT CLIMATE SUMMARY FOR THE MONTH OF APRIL 2023...
CLIMATE NORMAL PERIOD 1991 TO 2020
CLIMATE RECORD PERIOD 9999 TO 9999
WEATHER OBSERVED NORMAL DEPART LAST YEAR`S
VALUE DATE(S) VALUE FROM VALUE DATE(S)
NORMAL
................................................................
TEMPERATURE (F)
HIGHEST 84 04/30 MM MM 82 04/19
LOWEST 22 04/05 MM MM 20 04/14
04/20
AVG. MAXIMUM 66.0 67.0 -1.0 68.5
AVG. MINIMUM 34.4 39.2 -4.8 36.8
MEAN 50.2 53.1 -2.9 52.7
DAYS MAX >= 90 0 0.0 0.0 0
DAYS MAX <= 32 0 0.0 0.0 0
DAYS MIN <= 32 12 6.4 5.6 9
DAYS MIN <= 0 0 0.0 0.0 0
PRECIPITATION (INCHES)
TOTALS 0.15 0.51 -0.36 0.25
DAILY AVG. 0.01 0.02 -0.01 0.01
DAYS >= .01 2 4.1 -2.1 2
DAYS >= .10 0 1.7 -1.7 1
DAYS >= .50 0 0.1 -0.1 0
DAYS >= 1.00 0 0.0 0.0 0
GREATEST
24 HR. TOTAL 0.15 04/13 TO 04/14 0.24
SNOWFALL (INCHES)
TOTALS MM MM MM MM
SINCE 7/1 MM MM MM MM
SNOWDEPTH AVG. MM MM
DAYS >= 1.0 MM MM MM MM
GREATEST
SNOW DEPTH MM MM MM
24 HR TOTAL MM MM
DEGREE DAYS
HEATING TOTAL 437 360 77 362
SINCE 7/1 5508 5224 284 5057
COOLING TOTAL 0 3 -3 0
SINCE 1/1 0 3 -3 0
................................................................
WIND (MPH)
AVERAGE WIND SPEED 8.0
HIGHEST WIND SPEED/DIRECTION 43/280 DATE 04/03
HIGHEST GUST SPEED/DIRECTION 60/220 DATE 04/03
SKY COVER
POSSIBLE SUNSHINE (PERCENT) MM
AVERAGE SKY COVER 0.16
NUMBER OF DAYS FAIR 25
NUMBER OF DAYS PC 5
NUMBER OF DAYS CLOUDY 0
AVERAGE RH (PERCENT) 38
WEATHER CONDITIONS. NUMBER OF DAYS WITH
THUNDERSTORM 1 MIXED PRECIP 0
HEAVY RAIN 0 RAIN 0
LIGHT RAIN 4 FREEZING RAIN 0
LT FREEZING RAIN 0 HAIL 0
HEAVY SNOW 0 SNOW 0
LIGHT SNOW 1 SLEET 0
FOG 1 FOG W/VIS <= 1/4 MILE 0
HAZE 3
- INDICATES NEGATIVE NUMBERS.
R INDICATES RECORD WAS SET OR TIED.
MM INDICATES DATA IS MISSING.
T INDICATES TRACE AMOUNT.
$$