000
CXUS55 KPUB 012312
CF6COS
PRELIMINARY LOCAL CLIMATOLOGICAL DATA (WS FORM: F-6)
STATION: COLORADO SPRINGS CO
MONTH: MAY
YEAR: 2021
LATITUDE: 38 49 N
LONGITUDE: 104 43 W
TEMPERATURE IN F: :PCPN: SNOW: WIND :SUNSHINE: SKY :PK WND
================================================================================
1 2 3 4 5 6A 6B 7 8 9 10 11 12 13 14 15 16 17 18
12Z AVG MX 2MIN
DY MAX MIN AVG DEP HDD CDD WTR SNW DPTH SPD SPD DIR MIN PSBL S-S WX SPD DR
================================================================================
1 84 47 66 15 0 1 0.00 0.0 0 7.3 24 350 M M 6 38 210
2 73 46 60 8 5 0 0.33 T 0 18.0 41 360 M M 7 135 55 360
3 47 35 41 -11 24 0 0.49 T 0 13.3 22 350 M M 10 1 29 360
4 57 38 48 -4 17 0 T 0.0 0 8.6 20 150 M M 9 26 150
5 65 40 53 0 12 0 T T 0 8.3 28 60 M M 4 5 33 60
6 71 37 54 1 11 0 0.00 0.0 0 9.4 23 150 M M 1 28 150
7 82 42 62 8 3 0 T 0.0 0 7.4 40 290 M M 4 3 56 290
8 79 44 62 8 3 0 0.01 0.0 0 12.6 30 60 M M 7 42 310
9 48 38 43 -11 22 0 0.04 0.0 0 12.6 22 40 M M 9 1 27 40
10 40 34 37 -18 28 0 0.55 1.2 1 12.0 23 140 M M 10 12 28 140
11 41 33 37 -18 28 0 0.18 0.5 0 7.4 17 140 M M 10 12 24 130
12 54 37 46 -10 19 0 T 0.0 0 8.9 16 170 M M 7 12 20 170
13 68 38 53 -3 12 0 0.00 0.0 0 5.4 15 200 M M 7 128 20 200
14 75 44 60 4 5 0 T 0.0 0 7.9 31 200 M M 5 3 40 220
15 67 44 56 -1 9 0 T 0.0 0 8.1 22 130 M M 6 18 28 130
16 69 47 58 1 7 0 0.01 0.0 0 10.1 26 10 M M 7 138 32 360
17 64 47 56 -2 9 0 0.30 0.0 0 9.9 24 100 M M 9 13 32 290
18 63 44 54 -4 11 0 0.47 0.0 0 10.4 23 160 M M 8 13 28 330
19 67 42 55 -3 10 0 0.00 0.0 0 6.9 20 170 M M 5 1 26 170
20 80 47 64 5 1 0 0.00 0.0 0 9.9 26 160 M M 5 1 38 170
21 81 49 65 6 0 0 0.00 0.0 0 16.2 38 180 M M 7 49 170
22 76 50 63 4 2 0 0.02 T 0 15.8 40 160 M M 7 35 55 130
23 75 48 62 2 3 0 0.06 T 0 16.6 41 230 M M 6 15 54 230
24 78 43 61 1 4 0 0.03 0.0 0 9.3 24 130 M M 2 31 220
25 73 52 63 2 2 0 0.00 0.0 0 12.6 24 150 M M 3 32 160
26 74 56 65 4 0 0 0.00 0.0 0 12.3 25 220 M M 8 8 32 220
27 75 53 64 3 1 0 0.00 0.0 0 10.6 24 50 M M 3 30 150
28 79 49 64 2 1 0 0.09 0.0 0 8.3 22 100 M M 6 138 29 100
29 76 47 62 0 3 0 0.57 T 0 10.5 28 20 M M 5 35 36 360
30 64 48 56 -6 9 0 0.29 0.0 0 9.5 39 280 M M 9 138 52 270
31 58 45 52 -11 13 0 0.54 0.0 0 4.4 17 130 M M 8 1 21 130
================================================================================
SM 2103 1364 274 1 3.98 1.7 320.5 M 200
================================================================================
AV 67.8 44.0 10.3 FASTST M M 6 MAX(MPH)
MISC ----> # 41 360 56 290
================================================================================
NOTES:
# LAST OF SEVERAL OCCURRENCES
COLUMN 2; ON 5/3...ASOS REPORTED ON THE CLI A HIGH OF 56. THIS WAS IN ERROR.
CORRECT HIGH WAS CALCULATED USING THE 1 MINUTE DATA.
COLUMN 17 PEAK WIND IN M.P.H.
PRELIMINARY LOCAL CLIMATOLOGICAL DATA (WS FORM: F-6) , PAGE 2
STATION: COLORADO SPRINGS CO
MONTH: MAY
YEAR: 2021
LATITUDE: 38 49 N
LONGITUDE: 104 43 W
[TEMPERATURE DATA] [PRECIPITATION DATA] SYMBOLS USED IN COLUMN 16
AVERAGE MONTHLY: 55.9 TOTAL FOR MONTH: 3.98 1 = FOG OR MIST
DPTR FM NORMAL: -1.2 DPTR FM NORMAL: 1.99 2 = FOG REDUCING VISIBILITY
HIGHEST: 84 ON 1 GRTST 24HR 0.82 ON 2-3 TO 1/4 MILE OR LESS
LOWEST: 33 ON 11 3 = THUNDER
SNOW, ICE PELLETS, HAIL 4 = ICE PELLETS
TOTAL MONTH: 1.7 INCHES 5 = HAIL
GRTST 24HR 1.7 ON 10-11 6 = FREEZING RAIN OR DRIZZLE
GRTST DEPTH: 1 ON 10,11 7 = DUSTSTORM OR SANDSTORM:
VSBY 1/2 MILE OR LESS
8 = SMOKE OR HAZE
[NO. OF DAYS WITH] [WEATHER - DAYS WITH] 9 = BLOWING SNOW
X = TORNADO
MAX 32 OR BELOW: 0 0.01 INCH OR MORE: 16
MAX 90 OR ABOVE: 0 0.10 INCH OR MORE: 9
MIN 32 OR BELOW: 0 0.50 INCH OR MORE: 3
MIN 0 OR BELOW: 0 1.00 INCH OR MORE: 0
[HDD (BASE 65) ]
TOTAL THIS MO. 274 CLEAR (SCALE 0-3) 4
DPTR FM NORMAL 12 PTCLDY (SCALE 4-7) 17
TOTAL FM JUL 1 5889 CLOUDY (SCALE 8-10) 10
DPTR FM NORMAL 51
[CDD (BASE 65) ]
TOTAL THIS MO. 1
DPTR FM NORMAL -16 [PRESSURE DATA]
TOTAL FM JAN 1 3 HIGHEST SLP 30.38 ON 11
DPTR FM NORMAL -15 LOWEST SLP 29.37 ON 2
[REMARKS]
#FINAL-05-21#