999
CXUS54 KCRP 011300
CF6COT
PRELIMINARY LOCAL CLIMATOLOGICAL DATA (WS FORM: F-6)
STATION: COTULLA
MONTH: MAY
YEAR: 2020
LATITUDE: 28 27 N
LONGITUDE: 99 13 W
TEMPERATURE IN F: :PCPN: SNOW: WIND :SUNSHINE: SKY :PK WND
================================================================================
1 2 3 4 5 6A 6B 7 8 9 10 11 12 13 14 15 16 17 18
12Z AVG MX 2MIN
DY MAX MIN AVG DEP HDD CDD WTR SNW DPTH SPD SPD DIR MIN PSBL S-S WX SPD DR
================================================================================
1 97 61 79 3 0 14 0.00 0.0 0 10.7 23 140 M M 0 27 130
2 100 67 84 7 0 19 0.00 0.0 0 10.9 24 130 M M 0 30 130
3 101 70 86 9 0 21 0.00 0.0 0 9.2 21 130 M M 1 25 130
4 101 70 86 9 0 21 0.00 0.0 0 10.6 23 130 M M 1 1 27 130
5 95 73 84 7 0 19 0.00 0.0 0 10.4 21 70 M M 4 1 27 50
6 87 71 79 1 0 14 0.00 0.0 0 9.7 20 130 M M 8 26 90
7 97 66 82 4 0 17 0.00 0.0 0 11.1 23 140 M M 3 30 170
8 96 72 84 6 0 19 0.00 0.0 0 11.9 23 40 M M 2 30 20
9 82 65 74 -4 0 9 0.00 0.0 0 9.2 16 30 M M 4 21 20
10 88 59 74 -4 0 9 0.00 0.0 0 7.3 16 120 M M 1 20 130
11 92 65 79 0 0 14 0.00 0.0 0 12.9 25 140 M M 5 31 140
12 93 71 82 3 0 17 0.21 0.0 0 9.8 20 110 M M 6 13 24 110
13 96 71 84 5 0 19 T 0.0 0 11.3 25 120 M M 6 31 130
14 97 74 86 6 0 21 0.00 0.0 0 12.4 24 160 M M 2 33 150
15 97 66 82 2 0 17 1.25 0.0 0 13.5 49 350 M M 7 13 70 350
16 87 65 76 -4 0 11 0.02 0.0 0 6.7 23 110 M M 2 3 29 110
17 94 68 81 1 0 16 0.00 0.0 0 6.0 12 80 M M 0 15 110
18 98 70 84 4 0 19 0.00 0.0 0 8.1 15 140 M M 0 21 150
19 104 71 88 7 0 23 0.00 0.0 0 8.1 15 130 M M 0 1 20 130
20 101 74 88 7 0 23 0.00 0.0 0 10.3 22 120 M M 2 18 28 140
21 96 68 82 1 0 17 0.10 0.0 0 10.3 31 140 M M 2 138 43 220
22 99 78 89 8 0 24 0.00 0.0 0 10.7 23 130 M M 5 18 32 160
23 99 77 88 6 0 23 0.01 0.0 0 14.5 26 130 M M 5 13 36 160
24 98 67 83 1 0 18 1.38 0.0 0 10.8 32 110 M M 6 13 43 300
25 84 66 75 -7 0 10 T 0.0 0 7.9 17 50 M M 6 3 25 30
26 89 66 78 -4 0 13 0.04 0.0 0 4.4 20 50 M M 4 3 30 50
27 94 70 82 0 0 17 0.00 0.0 0 8.9 24 90 M M 1 1 31 90
28 94 72 83 0 0 18 0.01 0.0 0 7.7 23 50 M M 2 3 32 120
29 91 71 81 -2 0 16 0.00 0.0 0 6.2 15 20 M M 2 21 220
30 91 69 80 -3 0 15 0.01 0.0 0 7.6 16 20 M M 1 20 360
31 80 71 76 -7 0 11 0.33 0.0 0 5.1 15 120 M M 4 13 19 120
================================================================================
SM 2918 2144 0 524 3.36 0.0 294.2 M 92
================================================================================
AV 94.1 69.2 9.5 FASTST M M 3 MAX(MPH)
MISC ----> # 49 350 # 70 350
================================================================================
NOTES:
# LAST OF SEVERAL OCCURRENCES
COLUMN 17 PEAK WIND IN M.P.H.
PRELIMINARY LOCAL CLIMATOLOGICAL DATA (WS FORM: F-6) , PAGE 2
STATION: COTULLA
MONTH: MAY
YEAR: 2020
LATITUDE: 28 27 N
LONGITUDE: 99 13 W
[TEMPERATURE DATA] [PRECIPITATION DATA] SYMBOLS USED IN COLUMN 16
AVERAGE MONTHLY: 81.7 TOTAL FOR MONTH: 3.36 1 = FOG OR MIST
DPTR FM NORMAL: 1.6 DPTR FM NORMAL: 0.56 2 = FOG REDUCING VISIBILITY
HIGHEST: 104 ON 19 GRTST 24HR 1.38 ON 24-24 TO 1/4 MILE OR LESS
LOWEST: 59 ON 10 3 = THUNDER
SNOW, ICE PELLETS, HAIL 4 = ICE PELLETS
TOTAL MONTH: 0.0 INCH 5 = HAIL
GRTST 24HR 0.0 6 = FREEZING RAIN OR DRIZZLE
GRTST DEPTH: 0 7 = DUSTSTORM OR SANDSTORM:
VSBY 1/2 MILE OR LESS
8 = SMOKE OR HAZE
[NO. OF DAYS WITH] [WEATHER - DAYS WITH] 9 = BLOWING SNOW
X = TORNADO
MAX 32 OR BELOW: 0 0.01 INCH OR MORE: 10
MAX 90 OR ABOVE: 24 0.10 INCH OR MORE: 5
MIN 32 OR BELOW: 0 0.50 INCH OR MORE: 2
MIN 0 OR BELOW: 0 1.00 INCH OR MORE: 2
[HDD (BASE 65) ]
TOTAL THIS MO. 0 CLEAR (SCALE 0-3) 17
DPTR FM NORMAL -1 PTCLDY (SCALE 4-7) 14
TOTAL FM JUL 1 793 CLOUDY (SCALE 8-10) 0
DPTR FM NORMAL -301
[CDD (BASE 65) ]
TOTAL THIS MO. 524
DPTR FM NORMAL 60 [PRESSURE DATA]
TOTAL FM JAN 1 1210 HIGHEST SLP 30.20 ON 10
DPTR FM NORMAL 316 LOWEST SLP 29.54 ON 24
[REMARKS]
#FINAL-05-20#